-- Table structure for table `wp_icl_translate_job`
--

CREATE TABLE `wp_icl_translate_job` (
  `job_id` bigint(20) unsigned NOT NULL AUTO_INCREMENT,
  `rid` bigint(20) unsigned NOT NULL,
  `translator_id` int(10) unsigned NOT NULL,
  `translated` tinyint(3) unsigned NOT NULL DEFAULT '0',
  `manager_id` int(10) unsigned NOT NULL,
  `revision` int(10) unsigned DEFAULT NULL,
  `title` varchar(160) COLLATE utf8mb4_unicode_520_ci DEFAULT NULL,
  `deadline_date` datetime DEFAULT NULL,
  `completed_date` datetime DEFAULT NULL,
  `editor` varchar(16) COLLATE utf8mb4_unicode_520_ci DEFAULT NULL,
  `editor_job_id` bigint(20) unsigned DEFAULT NULL,
  `edit_timestamp` int(11) unsigned DEFAULT NULL,
  PRIMARY KEY (`job_id`),
  KEY `rid` (`rid`,`translator_id`)
) ENGINE=InnoDB AUTO_INCREMENT=54 DEFAULT CHARSET=utf8mb4 COLLATE=utf8mb4_unicode_520_ci;

--
-- Dumping data for table `wp_icl_translate_job`
--

INSERT INTO `wp_icl_translate_job` VALUES (3,4,1,1,1,1,'Cafés','0000-00-00 00:00:00','2021-03-09 17:03:25','wp',8185386,NULL),(4,5,1,1,1,NULL,'Fitness','0000-00-00 00:00:00','2021-03-10 11:28:42','wp',8186891,NULL),(5,6,1,1,1,NULL,'Restaurants','0000-00-00 00:00:00','2021-03-09 09:42:11','wp',8168951,NULL),(6,7,1,1,1,NULL,'Culture & Events','0000-00-00 00:00:00','2021-03-09 09:42:43','wp',8169002,NULL),(7,8,1,1,1,NULL,'Hotels','0000-00-00 00:00:00','2021-03-09 09:43:09','wp',8169016,NULL),(8,9,1,1,1,NULL,'Culture & Events','0000-00-00 00:00:00','2021-03-09 09:44:05','wp',8169030,NULL),(9,10,1,1,1,NULL,'Restaurants','0000-00-00 00:00:00','2021-03-09 09:44:39','wp',8169051,NULL),(10,11,1,1,1,NULL,'Cafès','0000-00-00 00:00:00','2021-03-09 09:45:17','wp',8169067,NULL),(11,4,1,1,1,NULL,'Cafés','0000-00-00 00:00:00','2021-03-09 19:00:22','wp',8187026,NULL),(12,12,1,1,1,NULL,'work e play','0000-00-00 00:00:00','2021-03-09 18:48:45','wp',8219561,NULL),(13,13,1,1,1,1,'home2','0000-00-00 00:00:00','2021-03-10 11:46:37','ate',8204797,NULL),(14,13,1,1,1,2,'home2','0000-00-00 00:00:00','2021-03-10 16:45:49','ate',8219216,NULL),(15,13,1,1,1,3,'home2','0000-00-00 00:00:00',NULL,'ate',8233303,NULL),(16,13,1,1,1,4,'home2','0000-00-00 00:00:00',NULL,'ate',8235111,NULL),(20,13,1,1,1,5,'home22','0000-00-00 00:00:00',NULL,'ate',8235233,NULL),(21,13,1,1,1,6,'home22','0000-00-00 00:00:00',NULL,'ate',8235271,NULL),(22,13,1,1,1,7,'home2','0000-00-00 00:00:00',NULL,'ate',8235706,NULL),(23,13,1,1,1,8,'home22','0000-00-00 00:00:00',NULL,'ate',8235979,NULL),(24,13,1,1,1,9,'home2','0000-00-00 00:00:00',NULL,'ate',8236023,NULL),(26,13,1,1,1,10,'home22','0000-00-00 00:00:00',NULL,'ate',8237263,NULL),(27,13,1,1,1,11,'home2','0000-00-00 00:00:00',NULL,'ate',8237796,NULL),(28,13,1,1,1,12,'home222','0000-00-00 00:00:00',NULL,'ate',8238224,NULL),(29,13,1,1,1,13,'home2','0000-00-00 00:00:00','2021-03-11 11:30:46','ate',8238344,NULL),(30,13,1,1,1,14,'home22','0000-00-00 00:00:00','2021-03-11 11:43:45','ate',8238619,NULL),(31,13,1,1,1,15,'home2','0000-00-00 00:00:00','2021-03-11 11:46:13','ate',8238742,NULL),(33,13,1,1,1,16,'home2','0000-00-00 00:00:00','2021-03-12 08:25:58','wp',8265896,NULL),(34,17,1,1,1,1,'get in touch','0000-00-00 00:00:00',NULL,'ate',8268325,NULL),(35,17,1,1,1,2,'get in touch','0000-00-00 00:00:00',NULL,'ate',8268570,NULL),(36,17,1,1,1,3,'get in touch','0000-00-00 00:00:00',NULL,'ate',8268650,NULL),(37,17,1,1,1,NULL,'get in touch','0000-00-00 00:00:00','2021-03-13 08:30:02','wp',8269088,NULL),(38,18,1,1,1,NULL,'our catalogue','0000-00-00 00:00:00','2021-03-13 08:44:15','wp',8269324,NULL),(39,13,1,1,1,17,'home2','0000-00-00 00:00:00','2021-03-12 11:10:48','wp',8270507,NULL),(40,13,3,1,3,18,'home2','0000-00-00 00:00:00','2021-03-12 12:00:56','ate',8272716,NULL),(41,13,3,1,3,19,'home2','0000-00-00 00:00:00','2021-03-12 13:46:13','wp',8275947,NULL),(42,13,1,1,1,20,'home22','0000-00-00 00:00:00','2021-03-12 14:58:46','wpml',8283319,NULL),(44,13,1,1,1,21,'home2','0000-00-00 00:00:00','2021-03-12 18:33:20','wpml',NULL,NULL),(45,13,1,1,1,22,'home2','0000-00-00 00:00:00','2021-03-12 18:46:44','wpml',NULL,NULL),(46,13,1,1,1,23,'home2','0000-00-00 00:00:00','2021-03-12 19:14:18','wp',NULL,NULL),(48,21,1,1,1,1,'Imprint','0000-00-00 00:00:00','2021-03-16 09:55:25','wpml',NULL,NULL),(49,22,1,1,1,1,'Privacy Policy','0000-00-00 00:00:00','2021-03-16 08:51:47','wp',NULL,NULL),(50,22,1,1,1,2,'Privacy Policy','0000-00-00 00:00:00','2021-03-16 10:18:15','wp',NULL,NULL),(51,13,1,1,1,NULL,'home2','0000-00-00 00:00:00',NULL,'wp',NULL,NULL),(52,21,1,1,1,NULL,'Imprint','0000-00-00 00:00:00','2021-03-16 16:58:43','wp',NULL,NULL),(53,22,1,1,1,NULL,'Privacy Policy','0000-00-00 00:00:00','2021-03-16 17:41:36','wp',NULL,NULL);

--
-- Table structure for table `wp_icl_translation_batches`
--

CREATE TABLE `wp_icl_translation_batches` (
  `id` int(11) NOT NULL AUTO_INCREMENT,
  `batch_name` text COLLATE utf8mb4_unicode_520_ci NOT NULL,
  `tp_id` int(11) DEFAULT NULL,
  `ts_url` text COLLATE utf8mb4_unicode_520_ci,
  `last_update` datetime DEFAULT NULL,
  PRIMARY KEY (`id`)
) ENGINE=InnoDB AUTO_INCREMENT=9 DEFAULT CHARSET=utf8mb4 COLLATE=utf8mb4_unicode_520_ci;

--
-- Dumping data for table `wp_icl_translation_batches`
--

INSERT INTO `wp_icl_translation_batches` VALUES (1,'Manual Translations from March the 9th, 2021',NULL,NULL,'2021-03-09 08:30:45'),(2,'Manual Translations from March the 10th, 2021',NULL,NULL,'2021-03-10 11:39:03'),(3,'Manual Translations from March the 11th, 2021',NULL,NULL,'2021-03-11 09:00:59'),(4,'Manual Translations from March the 12th, 2021',NULL,NULL,'2021-03-12 07:31:35'),(5,'Manual Translations from March the 16th, 2021',NULL,NULL,'2021-03-16 07:36:46'),(6,'Manual Translations from March the 18th, 2021',NULL,NULL,'2021-03-18 16:07:15'),(7,'Manual Translations from March the 19th, 2021',NULL,NULL,'2021-03-19 08:50:16'),(8,'Manual Translations from April the 19th, 2021',NULL,NULL,'2021-04-19 08:06:51');

--
-- Table structure for table `wp_icl_translation_downloads`
--

CREATE TABLE `wp_icl_translation_downloads` (
  `editor_job_id` bigint(20) unsigned NOT NULL,
  `download_url` varchar(2000) COLLATE utf8mb4_unicode_520_ci NOT NULL,
  `lock_timestamp` int(11) unsigned DEFAULT NULL,
  PRIMARY KEY (`editor_job_id`)
) ENGINE=InnoDB DEFAULT CHARSET=utf8mb4 COLLATE=utf8mb4_unicode_520_ci;

--
-- Dumping data for table `wp_icl_translation_downloads`
--


--
-- Table structure for table `wp_icl_translation_status`
--

CREATE TABLE `wp_icl_translation_status` (
  `rid` bigint(20) NOT NULL AUTO_INCREMENT,
  `translation_id` bigint(20) NOT NULL,
  `status` tinyint(4) NOT NULL,
  `translator_id` bigint(20) NOT NULL,
  `needs_update` tinyint(4) NOT NULL,
  `md5` varchar(32) COLLATE utf8mb4_unicode_520_ci NOT NULL,
  `translation_service` varchar(16) COLLATE utf8mb4_unicode_520_ci NOT NULL,
  `batch_id` int(11) NOT NULL DEFAULT '0',
  `translation_package` longtext COLLATE utf8mb4_unicode_520_ci NOT NULL,
  `timestamp` timestamp NOT NULL DEFAULT CURRENT_TIMESTAMP,
  `links_fixed` tinyint(4) NOT NULL DEFAULT '0',
  `_prevstate` longtext COLLATE utf8mb4_unicode_520_ci,
  `uuid` varchar(36) COLLATE utf8mb4_unicode_520_ci DEFAULT NULL,
  `tp_id` int(11) DEFAULT NULL,
  `tp_revision` int(11) NOT NULL DEFAULT '1',
  `ts_status` text COLLATE utf8mb4_unicode_520_ci,
  PRIMARY KEY (`rid`),
  UNIQUE KEY `translation_id` (`translation_id`)
) ENGINE=InnoDB AUTO_INCREMENT=116 DEFAULT CHARSET=utf8mb4 COLLATE=utf8mb4_unicode_520_ci;

--
-- Dumping data for table `wp_icl_translation_status`
--

INSERT INTO `wp_icl_translation_status` VALUES (4,671,10,1,0,'fea543e7513fafc2063ca5a9b2aae690','local',1,'a:4:{s:3:\"url\";s:29:\"https://voltmoabit.com?p=4458\";s:5:\"title\";s:6:\"Cafés\";s:8:\"contents\";a:10:{s:11:\"original_id\";a:2:{s:9:\"translate\";i:0;s:4:\"data\";i:4458;}s:5:\"title\";a:3:{s:9:\"translate\";i:1;s:4:\"data\";s:8:\"Q2Fmw6lz\";s:6:\"format\";s:6:\"base64\";}s:4:\"body\";a:3:{s:9:\"translate\";i:0;s:4:\"data\";s:184:\"PCEtLSB3cDpwYXJhZ3JhcGggLS0+CjxwPlNwb250YW4gb2ZmZXJzIHNwZWNpYWxpdHkgY29mZmVlIGFuZCB3aXRoIDUgU3RhcnMgb24gVHJpcCBBZHZpc29yLCB5b3Uga25vdyBpdCdzIGdvb2QuPC9wPgo8IS0tIC93cDpwYXJhZ3JhcGggLS0+\";s:6:\"format\";s:6:\"base64\";}s:7:\"excerpt\";a:3:{s:9:\"translate\";i:1;s:4:\"data\";s:0:\"\";s:6:\"format\";s:6:\"base64\";}s:4:\"t_19\";a:3:{s:9:\"translate\";i:1;s:4:\"data\";s:20:\"d29yayAmYW1wOyBwbGF5\";s:6:\"format\";s:6:\"base64\";}s:8:\"tdesc_19\";a:3:{s:9:\"translate\";i:1;s:4:\"data\";s:0:\"\";s:6:\"format\";s:6:\"base64\";}s:4:\"t_14\";a:3:{s:9:\"translate\";i:1;s:4:\"data\";s:12:\"T3B0aW9uYWw=\";s:6:\"format\";s:6:\"base64\";}s:8:\"tdesc_14\";a:3:{s:9:\"translate\";i:1;s:4:\"data\";s:0:\"\";s:6:\"format\";s:6:\"base64\";}s:20:\"package-string-3-220\";a:4:{s:9:\"translate\";i:1;s:4:\"data\";s:116:\"U3BvbnRhbiBvZmZlcnMgc3BlY2lhbGl0eSBjb2ZmZWUgYW5kIHdpdGggNSBTdGFycyBvbiBUcmlwIEFkdmlzb3IsIHlvdSBrbm93IGl0J3MgZ29vZC4=\";s:8:\"wrap_tag\";s:0:\"\";s:6:\"format\";s:6:\"base64\";}s:16:\"media_5227_title\";a:3:{s:9:\"translate\";i:1;s:4:\"data\";s:48:\"bmF0aGFuLWR1bWxhby16VU5zOTlQR0RnMC11bnNwbGFzaCAx\";s:6:\"format\";s:6:\"base64\";}}s:4:\"type\";s:4:\"post\";}','2021-03-09 18:12:13',1,'a:8:{s:6:\"status\";s:2:\"10\";s:13:\"translator_id\";s:1:\"1\";s:12:\"needs_update\";s:1:\"1\";s:3:\"md5\";s:32:\"fea543e7513fafc2063ca5a9b2aae690\";s:19:\"translation_service\";s:5:\"local\";s:19:\"translation_package\";s:1371:\"a:4:{s:3:\"url\";s:29:\"https://voltmoabit.com?p=4458\";s:5:\"title\";s:6:\"Cafés\";s:8:\"contents\";a:10:{s:11:\"original_id\";a:2:{s:9:\"translate\";i:0;s:4:\"data\";i:4458;}s:5:\"title\";a:3:{s:9:\"translate\";i:1;s:4:\"data\";s:8:\"Q2Fmw6lz\";s:6:\"format\";s:6:\"base64\";}s:4:\"body\";a:3:{s:9:\"translate\";i:0;s:4:\"data\";s:184:\"PCEtLSB3cDpwYXJhZ3JhcGggLS0+CjxwPlNwb250YW4gb2ZmZXJzIHNwZWNpYWxpdHkgY29mZmVlIGFuZCB3aXRoIDUgU3RhcnMgb24gVHJpcCBBZHZpc29yLCB5b3Uga25vdyBpdCdzIGdvb2QuPC9wPgo8IS0tIC93cDpwYXJhZ3JhcGggLS0+\";s:6:\"format\";s:6:\"base64\";}s:7:\"excerpt\";a:3:{s:9:\"translate\";i:1;s:4:\"data\";s:0:\"\";s:6:\"format\";s:6:\"base64\";}s:3:\"t_6\";a:3:{s:9:\"translate\";i:1;s:4:\"data\";s:20:\"d29yayAmYW1wOyBwbGF5\";s:6:\"format\";s:6:\"base64\";}s:7:\"tdesc_6\";a:3:{s:9:\"translate\";i:1;s:4:\"data\";s:0:\"\";s:6:\"format\";s:6:\"base64\";}s:4:\"t_13\";a:3:{s:9:\"translate\";i:1;s:4:\"data\";s:12:\"T3B0aW9uYWw=\";s:6:\"format\";s:6:\"base64\";}s:8:\"tdesc_13\";a:3:{s:9:\"translate\";i:1;s:4:\"data\";s:0:\"\";s:6:\"format\";s:6:\"base64\";}s:20:\"package-string-3-220\";a:4:{s:9:\"translate\";i:1;s:4:\"data\";s:116:\"U3BvbnRhbiBvZmZlcnMgc3BlY2lhbGl0eSBjb2ZmZWUgYW5kIHdpdGggNSBTdGFycyBvbiBUcmlwIEFkdmlzb3IsIHlvdSBrbm93IGl0J3MgZ29vZC4=\";s:8:\"wrap_tag\";s:0:\"\";s:6:\"format\";s:6:\"base64\";}s:16:\"media_5078_title\";a:3:{s:9:\"translate\";i:1;s:4:\"data\";s:48:\"bmF0aGFuLWR1bWxhby16VU5zOTlQR0RnMC11bnNwbGFzaCAx\";s:6:\"format\";s:6:\"base64\";}}s:4:\"type\";s:4:\"post\";}\";s:9:\"timestamp\";s:19:\"2021-03-09 09:37:49\";s:11:\"links_fixed\";s:1:\"1\";}','61663332-3861-5436-b433-346163373030',NULL,1,NULL),(5,675,10,1,0,'a43db5e2eba292371c9c37cbf7bbbbbe','local',1,'a:4:{s:3:\"url\";s:29:\"https://voltmoabit.com?p=4452\";s:5:\"title\";s:7:\"Fitness\";s:8:\"contents\";a:10:{s:11:\"original_id\";a:2:{s:9:\"translate\";i:0;s:4:\"data\";i:4452;}s:5:\"title\";a:3:{s:9:\"translate\";i:1;s:4:\"data\";s:12:\"Rml0bmVzcw==\";s:6:\"format\";s:6:\"base64\";}s:4:\"body\";a:3:{s:9:\"translate\";i:0;s:4:\"data\";s:192:\"PCEtLSB3cDpwYXJhZ3JhcGggLS0+CjxwPlBlcmZlY3QgZm9yIGEgd29ya291dCBkdXJpbmcgeW91ciBicmVhayBvciBhZnRlciB3b3JrLCBNY0ZpdCBTdHVkaW8gaXMganVzdCAxMCBtaW51dGVzIGF3YXkuPC9wPgo8IS0tIC93cDpwYXJhZ3JhcGggLS0+\";s:6:\"format\";s:6:\"base64\";}s:7:\"excerpt\";a:3:{s:9:\"translate\";i:1;s:4:\"data\";s:0:\"\";s:6:\"format\";s:6:\"base64\";}s:4:\"t_19\";a:3:{s:9:\"translate\";i:1;s:4:\"data\";s:20:\"d29yayAmYW1wOyBwbGF5\";s:6:\"format\";s:6:\"base64\";}s:8:\"tdesc_19\";a:3:{s:9:\"translate\";i:1;s:4:\"data\";s:0:\"\";s:6:\"format\";s:6:\"base64\";}s:4:\"t_14\";a:3:{s:9:\"translate\";i:1;s:4:\"data\";s:12:\"T3B0aW9uYWw=\";s:6:\"format\";s:6:\"base64\";}s:8:\"tdesc_14\";a:3:{s:9:\"translate\";i:1;s:4:\"data\";s:0:\"\";s:6:\"format\";s:6:\"base64\";}s:20:\"package-string-4-221\";a:4:{s:9:\"translate\";i:1;s:4:\"data\";s:124:\"UGVyZmVjdCBmb3IgYSB3b3Jrb3V0IGR1cmluZyB5b3VyIGJyZWFrIG9yIGFmdGVyIHdvcmssIE1jRml0IFN0dWRpbyBpcyBqdXN0IDEwIG1pbnV0ZXMgYXdheS4=\";s:8:\"wrap_tag\";s:0:\"\";s:6:\"format\";s:6:\"base64\";}s:16:\"media_5029_title\";a:3:{s:9:\"translate\";i:1;s:4:\"data\";s:24:\"Rml0bmVzcyBzdHVkaW8gMQ==\";s:6:\"format\";s:6:\"base64\";}}s:4:\"type\";s:4:\"post\";}','2021-03-09 09:40:20',1,NULL,'31333636-6530-5064-b963-386130643263',NULL,1,NULL),(6,678,10,1,0,'27133796a1b1976ecf871154de226a5b','local',1,'a:4:{s:3:\"url\";s:29:\"https://voltmoabit.com?p=4446\";s:5:\"title\";s:11:\"Restaurants\";s:8:\"contents\";a:8:{s:11:\"original_id\";a:2:{s:9:\"translate\";i:0;s:4:\"data\";i:4446;}s:5:\"title\";a:3:{s:9:\"translate\";i:1;s:4:\"data\";s:16:\"UmVzdGF1cmFudHM=\";s:6:\"format\";s:6:\"base64\";}s:4:\"body\";a:3:{s:9:\"translate\";i:0;s:4:\"data\";s:192:\"PCEtLSB3cDpwYXJhZ3JhcGggLS0+CjxwPlBpZ251dCBpcyBhIGdyZWF0IHBsYWNlIHRvIGdyYWIgYSBiaXRlIGFmdGVyIHdvcmsuIEVzcGVjaWFsbHkgaWYgeW91IGxpa2UgQW1lcmljYW4gQmFyYmVjdWUuPC9wPgo8IS0tIC93cDpwYXJhZ3JhcGggLS0+\";s:6:\"format\";s:6:\"base64\";}s:7:\"excerpt\";a:3:{s:9:\"translate\";i:1;s:4:\"data\";s:0:\"\";s:6:\"format\";s:6:\"base64\";}s:4:\"t_19\";a:3:{s:9:\"translate\";i:1;s:4:\"data\";s:20:\"d29yayAmYW1wOyBwbGF5\";s:6:\"format\";s:6:\"base64\";}s:8:\"tdesc_19\";a:3:{s:9:\"translate\";i:1;s:4:\"data\";s:0:\"\";s:6:\"format\";s:6:\"base64\";}s:20:\"package-string-5-222\";a:4:{s:9:\"translate\";i:1;s:4:\"data\";s:124:\"UGlnbnV0IGlzIGEgZ3JlYXQgcGxhY2UgdG8gZ3JhYiBhIGJpdGUgYWZ0ZXIgd29yay4gRXNwZWNpYWxseSBpZiB5b3UgbGlrZSBBbWVyaWNhbiBCYXJiZWN1ZS4=\";s:8:\"wrap_tag\";s:0:\"\";s:6:\"format\";s:6:\"base64\";}s:16:\"media_4411_title\";a:3:{s:9:\"translate\";i:1;s:4:\"data\";s:12:\"UGlnbnVyIDE=\";s:6:\"format\";s:6:\"base64\";}}s:4:\"type\";s:4:\"post\";}','2021-03-09 09:40:50',1,NULL,'31613731-6538-5437-a430-393266636365',NULL,1,NULL),(7,681,10,1,0,'85bfae37be3f5b45ff4329fccfec20de','local',1,'a:4:{s:3:\"url\";s:29:\"https://voltmoabit.com?p=4440\";s:5:\"title\";s:16:\"Culture & Events\";s:8:\"contents\";a:8:{s:11:\"original_id\";a:2:{s:9:\"translate\";i:0;s:4:\"data\";i:4440;}s:5:\"title\";a:3:{s:9:\"translate\";i:1;s:4:\"data\";s:24:\"Q3VsdHVyZSAmIEV2ZW50cw==\";s:6:\"format\";s:6:\"base64\";}s:4:\"body\";a:3:{s:9:\"translate\";i:0;s:4:\"data\";s:200:\"PCEtLSB3cDpwYXJhZ3JhcGggLS0+CjxwPkxvY2F0ZWQgaW4gYW4gb2xkIHRyYW0gZGVwb3QsIENsYXNzaWMgUmVtaXNlIG9mZmVycyBldmVyeXRoaW5nIHRvIGRvIHdpdGggdmludGFnZSBjYXJzIGFuZCBldmVudHMuPC9wPgo8IS0tIC93cDpwYXJhZ3JhcGggLS0+\";s:6:\"format\";s:6:\"base64\";}s:7:\"excerpt\";a:3:{s:9:\"translate\";i:1;s:4:\"data\";s:0:\"\";s:6:\"format\";s:6:\"base64\";}s:4:\"t_19\";a:3:{s:9:\"translate\";i:1;s:4:\"data\";s:20:\"d29yayAmYW1wOyBwbGF5\";s:6:\"format\";s:6:\"base64\";}s:8:\"tdesc_19\";a:3:{s:9:\"translate\";i:1;s:4:\"data\";s:0:\"\";s:6:\"format\";s:6:\"base64\";}s:20:\"package-string-6-223\";a:4:{s:9:\"translate\";i:1;s:4:\"data\";s:132:\"TG9jYXRlZCBpbiBhbiBvbGQgdHJhbSBkZXBvdCwgQ2xhc3NpYyBSZW1pc2Ugb2ZmZXJzIGV2ZXJ5dGhpbmcgdG8gZG8gd2l0aCB2aW50YWdlIGNhcnMgYW5kIGV2ZW50cy4=\";s:8:\"wrap_tag\";s:0:\"\";s:6:\"format\";s:6:\"base64\";}s:16:\"media_4407_title\";a:3:{s:9:\"translate\";i:1;s:4:\"data\";s:48:\"YWxleC1zdXBydW4tTjYwXzF6cFdOdFUtdW5zcGxhc2ggMQ==\";s:6:\"format\";s:6:\"base64\";}}s:4:\"type\";s:4:\"post\";}','2021-03-09 09:42:14',1,NULL,'61383734-3838-5966-b265-306535656637',NULL,1,NULL),(8,684,10,1,0,'e777bef9431d80cec88b25abf9191da9','local',1,'a:4:{s:3:\"url\";s:29:\"https://voltmoabit.com?p=4434\";s:5:\"title\";s:6:\"Hotels\";s:8:\"contents\";a:8:{s:11:\"original_id\";a:2:{s:9:\"translate\";i:0;s:4:\"data\";i:4434;}s:5:\"title\";a:3:{s:9:\"translate\";i:1;s:4:\"data\";s:8:\"SG90ZWxz\";s:6:\"format\";s:6:\"base64\";}s:4:\"body\";a:3:{s:9:\"translate\";i:0;s:4:\"data\";s:196:\"PCEtLSB3cDpwYXJhZ3JhcGggLS0+CjxwPlRoZSBIb3RlbCBBZHJlbWEgb24gdGhlIGJhbmtzIG9mIHRoZSBTcHJlZSwgb2ZmZXJzIGEgcGVyZmVjdCBtaXggb2YgbW9kZXJuIGFuZCBjbGFzc2ljIHN0eWxlLjwvcD4KPCEtLSAvd3A6cGFyYWdyYXBoIC0tPg==\";s:6:\"format\";s:6:\"base64\";}s:7:\"excerpt\";a:3:{s:9:\"translate\";i:1;s:4:\"data\";s:0:\"\";s:6:\"format\";s:6:\"base64\";}s:4:\"t_19\";a:3:{s:9:\"translate\";i:1;s:4:\"data\";s:20:\"d29yayAmYW1wOyBwbGF5\";s:6:\"format\";s:6:\"base64\";}s:8:\"tdesc_19\";a:3:{s:9:\"translate\";i:1;s:4:\"data\";s:0:\"\";s:6:\"format\";s:6:\"base64\";}s:20:\"package-string-7-224\";a:4:{s:9:\"translate\";i:1;s:4:\"data\";s:124:\"VGhlIEhvdGVsIEFkcmVtYSBvbiB0aGUgYmFua3Mgb2YgdGhlIFNwcmVlLCBvZmZlcnMgYSBwZXJmZWN0IG1peCBvZiBtb2Rlcm4gYW5kIGNsYXNzaWMgc3R5bGUu\";s:8:\"wrap_tag\";s:0:\"\";s:6:\"format\";s:6:\"base64\";}s:16:\"media_4412_title\";a:3:{s:9:\"translate\";i:1;s:4:\"data\";s:12:\"U3RvY2syIDI=\";s:6:\"format\";s:6:\"base64\";}}s:4:\"type\";s:4:\"post\";}','2021-03-09 09:42:46',1,NULL,'34313665-3831-5331-b961-336561656334',NULL,1,NULL),(9,687,10,1,0,'82ec5525cf7d1fc813cbdc2e595e3478','local',1,'a:4:{s:3:\"url\";s:29:\"https://voltmoabit.com?p=4428\";s:5:\"title\";s:16:\"Culture & Events\";s:8:\"contents\";a:8:{s:11:\"original_id\";a:2:{s:9:\"translate\";i:0;s:4:\"data\";i:4428;}s:5:\"title\";a:3:{s:9:\"translate\";i:1;s:4:\"data\";s:24:\"Q3VsdHVyZSAmIEV2ZW50cw==\";s:6:\"format\";s:6:\"base64\";}s:4:\"body\";a:3:{s:9:\"translate\";i:0;s:4:\"data\";s:204:\"PCEtLSB3cDpwYXJhZ3JhcGggLS0+CjxwPlRoZSBCb2xsZSBGZXN0c8OkbGUgaXMgYW1vbmcgdGhlIG1vc3QgYmVhdXRpZnVsIGV2ZW50IGxvY2F0aW9ucyBpbiBCZXJsaW4gd2l0aCBhIHVuaXF1ZSBhdG1vc3BoZXJlLjwvcD4KPCEtLSAvd3A6cGFyYWdyYXBoIC0tPg==\";s:6:\"format\";s:6:\"base64\";}s:7:\"excerpt\";a:3:{s:9:\"translate\";i:1;s:4:\"data\";s:0:\"\";s:6:\"format\";s:6:\"base64\";}s:4:\"t_19\";a:3:{s:9:\"translate\";i:1;s:4:\"data\";s:20:\"d29yayAmYW1wOyBwbGF5\";s:6:\"format\";s:6:\"base64\";}s:8:\"tdesc_19\";a:3:{s:9:\"translate\";i:1;s:4:\"data\";s:0:\"\";s:6:\"format\";s:6:\"base64\";}s:20:\"package-string-8-225\";a:4:{s:9:\"translate\";i:1;s:4:\"data\";s:132:\"VGhlIEJvbGxlIEZlc3Rzw6RsZSBpcyBhbW9uZyB0aGUgbW9zdCBiZWF1dGlmdWwgZXZlbnQgbG9jYXRpb25zIGluIEJlcmxpbiB3aXRoIGEgdW5pcXVlIGF0bW9zcGhlcmUu\";s:8:\"wrap_tag\";s:0:\"\";s:6:\"format\";s:6:\"base64\";}s:16:\"media_4408_title\";a:3:{s:9:\"translate\";i:1;s:4:\"data\";s:24:\"Qm9sbGUgRmVzdHNhzIhsZSAx\";s:6:\"format\";s:6:\"base64\";}}s:4:\"type\";s:4:\"post\";}','2021-03-09 09:43:13',1,NULL,'37393162-3134-5631-a163-646633353266',NULL,1,NULL),(10,690,10,1,0,'eca41fdd3d7cd5e0c5f99fbbf340a5a9','local',1,'a:4:{s:3:\"url\";s:29:\"https://voltmoabit.com?p=4421\";s:5:\"title\";s:11:\"Restaurants\";s:8:\"contents\";a:8:{s:11:\"original_id\";a:2:{s:9:\"translate\";i:0;s:4:\"data\";i:4421;}s:5:\"title\";a:3:{s:9:\"translate\";i:1;s:4:\"data\";s:16:\"UmVzdGF1cmFudHM=\";s:6:\"format\";s:6:\"base64\";}s:4:\"body\";a:3:{s:9:\"translate\";i:0;s:4:\"data\";s:188:\"PCEtLSB3cDpwYXJhZ3JhcGggLS0+CjxwPlRoZSBHYXJhbW9uZCBpbXByZXNzZXMgd2l0aCBzb3BoaXN0aWNhdGVkIGludGVybmF0aW9uYWwgY3Vpc2luZSBhbmQgcmVnaW9uYWwgc3BlY2lhbHRpZXMuPC9wPgo8IS0tIC93cDpwYXJhZ3JhcGggLS0+\";s:6:\"format\";s:6:\"base64\";}s:7:\"excerpt\";a:3:{s:9:\"translate\";i:1;s:4:\"data\";s:0:\"\";s:6:\"format\";s:6:\"base64\";}s:4:\"t_19\";a:3:{s:9:\"translate\";i:1;s:4:\"data\";s:20:\"d29yayAmYW1wOyBwbGF5\";s:6:\"format\";s:6:\"base64\";}s:8:\"tdesc_19\";a:3:{s:9:\"translate\";i:1;s:4:\"data\";s:0:\"\";s:6:\"format\";s:6:\"base64\";}s:20:\"package-string-9-226\";a:4:{s:9:\"translate\";i:1;s:4:\"data\";s:120:\"VGhlIEdhcmFtb25kIGltcHJlc3NlcyB3aXRoIHNvcGhpc3RpY2F0ZWQgaW50ZXJuYXRpb25hbCBjdWlzaW5lIGFuZCByZWdpb25hbCBzcGVjaWFsdGllcy4=\";s:8:\"wrap_tag\";s:0:\"\";s:6:\"format\";s:6:\"base64\";}s:16:\"media_4410_title\";a:3:{s:9:\"translate\";i:1;s:4:\"data\";s:16:\"R2FyYW1vbmQgMQ==\";s:6:\"format\";s:6:\"base64\";}}s:4:\"type\";s:4:\"post\";}','2021-03-09 09:44:09',1,NULL,'35656634-3864-5436-a434-663531333834',NULL,1,NULL),(11,693,10,1,0,'3a59f1d36eed2cb6c6d02bd4619471e4','local',1,'a:4:{s:3:\"url\";s:28:\"https://voltmoabit.com?p=418\";s:5:\"title\";s:6:\"Cafès\";s:8:\"contents\";a:24:{s:26:\"field-_et_pb_old_content-0\";a:3:{s:9:\"translate\";i:1;s:4:\"data\";s:184:\"PCEtLSB3cDpwYXJhZ3JhcGggLS0+CjxwPlNlZCB1dCBwZXJzcGljaWF0aXMgdW5kZSBvbW5pcyBpc3RlIG5hdHVzIGVycm9yIHNpdCB2b2x1cHRhdGVtIGFjY3VzYW50aXVtIGRvbG9yZW1xdWU8L3A+CjwhLS0gL3dwOnBhcmFncmFwaCAtLT4=\";s:6:\"format\";s:6:\"base64\";}s:31:\"field-_et_pb_old_content-0-name\";a:2:{s:9:\"translate\";i:0;s:4:\"data\";s:20:\"_et_pb_old_content-0\";}s:31:\"field-_et_pb_old_content-0-type\";a:2:{s:9:\"translate\";i:0;s:4:\"data\";s:12:\"custom_field\";}s:11:\"original_id\";a:2:{s:9:\"translate\";i:0;s:4:\"data\";i:418;}s:5:\"title\";a:3:{s:9:\"translate\";i:1;s:4:\"data\";s:8:\"Q2Fmw6hz\";s:6:\"format\";s:6:\"base64\";}s:4:\"body\";a:3:{s:9:\"translate\";i:0;s:4:\"data\";s:372:\"PCEtLSB3cDpwYXJhZ3JhcGggeyJmb250U2l6ZSI6Im5vcm1hbCIsInN0eWxlIjp7ImNvbG9yIjp7InRleHQiOiIjNzU3NTc1In19fSAtLT4KPHAgY2xhc3M9Imhhcy10ZXh0LWNvbG9yIGhhcy1ub3JtYWwtZm9udC1zaXplIiBzdHlsZT0iY29sb3I6Izc1NzU3NSI+VGhlIEZpYWtlciBvbiBCb2NodW1lciBTdHJhw59lIG9mZmVycyBhIHBpZWNlIG9mIFZpZW5uZXNlIGNvZmZlZSBob3VzZSBjdWx0dXJlIGluIHRoZSBoZWFydCBvZiBNb2FiaXQuPC9wPgo8IS0tIC93cDpwYXJhZ3JhcGggLS0+\";s:6:\"format\";s:6:\"base64\";}s:7:\"excerpt\";a:3:{s:9:\"translate\";i:1;s:4:\"data\";s:0:\"\";s:6:\"format\";s:6:\"base64\";}s:4:\"t_19\";a:3:{s:9:\"translate\";i:1;s:4:\"data\";s:20:\"d29yayAmYW1wOyBwbGF5\";s:6:\"format\";s:6:\"base64\";}s:8:\"tdesc_19\";a:3:{s:9:\"translate\";i:1;s:4:\"data\";s:0:\"\";s:6:\"format\";s:6:\"base64\";}s:21:\"package-string-10-227\";a:4:{s:9:\"translate\";i:1;s:4:\"data\";s:136:\"VGhlIEZpYWtlciBvbiBCb2NodW1lciBTdHJhw59lIG9mZmVycyBhIHBpZWNlIG9mIFZpZW5uZXNlIGNvZmZlZSBob3VzZSBjdWx0dXJlIGluIHRoZSBoZWFydCBvZiBNb2FiaXQu\";s:8:\"wrap_tag\";s:0:\"\";s:6:\"format\";s:6:\"base64\";}s:16:\"media_4413_title\";a:3:{s:9:\"translate\";i:1;s:4:\"data\";s:16:\"VGhlIEZpYWtlciAx\";s:6:\"format\";s:6:\"base64\";}s:16:\"media_4412_title\";a:3:{s:9:\"translate\";i:1;s:4:\"data\";s:12:\"U3RvY2syIDI=\";s:6:\"format\";s:6:\"base64\";}s:16:\"media_4411_title\";a:3:{s:9:\"translate\";i:1;s:4:\"data\";s:12:\"UGlnbnVyIDE=\";s:6:\"format\";s:6:\"base64\";}s:16:\"media_4410_title\";a:3:{s:9:\"translate\";i:1;s:4:\"data\";s:16:\"R2FyYW1vbmQgMQ==\";s:6:\"format\";s:6:\"base64\";}s:16:\"media_4409_title\";a:3:{s:9:\"translate\";i:1;s:4:\"data\";s:24:\"Rml0bmVzcyBzdHVkaW8gMQ==\";s:6:\"format\";s:6:\"base64\";}s:16:\"media_4408_title\";a:3:{s:9:\"translate\";i:1;s:4:\"data\";s:24:\"Qm9sbGUgRmVzdHNhzIhsZSAx\";s:6:\"format\";s:6:\"base64\";}s:16:\"media_4407_title\";a:3:{s:9:\"translate\";i:1;s:4:\"data\";s:48:\"YWxleC1zdXBydW4tTjYwXzF6cFdOdFUtdW5zcGxhc2ggMQ==\";s:6:\"format\";s:6:\"base64\";}s:16:\"media_3683_title\";a:3:{s:9:\"translate\";i:1;s:4:\"data\";s:52:\"c2FuZHJhLXNlaXRhbWFhLU9GSkdsRzNzS2lrLXVuc3BsYXNoIDE=\";s:6:\"format\";s:6:\"base64\";}s:16:\"media_3682_title\";a:3:{s:9:\"translate\";i:1;s:4:\"data\";s:16:\"QXVzc2VuXzEwMCAx\";s:6:\"format\";s:6:\"base64\";}s:16:\"media_3681_title\";a:3:{s:9:\"translate\";i:1;s:4:\"data\";s:28:\"Ymx1ci0xODUwMDgyXzE5MjAgMQ==\";s:6:\"format\";s:6:\"base64\";}s:16:\"media_3680_title\";a:3:{s:9:\"translate\";i:1;s:4:\"data\";s:48:\"ZGFuZS1kZWFuZXItQlZMVko2WUVyU2MtdW5zcGxhc2ggMQ==\";s:6:\"format\";s:6:\"base64\";}s:16:\"media_3679_title\";a:3:{s:9:\"translate\";i:1;s:4:\"data\";s:48:\"amVzd2luLXRob21hcy14c1k0dmphVGp4TS11bnNwbGFzaCAx\";s:6:\"format\";s:6:\"base64\";}s:16:\"media_3678_title\";a:3:{s:9:\"translate\";i:1;s:4:\"data\";s:52:\"cmhlbWEta2FsbGlhbnB1ci11b2NTbldNaG5Bcy11bnNwbGFzaCAx\";s:6:\"format\";s:6:\"base64\";}s:16:\"media_3677_title\";a:3:{s:9:\"translate\";i:1;s:4:\"data\";s:48:\"c2FtLW1vcWFkYW0taWczV3F1Zzg1dEEtdW5zcGxhc2ggMQ==\";s:6:\"format\";s:6:\"base64\";}}s:4:\"type\";s:4:\"post\";}','2021-03-09 09:44:48',1,NULL,'35363235-6263-5331-b763-613333373037',NULL,1,NULL),(12,722,10,1,0,'c7462bda30f190fc098d6e783ab723cf','local',1,'a:4:{s:3:\"url\";s:29:\"https://voltmoabit.com?p=3999\";s:5:\"title\";s:11:\"work e play\";s:8:\"contents\";a:6:{s:11:\"original_id\";a:2:{s:9:\"translate\";i:0;s:4:\"data\";i:3999;}s:5:\"title\";a:3:{s:9:\"translate\";i:1;s:4:\"data\";s:16:\"d29yayBlIHBsYXk=\";s:6:\"format\";s:6:\"base64\";}s:4:\"body\";a:3:{s:9:\"translate\";i:1;s:4:\"data\";s:0:\"\";s:6:\"format\";s:6:\"base64\";}s:7:\"excerpt\";a:3:{s:9:\"translate\";i:1;s:4:\"data\";s:0:\"\";s:6:\"format\";s:6:\"base64\";}s:4:\"t_13\";a:3:{s:9:\"translate\";i:1;s:4:\"data\";s:12:\"T3B0aW9uYWw=\";s:6:\"format\";s:6:\"base64\";}s:8:\"tdesc_13\";a:3:{s:9:\"translate\";i:1;s:4:\"data\";s:0:\"\";s:6:\"format\";s:6:\"base64\";}}s:4:\"type\";s:4:\"post\";}','2021-03-09 18:48:21',1,NULL,'30303339-6562-5538-b064-633031396234',NULL,1,NULL),(13,668,10,5,1,'dd3d9b508c688c2fc61d7fb155d314fa','local',5,'a:4:{s:3:\"url\";s:34:\"https://thesektor.com?page_id=4741\";s:5:\"title\";s:10:\"homemaster\";s:8:\"contents\";a:134:{s:11:\"original_id\";a:2:{s:9:\"translate\";i:0;s:4:\"data\";i:4741;}s:5:\"title\";a:3:{s:9:\"translate\";i:1;s:4:\"data\";s:16:\"aG9tZW1hc3Rlcg==\";s:6:\"format\";s:6:\"base64\";}s:4:\"body\";a:3:{s:9:\"translate\";i:0;s:4:\"data\";s:154996:\"[encoded data, 154996 characters]\";s:6:\"format\";s:6:\"base64\";}s:7:\"excerpt\";a:3:{s:9:\"translate\";i:1;s:4:\"data\";s:0:\"\";s:6:\"format\";s:6:\"base64\";}s:4:\"t_13\";a:3:{s:9:\"translate\";i:1;s:4:\"data\";s:12:\"T3B0aW9uYWw=\";s:6:\"format\";s:6:\"base64\";}s:8:\"tdesc_13\";a:3:{s:9:\"translate\";i:1;s:4:\"data\";s:0:\"\";s:6:\"format\";s:6:\"base64\";}s:22:\"package-string-1-31441\";a:4:{s:9:\"translate\";i:1;s:4:\"data\";s:876:\"W2V0X3BiX21lbnUgbG9nbz0iaHR0cHM6Ly90aGVzZWt0b3IuY29tL3dwLWNvbnRlbnQvdXBsb2Fkcy8yMDIxLzAzL2xvZ28tdm9sdC5zdmciIGRpc2FibGVkX29uPSJvbnxvbnxvZmYiIGFkbWluX2xhYmVsPSJNZW51IGRlc2t0b3AiIF9idWlsZGVyX3ZlcnNpb249IjQuOS4yIiBfbW9kdWxlX3ByZXNldD0iZGVmYXVsdCIgcG9zaXRpb25pbmc9ImFic29sdXRlIiBwb3NpdGlvbl9vcmlnaW5fYT0idG9wX2NlbnRlciIgd2lkdGg9IjEwMCUiIGN1c3RvbV9tYXJnaW49Inx8MHB4fHxmYWxzZXxmYWxzZSIgY3VzdG9tX3BhZGRpbmc9InwyLjglfDBweHwyLjglfGZhbHNlfGZhbHNlIl1bL2V0X3BiX21lbnVdW2V0X3BiX21lbnUgbWVudV9pZD0iMTEiIGxvZ289Imh0dHBzOi8vdGhlc2VrdG9yLmNvbS93cC1jb250ZW50L3VwbG9hZHMvMjAyMS8wMy9sb2dvLXZvbHQuc3ZnIiBkaXNhYmxlZF9vbj0ib258b2ZmfG9uIiBhZG1pbl9sYWJlbD0ibWVudSB0YWJsZXQiIG1vZHVsZV9jbGFzcz0ibWVudS1yZXZlcnNlIiBfYnVpbGRlcl92ZXJzaW9uPSI0LjkuMiIgX21vZHVsZV9wcmVzZXQ9ImRlZmF1bHQiIGN1c3RvbV9tYXJnaW49Inx8MHB4fHxmYWxzZXxmYWxzZSIgY3VzdG9tX3BhZGRpbmc9InwyLjglfDBweHwyLjglfGZhbHNlfGZhbHNlIl1bL2V0X3BiX21lbnVd\";s:8:\"wrap_tag\";s:0:\"\";s:6:\"format\";s:6:\"base64\";}s:22:\"package-string-1-31391\";a:4:{s:9:\"translate\";i:1;s:4:\"data\";s:12:\"bWVudS1sYW5n\";s:8:\"wrap_tag\";s:0:\"\";s:6:\"format\";s:6:\"base64\";}s:22:\"package-string-1-31429\";a:4:{s:9:\"translate\";i:1;s:4:\"data\";s:28:\"PGgxPnNla3RvciBwZXBwZTwvaDE+\";s:8:\"wrap_tag\";s:0:\"\";s:6:\"format\";s:6:\"base64\";}s:19:\"package-string-1-16\";a:4:{s:9:\"translate\";i:1;s:4:\"data\";s:72:\"VG90YWwgNDIwMCBtPHNwYW4gc3R5bGU9ImZvbnQtc2l6ZTogMjBweDsiPsKyPC9zcGFuPg==\";s:8:\"wrap_tag\";s:0:\"\";s:6:\"format\";s:6:\"base64\";}s:19:\"package-string-1-18\";a:4:{s:9:\"translate\";i:1;s:4:\"data\";s:92:\"PHAgc3R5bGU9InRleHQtYWxpZ246IGNlbnRlcjsiPkEgcXVpZXQgb2ZmaWNlIHdpdGhpbiB1cmJhbiBhY3Rpb248L3A+\";s:8:\"wrap_tag\";s:0:\"\";s:6:\"format\";s:6:\"base64\";}s:19:\"package-string-1-22\";a:4:{s:9:\"translate\";i:1;s:4:\"data\";s:12:\"I2NvbnRhY3Q=\";s:8:\"wrap_tag\";s:0:\"\";s:6:\"format\";s:6:\"base64\";}s:19:\"package-string-1-25\";a:4:{s:9:\"translate\";i:1;s:4:\"data\";s:16:\"cmlnYSBkZXNrdG9w\";s:8:\"wrap_tag\";s:0:\"\";s:6:\"format\";s:6:\"base64\";}s:19:\"package-string-1-26\";a:4:{s:9:\"translate\";i:1;s:4:\"data\";s:112:\"PHAgc3R5bGU9InRleHQtYWxpZ246IGxlZnQ7Ij5BIHF1aWV0IG9mZmljZSBiZXR3ZWVuIHRoZSBTcHJlZSBhbmQgdXJiYW4gYWN0aW9uPC9wPg==\";s:8:\"wrap_tag\";s:0:\"\";s:6:\"format\";s:6:\"base64\";}s:19:\"package-string-1-19\";a:4:{s:9:\"translate\";i:1;s:4:\"data\";s:16:\"cXVpZXQgb2ZmaWNl\";s:8:\"wrap_tag\";s:0:\"\";s:6:\"format\";s:6:\"base64\";}s:19:\"package-string-1-27\";a:4:{s:9:\"translate\";i:1;s:4:\"data\";s:80:\"PHA+VG90YWwgNDIwMCBtPHNwYW4gc3R5bGU9ImZvbnQtc2l6ZTogMjBweDsiPsKyPC9zcGFuPjwvcD4=\";s:8:\"wrap_tag\";s:0:\"\";s:6:\"format\";s:6:\"base64\";}s:19:\"package-string-1-17\";a:4:{s:9:\"translate\";i:1;s:4:\"data\";s:4:\"bTI=\";s:8:\"wrap_tag\";s:0:\"\";s:6:\"format\";s:6:\"base64\";}s:19:\"package-string-1-28\";a:4:{s:9:\"translate\";i:1;s:4:\"data\";s:20:\"I2NvbnRhY3QtdGFibGV0\";s:8:\"wrap_tag\";s:0:\"\";s:6:\"format\";s:6:\"base64\";}s:19:\"package-string-1-29\";a:4:{s:9:\"translate\";i:1;s:4:\"data\";s:16:\"cmlnYSB0YWJsZXQ=\";s:8:\"wrap_tag\";s:0:\"\";s:6:\"format\";s:6:\"base64\";}s:22:\"package-string-1-31442\";a:4:{s:9:\"translate\";i:1;s:4:\"data\";s:420:\"W2V0X3BiX21lbnUgbWVudV9pZD0iMTEiIGxvZ289Imh0dHBzOi8vdGhlc2VrdG9yLmNvbS93cC1jb250ZW50L3VwbG9hZHMvMjAyMS8wMy9sb2dvLXZvbHQuc3ZnIiBkaXNhYmxlZF9vbj0ib2ZmfG9ufG9uIiBhZG1pbl9sYWJlbD0ibWVudSBtb2JpbGUiIG1vZHVsZV9jbGFzcz0ibWVudS1yZXZlcnNlIiBfYnVpbGRlcl92ZXJzaW9uPSI0LjkuMiIgX21vZHVsZV9wcmVzZXQ9ImRlZmF1bHQiIGN1c3RvbV9tYXJnaW49Inx8MHB4fHxmYWxzZXxmYWxzZSIgY3VzdG9tX3BhZGRpbmc9InwyLjglfDBweHwyLjglfGZhbHNlfGZhbHNlIl1bL2V0X3BiX21lbnVd\";s:8:\"wrap_tag\";s:0:\"\";s:6:\"format\";s:6:\"base64\";}s:19:\"package-string-1-12\";a:4:{s:9:\"translate\";i:1;s:4:\"data\";s:8:\"bWVudQ==\";s:8:\"wrap_tag\";s:0:\"\";s:6:\"format\";s:6:\"base64\";}s:22:\"package-string-1-31390\";a:4:{s:9:\"translate\";i:1;s:4:\"data\";s:44:\"W3dwbWxfbGFuZ3VhZ2Vfc2VsZWN0b3Jfd2lkZ2V0XQ==\";s:8:\"wrap_tag\";s:0:\"\";s:6:\"format\";s:6:\"base64\";}s:22:\"package-string-1-31392\";a:4:{s:9:\"translate\";i:1;s:4:\"data\";s:24:\"bWVudS1sYW5nLW1vYmlsZQ==\";s:8:\"wrap_tag\";s:0:\"\";s:6:\"format\";s:6:\"base64\";}s:22:\"package-string-1-31369\";a:4:{s:9:\"translate\";i:1;s:4:\"data\";s:20:\"bG9nb3ZvbHQgaGVhZGVy\";s:8:\"wrap_tag\";s:0:\"\";s:6:\"format\";s:6:\"base64\";}s:22:\"package-string-1-31370\";a:4:{s:9:\"translate\";i:1;s:4:\"data\";s:36:\"PGgxPkEgTU9ERVJOIENMQVNTSUM8L2gxPg==\";s:8:\"wrap_tag\";s:0:\"\";s:6:\"format\";s:6:\"base64\";}s:19:\"package-string-1-14\";a:4:{s:9:\"translate\";i:1;s:4:\"data\";s:28:\"PHA+TW9hYml0LCBCZXJsaW48L3A+\";s:8:\"wrap_tag\";s:0:\"\";s:6:\"format\";s:6:\"base64\";}s:19:\"package-string-1-31\";a:4:{s:9:\"translate\";i:1;s:4:\"data\";s:72:\"PHA+NDIwMCBtPHNwYW4gc3R5bGU9ImZvbnQtc2l6ZTogMjBweDsiPsKyPC9zcGFuPjwvcD4=\";s:8:\"wrap_tag\";s:0:\"\";s:6:\"format\";s:6:\"base64\";}s:19:\"package-string-1-32\";a:4:{s:9:\"translate\";i:1;s:4:\"data\";s:92:\"PHAgc3R5bGU9InRleHQtYWxpZ246IGxlZnQ7Ij5BIHF1aWV0IG9mZmljZSB3aXRoaW4gdXJiYW4gYWN0aW9uPC9wPg==\";s:8:\"wrap_tag\";s:0:\"\";s:6:\"format\";s:6:\"base64\";}s:19:\"package-string-1-15\";a:4:{s:9:\"translate\";i:1;s:4:\"data\";s:8:\"YmVybGlu\";s:8:\"wrap_tag\";s:0:\"\";s:6:\"format\";s:6:\"base64\";}s:22:\"package-string-1-31409\";a:4:{s:9:\"translate\";i:1;s:4:\"data\";s:16:\"I2Zsb29ycGxhbnM=\";s:8:\"wrap_tag\";s:0:\"\";s:6:\"format\";s:6:\"base64\";}s:19:\"package-string-1-20\";a:4:{s:9:\"translate\";i:1;s:4:\"data\";s:16:\"QXZhaWxhYmlsaXR5\";s:8:\"wrap_tag\";s:0:\"\";s:6:\"format\";s:6:\"base64\";}s:19:\"package-string-1-21\";a:4:{s:9:\"translate\";i:1;s:4:\"data\";s:28:\"Ym90dG9uZSBhdmFpbGFiaWxpdHk=\";s:8:\"wrap_tag\";s:0:\"\";s:6:\"format\";s:6:\"base64\";}s:21:\"package-string-1-5116\";a:4:{s:9:\"translate\";i:1;s:4:\"data\";s:20:\"I2NvbnRhY3QtbW9iaWxl\";s:8:\"wrap_tag\";s:0:\"\";s:6:\"format\";s:6:\"base64\";}s:19:\"package-string-1-23\";a:4:{s:9:\"translate\";i:1;s:4:\"data\";s:16:\"Q29udGFjdCB1cw==\";s:8:\"wrap_tag\";s:0:\"\";s:6:\"format\";s:6:\"base64\";}s:19:\"package-string-1-24\";a:4:{s:9:\"translate\";i:1;s:4:\"data\";s:24:\"Ym90dG9uZSBjb250YWN0IHVz\";s:8:\"wrap_tag\";s:0:\"\";s:6:\"format\";s:6:\"base64\";}s:19:\"package-string-1-33\";a:4:{s:9:\"translate\";i:1;s:4:\"data\";s:16:\"cmlnYSBtb2JpbGU=\";s:8:\"wrap_tag\";s:0:\"\";s:6:\"format\";s:6:\"base64\";}s:19:\"package-string-1-34\";a:4:{s:9:\"translate\";i:1;s:4:\"data\";s:64:\"PGg1PkF2YWlsYWJsZSAoYXBwcm94Lik8L2g1Pgo8aDY+Mjc1MCBtwrI8L2g2Pg==\";s:8:\"wrap_tag\";s:0:\"\";s:6:\"format\";s:6:\"base64\";}s:19:\"package-string-1-35\";a:4:{s:9:\"translate\";i:1;s:4:\"data\";s:56:\"PGg1PkRpdmlzaWJsZSBmcm9tPC9oNT4KPGg2PjM1MCBtwrI8L2g2Pg==\";s:8:\"wrap_tag\";s:0:\"\";s:6:\"format\";s:6:\"base64\";}s:22:\"package-string-1-31282\";a:4:{s:9:\"translate\";i:1;s:4:\"data\";s:64:\"PGg1Pk1vbnRobHkgcmVudCBmcm9tPC9oNT4KPGg2PuKCrCAyNiAvIG3CsjwvaDY+\";s:8:\"wrap_tag\";s:0:\"\";s:6:\"format\";s:6:\"base64\";}s:22:\"package-string-1-31283\";a:4:{s:9:\"translate\";i:1;s:4:\"data\";s:104:\"PGg1PjxzcGFuPkFkZGl0aW9uYWwgQ29zdHMgZnJvbTwvc3Bhbj48L2g1Pgo8aDY+PHNwYW4+4oKsIDIgLyBtwrI8L3NwYW4+PC9oNj4=\";s:8:\"wrap_tag\";s:0:\"\";s:6:\"format\";s:6:\"base64\";}s:19:\"package-string-1-37\";a:4:{s:9:\"translate\";i:1;s:4:\"data\";s:56:\"PGg1PkJhc2VtZW50IHVwIHRvPC9oNT4KPGg2PjUwMCBtwrI8L2g2Pg==\";s:8:\"wrap_tag\";s:0:\"\";s:6:\"format\";s:6:\"base64\";}s:22:\"package-string-1-31284\";a:4:{s:9:\"translate\";i:1;s:4:\"data\";s:632:\"PHA+PHNwYW4+VGhpcyBhaXJ5IGFuZCBsaWdodCBvZmZpY2UgbG9mdCwgYnVpbHQgaW4gMTkxMCBpcyBpbnN1bGF0ZWQgaW4gYSBxdWlldCBjb3VydHlhcmQganVzdCBtZXRlcnMgYXdheSBmcm9tIHRoZSB2aWJyYW50IGRvd250b3duIG9mIE1vYWJpdDwvc3Bhbj4uIDxzcGFuPk5ld2x5IHJlc3RvcmVkLCB0aGlzIDUgc3RvcnkgcmVkLWJyaWNrIGJ1aWxkaW5nIGNvbWJpbmVzIGhpc3RvcmljIGNoYXJhY3RlciBhbmQgZnVuY3Rpb25hbGl0eS4gSGlnaCBjZWlsaW5ncyBhbmQgbGFyZ2Ugd2luZG93cyBvbiBib3RoIHNpZGVzIGFsbG93IGZvciBhIGxvdCBvZiBsaWdodCB0byBmbG93IGluLiBCaWtlLSBhbmQgY2FyIHBhcmtpbmcgc3BhY2VzIGFyZSBhdmFpbGFibGUgaW4gdGhlIGNvdXJ0eWFyZCwgb2ZmZXJpbmcgdGhlIHRlbmFudHMgYSB2YXJpZXR5IGluIGFjY2Vzc2liaWxpdHkgb2YgdGhlaXIgd29ya3BsYWNlLjwvc3Bhbj48L3A+\";s:8:\"wrap_tag\";s:0:\"\";s:6:\"format\";s:6:\"base64\";}s:21:\"package-string-1-5118\";a:4:{s:9:\"translate\";i:1;s:4:\"data\";s:592:\"PHA+VGhlIGF0dHJhY3RpdmUgb2ZmaWNlIGxvZnQsIGJ1aWx0IGluIDE5MTAgaXMgaW5zdWxhdGVkIGluIGEgcXVpZXQgY291cnR5YXJkIGp1c3QgbWV0ZXJzIGF3YXkgZnJvbSB0aGUgdmlicmFudCBkb3dudG93biBvZiBNb2FiaXQuIE5ld2x5IHJlc3RvcmVkLCB0aGlzIDUgc3RvcnkgcmVkLWJyaWNrIGJ1aWxkaW5nIGNvbWJpbmVzIGhpc3RvcmljIGNoYXJhY3RlciBhbmQgZnVuY3Rpb25hbGl0eS4gSGlnaCBjZWlsaW5ncyBhbmQgbGFyZ2Ugd2luZG93cyBvbiBib3RoIHNpZGVzIGFsbG93IGZvciBhIGxvdCBvZiBsaWdodCB0byBmbG93IGluLiBCaWtlLSBhbmQgY2FyIHBhcmtpbmcgc3BhY2VzIGFyZSBhdmFpbGFibGUgaW4gdGhlIGNvdXJ0eWFyZCwgb2ZmZXJpbmcgdGhlIHRlbmFudHMgYSB2YXJpZXR5IGluIGFjY2Vzc2liaWxpdHkgb2YgdGhlaXIgd29ya3BsYWNlLjwvcD4=\";s:8:\"wrap_tag\";s:0:\"\";s:6:\"format\";s:6:\"base64\";}s:22:\"package-string-1-31285\";a:4:{s:9:\"translate\";i:1;s:4:\"data\";s:256:\"PHA+PHNwYW4+TG9jYXRlZCBpbiBNb2FiaXQgdGhlIHVyYmFuIGNlbnRlciBvZiBCZXJsaW4uIFRoZSByZXN0b3JlZCA1IHN0b3J5IGJ1aWxkaW5nIGlzIGZ1bmN0aW9uYWwgYW5kIGJyaWdodC4gSXQgb2ZmZXJzIGEgZ3JlZW4gY291cnR5YXJkIHRvIHJlbGF4IHdpdGggcGFya2luZyBmb3IgYmlrZXMgYW5kIGNhcnMuPC9zcGFuPjwvcD4=\";s:8:\"wrap_tag\";s:0:\"\";s:6:\"format\";s:6:\"base64\";}s:22:\"package-string-1-31257\";a:4:{s:9:\"translate\";i:1;s:4:\"data\";s:12:\"cHJvdmEgMQ==\";s:8:\"wrap_tag\";s:0:\"\";s:6:\"format\";s:6:\"base64\";}s:22:\"package-string-1-31286\";a:4:{s:9:\"translate\";i:1;s:4:\"data\";s:12:\"a2V5aW5mbw==\";s:8:\"wrap_tag\";s:0:\"\";s:6:\"format\";s:6:\"base64\";}s:22:\"package-string-1-31295\";a:4:{s:9:\"translate\";i:1;s:4:\"data\";s:32:\"PHA+S2V5IEluZm9ybWF0aW9uPC9wPg==\";s:8:\"wrap_tag\";s:0:\"\";s:6:\"format\";s:6:\"base64\";}s:19:\"package-string-1-43\";a:4:{s:9:\"translate\";i:1;s:4:\"data\";s:240:\"PHRhYmxlIHN0eWxlPSJib3JkZXI6IGhpZGRlbjsiPgo8dGJvZHk+Cjx0cj4KPHRkIHN0eWxlPSJ3aWR0aDogNDUlOyI+CjxoNT5BdmFpbGFibGUgZnJvbTwvaDU+CjwvdGQ+Cjx0ZCBzdHlsZT0id2lkdGg6IDU1JTsiPgo8aDY+RW5kIG9mIFEyIDIwMjE8L2g2Pgo8L3RkPgo8L3RyPgo8L3Rib2R5Pgo8L3RhYmxlPg==\";s:8:\"wrap_tag\";s:0:\"\";s:6:\"format\";s:6:\"base64\";}s:22:\"package-string-1-31287\";a:4:{s:9:\"translate\";i:1;s:4:\"data\";s:284:\"PHRhYmxlIHN0eWxlPSJib3JkZXI6IGhpZGRlbjsiPgo8dGJvZHk+Cjx0cj4KPHRkIHN0eWxlPSJ3aWR0aDogNDUlOyI+CjxoNT48c3Bhbj5BZGRpdGlvbmFsIFNwYWNlIDwvc3Bhbj48L2g1Pgo8L3RkPgo8dGQgc3R5bGU9IndpZHRoOiA1NSU7Ij4KPGg2PjxzcGFuPjM1MCBtwrIgZnJvbSBRMSAyMDIyPC9zcGFuPjwvaDY+CjwvdGQ+CjwvdHI+CjwvdGJvZHk+CjwvdGFibGU+\";s:8:\"wrap_tag\";s:0:\"\";s:6:\"format\";s:6:\"base64\";}s:22:\"package-string-1-31288\";a:4:{s:9:\"translate\";i:1;s:4:\"data\";s:248:\"PHRhYmxlIHN0eWxlPSJib3JkZXI6IGhpZGRlbjsiPgo8dGJvZHk+Cjx0cj4KPHRkIHN0eWxlPSJ3aWR0aDogNDUlOyI+CjxoNT48c3Bhbj5BdmFpbGFibGUgRmxvb3JzPC9zcGFuPjwvaDU+CjwvdGQ+Cjx0ZCBzdHlsZT0id2lkdGg6IDU1JTsiPgo8aDY+NSBvZiA2PC9oNj4KPC90ZD4KPC90cj4KPC90Ym9keT4KPC90YWJsZT4=\";s:8:\"wrap_tag\";s:0:\"\";s:6:\"format\";s:6:\"base64\";}s:22:\"package-string-1-31289\";a:4:{s:9:\"translate\";i:1;s:4:\"data\";s:248:\"PHRhYmxlIHN0eWxlPSJib3JkZXI6IGhpZGRlbjsiPgo8dGJvZHk+Cjx0cj4KPHRkIHN0eWxlPSJ3aWR0aDogNDUlOyI+CjxoNT48c3Bhbj5Vbml0cyBwZXIgZmxvb3I8L3NwYW4+PC9oNT4KPC90ZD4KPHRkIHN0eWxlPSJ3aWR0aDogNTUlOyI+CjxoNj4xIG9yIDI8L2g2Pgo8L3RkPgo8L3RyPgo8L3Rib2R5Pgo8L3RhYmxlPg==\";s:8:\"wrap_tag\";s:0:\"\";s:6:\"format\";s:6:\"base64\";}s:22:\"package-string-1-31290\";a:4:{s:9:\"translate\";i:1;s:4:\"data\";s:272:\"PHRhYmxlIHN0eWxlPSJib3JkZXI6IGhpZGRlbjsiPgo8dGJvZHk+Cjx0cj4KPHRkIHN0eWxlPSJ3aWR0aDogNDUlOyI+CjxoNT48c3Bhbj5DZWlsaW5nIEhlaWdodDwvc3Bhbj48L2g1Pgo8L3RkPgo8dGQgc3R5bGU9IndpZHRoOiA1NSU7Ij4KPGg2PjxzcGFuPjIuNjcgLSAzLjQzIG08L3NwYW4+PC9oNj4KPC90ZD4KPC90cj4KPC90Ym9keT4KPC90YWJsZT4=\";s:8:\"wrap_tag\";s:0:\"\";s:6:\"format\";s:6:\"base64\";}s:22:\"package-string-1-31291\";a:4:{s:9:\"translate\";i:1;s:4:\"data\";s:252:\"PHRhYmxlIHN0eWxlPSJib3JkZXI6IGhpZGRlbjsiPgo8dGJvZHk+Cjx0cj4KPHRkIHN0eWxlPSJ3aWR0aDogNDUlOyI+CjxoNT48c3Bhbj5FbGV2YXRvcjwvc3Bhbj48L2g1Pgo8L3RkPgo8dGQgc3R5bGU9IndpZHRoOiA1NSU7Ij4KPGg2PjxzcGFuPlllczwvc3Bhbj48L2g2Pgo8L3RkPgo8L3RyPgo8L3Rib2R5Pgo8L3RhYmxlPg==\";s:8:\"wrap_tag\";s:0:\"\";s:6:\"format\";s:6:\"base64\";}s:22:\"package-string-1-31292\";a:4:{s:9:\"translate\";i:1;s:4:\"data\";s:236:\"PHRhYmxlIHN0eWxlPSJib3JkZXI6IGhpZGRlbjsiPgo8dGJvZHk+Cjx0cj4KPHRkIHN0eWxlPSJ3aWR0aDogNDUlOyI+CjxoNT48c3Bhbj5UZWEgS2l0Y2hlbjwvc3Bhbj48L2g1Pgo8L3RkPgo8dGQgc3R5bGU9IndpZHRoOiA1NSU7Ij4KPGg2PlllczwvaDY+CjwvdGQ+CjwvdHI+CjwvdGJvZHk+CjwvdGFibGU+\";s:8:\"wrap_tag\";s:0:\"\";s:6:\"format\";s:6:\"base64\";}s:22:\"package-string-1-31293\";a:4:{s:9:\"translate\";i:1;s:4:\"data\";s:224:\"PHRhYmxlIHN0eWxlPSJib3JkZXI6IGhpZGRlbjsiPgo8dGJvZHk+Cjx0cj4KPHRkIHN0eWxlPSJ3aWR0aDogNDUlOyI+CjxoNT5QYXJraW5nIFNwYWNlczwvaDU+CjwvdGQ+Cjx0ZCBzdHlsZT0id2lkdGg6IDU1JTsiPgo8aDY+MTM8L2g2Pgo8L3RkPgo8L3RyPgo8L3Rib2R5Pgo8L3RhYmxlPg==\";s:8:\"wrap_tag\";s:0:\"\";s:6:\"format\";s:6:\"base64\";}s:19:\"package-string-1-49\";a:4:{s:9:\"translate\";i:1;s:4:\"data\";s:268:\"PHRhYmxlIHN0eWxlPSJib3JkZXI6IGhpZGRlbjsiPgo8dGJvZHk+Cjx0cj4KPHRkIHN0eWxlPSJ3aWR0aDogNDUlOyI+CjxoNT5GbG9vcmluZyBPcHRpb25zPC9oNT4KPC90ZD4KPHRkIHN0eWxlPSJ3aWR0aDogNTUlOyI+CjxoNj5FcG94eSwgSGFyZHdvb2QsIENhcnBldCwgTGlub2xldW08L2g2Pgo8L3RkPgo8L3RyPgo8L3Rib2R5Pgo8L3RhYmxlPg==\";s:8:\"wrap_tag\";s:0:\"\";s:6:\"format\";s:6:\"base64\";}s:19:\"package-string-1-50\";a:4:{s:9:\"translate\";i:1;s:4:\"data\";s:224:\"PHRhYmxlIHN0eWxlPSJib3JkZXI6IGhpZGRlbjsiPgo8dGJvZHk+Cjx0cj4KPHRkIHN0eWxlPSJ3aWR0aDogNDUlOyI+CjxoNT5Db29saW5nPC9oNT4KPC90ZD4KPHRkIHN0eWxlPSJ3aWR0aDogNTUlOyI+CjxoNj5PbiByZXF1ZXN0PC9oNj4KPC90ZD4KPC90cj4KPC90Ym9keT4KPC90YWJsZT4=\";s:8:\"wrap_tag\";s:0:\"\";s:6:\"format\";s:6:\"base64\";}s:22:\"package-string-1-31388\";a:4:{s:9:\"translate\";i:1;s:4:\"data\";s:60:\"PGg1PlByb3BlcnR5IFR5cGU8L2g1Pgo8aDY+TG9mdCBPZmZpY2U8L2g2Pg==\";s:8:\"wrap_tag\";s:0:\"\";s:6:\"format\";s:6:\"base64\";}s:22:\"package-string-1-31389\";a:4:{s:9:\"translate\";i:1;s:4:\"data\";s:64:\"PGg1PkxheW91dDwvaDU+CjxoNj5PcGVuIFBsYW4vIENvbHVtbiBHcmlkPC9oNj4=\";s:8:\"wrap_tag\";s:0:\"\";s:6:\"format\";s:6:\"base64\";}s:19:\"package-string-1-55\";a:4:{s:9:\"translate\";i:1;s:4:\"data\";s:72:\"PGg1PlByb3BlcnR5IGNvbmRpdGlvbjwvaDU+CjxoNj5MaXN0ZWQvTW9kZXJuaXNlZDwvaDY+\";s:8:\"wrap_tag\";s:0:\"\";s:6:\"format\";s:6:\"base64\";}s:19:\"package-string-1-58\";a:4:{s:9:\"translate\";i:1;s:4:\"data\";s:28:\"QU03M19GaW5hbF9OVlYtMDcgMiAy\";s:8:\"wrap_tag\";s:0:\"\";s:6:\"format\";s:6:\"base64\";}s:19:\"package-string-1-51\";a:4:{s:9:\"translate\";i:1;s:4:\"data\";s:28:\"QU03M19GaW5hbF9OVlYtMDggMQ==\";s:8:\"wrap_tag\";s:0:\"\";s:6:\"format\";s:6:\"base64\";}s:19:\"package-string-1-52\";a:4:{s:9:\"translate\";i:1;s:4:\"data\";s:48:\"PGg1PlByb3BlcnR5IFR5cGU8L2g1Pgo8aDY+TG9mdDwvaDY+\";s:8:\"wrap_tag\";s:0:\"\";s:6:\"format\";s:6:\"base64\";}s:19:\"package-string-1-53\";a:4:{s:9:\"translate\";i:1;s:4:\"data\";s:48:\"PGg1PkxheW91dDwvaDU+CjxoNj5PcGVuIFBsYW48L2g2Pg==\";s:8:\"wrap_tag\";s:0:\"\";s:6:\"format\";s:6:\"base64\";}s:19:\"package-string-1-54\";a:4:{s:9:\"translate\";i:1;s:4:\"data\";s:56:\"PGg1PkNvbnN0cnVjdGlvbiB5ZWFyPC9oNT4KPGg2PjE5MTA8L2g2Pg==\";s:8:\"wrap_tag\";s:0:\"\";s:6:\"format\";s:6:\"base64\";}s:19:\"package-string-1-59\";a:4:{s:9:\"translate\";i:1;s:4:\"data\";s:64:\"PGg1PlByb3BlcnR5IGNvbmRpdGlvbjwvaDU+CjxoNj5Nb2Rlcm5pc2VkPC9oNj4=\";s:8:\"wrap_tag\";s:0:\"\";s:6:\"format\";s:6:\"base64\";}s:19:\"package-string-1-56\";a:4:{s:9:\"translate\";i:1;s:4:\"data\";s:72:\"PGg1Pkxhc3QgcmVub3ZhdGlvbiAvIHJlZnVyYmlzaG1lbnQ8L2g1Pgo8aDY+MjAyMTwvaDY+\";s:8:\"wrap_tag\";s:0:\"\";s:6:\"format\";s:6:\"base64\";}s:19:\"package-string-1-57\";a:4:{s:9:\"translate\";i:1;s:4:\"data\";s:64:\"PGg1PlF1YWxpdHkgb2YgRmFjaWxpdGllczwvaDU+CjxoNj5VcHNjYWxlPC9oNj4=\";s:8:\"wrap_tag\";s:0:\"\";s:6:\"format\";s:6:\"base64\";}s:22:\"package-string-1-31400\";a:4:{s:9:\"translate\";i:1;s:4:\"data\";s:28:\"PGgyPkZsb29yIFBsYW5zPC9oMj4=\";s:8:\"wrap_tag\";s:0:\"\";s:6:\"format\";s:6:\"base64\";}s:22:\"package-string-1-31399\";a:4:{s:9:\"translate\";i:1;s:4:\"data\";s:36:\"W3NwX3dwY2Fyb3VzZWwgaWQ9IjgzODkiXQ==\";s:8:\"wrap_tag\";s:0:\"\";s:6:\"format\";s:6:\"base64\";}s:22:\"package-string-1-31401\";a:4:{s:9:\"translate\";i:1;s:4:\"data\";s:16:\"Zmxvb3JwbGFucw==\";s:8:\"wrap_tag\";s:0:\"\";s:6:\"format\";s:6:\"base64\";}s:22:\"package-string-1-31066\";a:4:{s:9:\"translate\";i:1;s:4:\"data\";s:28:\"PGgyPlRoZSBHYXJkZW5zPC9oMj4=\";s:8:\"wrap_tag\";s:0:\"\";s:6:\"format\";s:6:\"base64\";}s:22:\"package-string-1-13198\";a:4:{s:9:\"translate\";i:1;s:4:\"data\";s:16:\"W2dhcmRlbi1lbl0=\";s:8:\"wrap_tag\";s:0:\"\";s:6:\"format\";s:6:\"base64\";}s:22:\"package-string-1-31081\";a:4:{s:9:\"translate\";i:1;s:4:\"data\";s:24:\"PGgyPkdhbGxlcnk8L2gyPg==\";s:8:\"wrap_tag\";s:0:\"\";s:6:\"format\";s:6:\"base64\";}s:22:\"package-string-1-31078\";a:4:{s:9:\"translate\";i:1;s:4:\"data\";s:32:\"W3NwX3dwY2Fyb3VzZWwgaWQ9IjQyNyJd\";s:8:\"wrap_tag\";s:0:\"\";s:6:\"format\";s:6:\"base64\";}s:19:\"package-string-1-64\";a:4:{s:9:\"translate\";i:1;s:4:\"data\";s:24:\"PGgyPkxvY2F0aW9uPC9oMj4=\";s:8:\"wrap_tag\";s:0:\"\";s:6:\"format\";s:6:\"base64\";}s:22:\"package-string-1-31423\";a:4:{s:9:\"translate\";i:1;s:4:\"data\";s:68:\"W2dtdyB0aHVtYl93aWR0aD0iMjUwIiB0aHVtYl9oZWlnaHQ9IjI1MCIgaWQ9IjYiXQ==\";s:8:\"wrap_tag\";s:0:\"\";s:6:\"format\";s:6:\"base64\";}s:19:\"package-string-1-66\";a:4:{s:9:\"translate\";i:1;s:4:\"data\";s:12:\"bG9jYXRpb24=\";s:8:\"wrap_tag\";s:0:\"\";s:6:\"format\";s:6:\"base64\";}s:19:\"package-string-1-68\";a:4:{s:9:\"translate\";i:1;s:4:\"data\";s:40:\"cGhvdG9ncmFwaC0zMDg4LXNjYWxlZC02MjB4MCAx\";s:8:\"wrap_tag\";s:0:\"\";s:6:\"format\";s:6:\"base64\";}s:22:\"package-string-1-31358\";a:4:{s:9:\"translate\";i:1;s:4:\"data\";s:276:\"PHRhYmxlIHN0eWxlPSJib3JkZXI6IGhpZGRlbjsiPgo8dGJvZHk+Cjx0cj4KPHRkIHN0eWxlPSJ3aWR0aDogMjAlOyBwYWRkaW5nLXJpZ2h0OjI3cHggIWltcG9ydGFudDsiPgo8aDQ+MDg8L2g0Pgo8L3RkPgo8dGQgc3R5bGU9IndpZHRoOiA4MCU7Ij4KPGg1Pk1JTjwvaDU+CjxoNj50byBVLUJhaG48L2g2Pgo8L3RkPgo8L3RyPgo8L3Rib2R5Pgo8L3RhYmxlPg==\";s:8:\"wrap_tag\";s:0:\"\";s:6:\"format\";s:6:\"base64\";}s:22:\"package-string-1-31359\";a:4:{s:9:\"translate\";i:1;s:4:\"data\";s:344:\"PHRhYmxlIHN0eWxlPSJib3JkZXI6IGhpZGRlbjsgd2lkdGg6IDEwMCU7Ij4KPHRib2R5Pgo8dHI+Cjx0ZCBzdHlsZT0id2lkdGg6IDIwJTsgcGFkZGluZy1yaWdodDogMjVweCAhaW1wb3J0YW50OyI+CjxoND4xNTwvaDQ+CjwvdGQ+Cjx0ZCBzdHlsZT0id2lkdGg6IDgwJTsgcGFkZGluZy1sZWZ0OiA0NnB4OyI+CjxoNT5NSU48L2g1Pgo8aDY+PHNwYW4+dG8gSGF1cHRiYWhuaG9mPC9zcGFuPjwvaDY+CjwvdGQ+CjwvdHI+CjwvdGJvZHk+CjwvdGFibGU+\";s:8:\"wrap_tag\";s:0:\"\";s:6:\"format\";s:6:\"base64\";}s:22:\"package-string-1-31360\";a:4:{s:9:\"translate\";i:1;s:4:\"data\";s:340:\"PHRhYmxlIHN0eWxlPSJib3JkZXI6IGhpZGRlbjsgd2lkdGg6IDEwMCU7Ij4KPHRib2R5Pgo8dHI+Cjx0ZCBzdHlsZT0id2lkdGg6IDIwJTsgcGFkZGluZy1yaWdodDogMHB4ICFpbXBvcnRhbnQ7Ij4KPGg0PjA2PC9oND4KPC90ZD4KPHRkIHN0eWxlPSJ3aWR0aDogODAlOyBwYWRkaW5nLWxlZnQ6IDQ2cHg7Ij4KPGg1Pk1JTjwvaDU+CjxoNj48c3Bhbj50byBBdXRvYmFobjwvc3Bhbj48L2g2Pgo8L3RkPgo8L3RyPgo8L3Rib2R5Pgo8L3RhYmxlPg==\";s:8:\"wrap_tag\";s:0:\"\";s:6:\"format\";s:6:\"base64\";}s:22:\"package-string-1-31361\";a:4:{s:9:\"translate\";i:1;s:4:\"data\";s:292:\"PHRhYmxlIHN0eWxlPSJib3JkZXI6IGhpZGRlbjsiPgo8dGJvZHk+Cjx0cj4KPHRkIHN0eWxlPSJ3aWR0aDogMjAlOyBwYWRkaW5nLXJpZ2h0OiAzM3B4ICFpbXBvcnRhbnQ7Ij4KPGg0PjEwPC9oND4KPC90ZD4KPHRkIHN0eWxlPSJ3aWR0aDogODAlOyI+CjxoNT5NSU48L2g1Pgo8aDY+PHNwYW4+dG8gUy1iYWhuPC9zcGFuPjwvaDY+CjwvdGQ+CjwvdHI+CjwvdGJvZHk+CjwvdGFibGU+\";s:8:\"wrap_tag\";s:0:\"\";s:6:\"format\";s:6:\"base64\";}s:22:\"package-string-1-31362\";a:4:{s:9:\"translate\";i:1;s:4:\"data\";s:300:\"PHRhYmxlIHN0eWxlPSJib3JkZXI6IGhpZGRlbjsiPgo8dGJvZHk+Cjx0cj4KPHRkIHN0eWxlPSJ3aWR0aDogMjAlOyBwYWRkaW5nLXJpZ2h0OiAxNnB4ICFpbXBvcnRhbnQ7Ij4KPGg0PjQwPC9oND4KPC90ZD4KPHRkIHN0eWxlPSJ3aWR0aDogODAlOyI+CjxoNT5NSU48L2g1Pgo8aDY+PHNwYW4+dG8gQkVSIEFpcnBvcnQ8L3NwYW4+PC9oNj4KPC90ZD4KPC90cj4KPC90Ym9keT4KPC90YWJsZT4=\";s:8:\"wrap_tag\";s:0:\"\";s:6:\"format\";s:6:\"base64\";}s:22:\"package-string-1-31363\";a:4:{s:9:\"translate\";i:1;s:4:\"data\";s:348:\"PHRhYmxlIHN0eWxlPSJib3JkZXI6IGhpZGRlbjsgd2lkdGg6IDEwMCU7Ij4KPHRib2R5Pgo8dHI+Cjx0ZCBzdHlsZT0id2lkdGg6IDIwJTsgcGFkZGluZy1yaWdodDogMTdweCAhaW1wb3J0YW50OyI+CjxoND4xNTwvaDQ+CjwvdGQ+Cjx0ZCBzdHlsZT0id2lkdGg6IDgwJTsgcGFkZGluZy1sZWZ0OiA0NnB4OyI+CjxoNT5NSU48L2g1Pgo8aDY+PHNwYW4+dG8gUG90c2RhbWVyIFBsYXR6PC9zcGFuPjwvaDY+CjwvdGQ+CjwvdHI+CjwvdGJvZHk+CjwvdGFibGU+\";s:8:\"wrap_tag\";s:0:\"\";s:6:\"format\";s:6:\"base64\";}s:19:\"package-string-1-73\";a:4:{s:9:\"translate\";i:1;s:4:\"data\";s:20:\"YWNjZXNzaWJpbGl0eQ==\";s:8:\"wrap_tag\";s:0:\"\";s:6:\"format\";s:6:\"base64\";}s:19:\"package-string-1-67\";a:4:{s:9:\"translate\";i:1;s:4:\"data\";s:32:\"PGgyPkFjY2Vzc2liaWxpdHk8L2gyPg==\";s:8:\"wrap_tag\";s:0:\"\";s:6:\"format\";s:6:\"base64\";}s:22:\"package-string-1-31351\";a:4:{s:9:\"translate\";i:1;s:4:\"data\";s:40:\"cGhvdG9ncmFwaC0zMDg4LXNjYWxlZC02MjB4MCAy\";s:8:\"wrap_tag\";s:0:\"\";s:6:\"format\";s:6:\"base64\";}s:22:\"package-string-1-31382\";a:4:{s:9:\"translate\";i:1;s:4:\"data\";s:276:\"PHRhYmxlIHN0eWxlPSJib3JkZXI6IGhpZGRlbjsiPgo8dGJvZHk+Cjx0cj4KPHRkIHN0eWxlPSJ3aWR0aDogMjAlOyBwYWRkaW5nLXJpZ2h0OiAzcHggIWltcG9ydGFudDsiPgo8aDQ+MDg8L2g0Pgo8L3RkPgo8dGQgc3R5bGU9IndpZHRoOiA4MCU7Ij4KPGg1Pk1JTjwvaDU+CjxoNj50byBVLUJhaG48L2g2Pgo8L3RkPgo8L3RyPgo8L3Rib2R5Pgo8L3RhYmxlPg==\";s:8:\"wrap_tag\";s:0:\"\";s:6:\"format\";s:6:\"base64\";}s:22:\"package-string-1-31383\";a:4:{s:9:\"translate\";i:1;s:4:\"data\";s:300:\"PHRhYmxlIHN0eWxlPSJib3JkZXI6IGhpZGRlbjsiPgo8dGJvZHk+Cjx0cj4KPHRkIHN0eWxlPSJ3aWR0aDogMjAlOyBwYWRkaW5nLXJpZ2h0OiAyM3B4ICFpbXBvcnRhbnQ7Ij4KPGg0PjE1PC9oND4KPC90ZD4KPHRkIHN0eWxlPSJ3aWR0aDogODAlOyI+CjxoNT5NSU48L2g1Pgo8aDY+PHNwYW4+dG8gSGF1cHRiYWhuaG9mPC9zcGFuPjwvaDY+CjwvdGQ+CjwvdHI+CjwvdGJvZHk+CjwvdGFibGU+\";s:8:\"wrap_tag\";s:0:\"\";s:6:\"format\";s:6:\"base64\";}s:22:\"package-string-1-31384\";a:4:{s:9:\"translate\";i:1;s:4:\"data\";s:296:\"PHRhYmxlIHN0eWxlPSJib3JkZXI6IGhpZGRlbjsiPgo8dGJvZHk+Cjx0cj4KPHRkIHN0eWxlPSJ3aWR0aDogMjAlOyBwYWRkaW5nLXJpZ2h0OiAwcHggIWltcG9ydGFudDsiPgo8aDQ+MDY8L2g0Pgo8L3RkPgo8dGQgc3R5bGU9IndpZHRoOiA4MCU7Ij4KPGg1Pk1JTjwvaDU+CjxoNj48c3Bhbj50byBBdXRvYmFobjwvc3Bhbj48L2g2Pgo8L3RkPgo8L3RyPgo8L3Rib2R5Pgo8L3RhYmxlPg==\";s:8:\"wrap_tag\";s:0:\"\";s:6:\"format\";s:6:\"base64\";}s:22:\"package-string-1-31385\";a:4:{s:9:\"translate\";i:1;s:4:\"data\";s:292:\"PHRhYmxlIHN0eWxlPSJib3JkZXI6IGhpZGRlbjsiPgo8dGJvZHk+Cjx0cj4KPHRkIHN0eWxlPSJ3aWR0aDogMjAlOyBwYWRkaW5nLXJpZ2h0OiAxNnB4ICFpbXBvcnRhbnQ7Ij4KPGg0PjEwPC9oND4KPC90ZD4KPHRkIHN0eWxlPSJ3aWR0aDogODAlOyI+CjxoNT5NSU48L2g1Pgo8aDY+PHNwYW4+dG8gUy1iYWhuPC9zcGFuPjwvaDY+CjwvdGQ+CjwvdHI+CjwvdGJvZHk+CjwvdGFibGU+\";s:8:\"wrap_tag\";s:0:\"\";s:6:\"format\";s:6:\"base64\";}s:22:\"package-string-1-31386\";a:4:{s:9:\"translate\";i:1;s:4:\"data\";s:300:\"PHRhYmxlIHN0eWxlPSJib3JkZXI6IGhpZGRlbjsiPgo8dGJvZHk+Cjx0cj4KPHRkIHN0eWxlPSJ3aWR0aDogMjAlOyBwYWRkaW5nLXJpZ2h0OiAwcHggIWltcG9ydGFudDsiPgo8aDQ+NDA8L2g0Pgo8L3RkPgo8dGQgc3R5bGU9IndpZHRoOiA4MCU7Ij4KPGg1Pk1JTjwvaDU+CjxoNj48c3Bhbj50byBCRVIgQWlycG9ydDwvc3Bhbj48L2g2Pgo8L3RkPgo8L3RyPgo8L3Rib2R5Pgo8L3RhYmxlPg==\";s:8:\"wrap_tag\";s:0:\"\";s:6:\"format\";s:6:\"base64\";}s:22:\"package-string-1-31387\";a:4:{s:9:\"translate\";i:1;s:4:\"data\";s:304:\"PHRhYmxlIHN0eWxlPSJib3JkZXI6IGhpZGRlbjsiPgo8dGJvZHk+Cjx0cj4KPHRkIHN0eWxlPSJ3aWR0aDogMjAlOyBwYWRkaW5nLXJpZ2h0OiAyMnB4ICFpbXBvcnRhbnQ7Ij4KPGg0PjE1PC9oND4KPC90ZD4KPHRkIHN0eWxlPSJ3aWR0aDogODAlOyI+CjxoNT5NSU48L2g1Pgo8aDY+PHNwYW4+dG8gUG90c2RhbWVyIFBsYXR6PC9zcGFuPjwvaDY+CjwvdGQ+CjwvdHI+CjwvdGJvZHk+CjwvdGFibGU+\";s:8:\"wrap_tag\";s:0:\"\";s:6:\"format\";s:6:\"base64\";}s:19:\"package-string-1-80\";a:4:{s:9:\"translate\";i:1;s:4:\"data\";s:24:\"YWNjZXNzaWJpbGl0eS10YWI=\";s:8:\"wrap_tag\";s:0:\"\";s:6:\"format\";s:6:\"base64\";}s:19:\"package-string-1-81\";a:4:{s:9:\"translate\";i:1;s:4:\"data\";s:32:\"PGgyPldvcmsgJmFtcDsgUGxheTwvaDI+\";s:8:\"wrap_tag\";s:0:\"\";s:6:\"format\";s:6:\"base64\";}s:22:\"package-string-1-31075\";a:4:{s:9:\"translate\";i:1;s:4:\"data\";s:48:\"PGgyPltzbWFydF9wb3N0X3Nob3cgaWQ9IjM5OTkiXTwvaDI+\";s:8:\"wrap_tag\";s:0:\"\";s:6:\"format\";s:6:\"base64\";}s:22:\"package-string-1-31408\";a:4:{s:9:\"translate\";i:1;s:4:\"data\";s:40:\"PGgyPkN1c3RvbTxiciAvPlBhY2thZ2VzPC9oMj4=\";s:8:\"wrap_tag\";s:0:\"\";s:6:\"format\";s:6:\"base64\";}s:19:\"package-string-1-84\";a:4:{s:9:\"translate\";i:1;s:4:\"data\";s:12:\"TWFzayB0YWI=\";s:8:\"wrap_tag\";s:0:\"\";s:6:\"format\";s:6:\"base64\";}s:22:\"package-string-1-31403\";a:4:{s:9:\"translate\";i:1;s:4:\"data\";s:132:\"PHA+PHNwYW4+Q2hvb3NlIFBhcnF1ZXQgb3IgQ2FycGV0IGZsb29yaW5nLiBVcGdyYWRlIHRvIEVwb3h5LCBjb25jcmV0ZSBzdHlsZSBmbG9vcmluZy4gPC9zcGFuPjwvcD4=\";s:8:\"wrap_tag\";s:0:\"\";s:6:\"format\";s:6:\"base64\";}s:22:\"package-string-1-31404\";a:4:{s:9:\"translate\";i:1;s:4:\"data\";s:136:\"PHA+PHNwYW4+TWl4IGdsYXNzIGFuZCBwbGFzdGVyYm9hcmQgd2FsbHMgb3IgdXBncmFkZSB0byBhbGwgZ2xhc3MgLSB5b3UgY2hvc2UgdGhlIGxheW91dC48L3NwYW4+PC9wPg==\";s:8:\"wrap_tag\";s:0:\"\";s:6:\"format\";s:6:\"base64\";}s:22:\"package-string-1-31405\";a:4:{s:9:\"translate\";i:1;s:4:\"data\";s:120:\"PHA+PHNwYW4+TWl4IGdsYXNzIGFuZCBwbGFzdGVyYm9hcmQgd2FsbHMgb3IgdXBncmFkZSB0byBhbGwgZ2xhc3MgLSB5b3UgY2hvc2UuPC9zcGFuPjwvcD4=\";s:8:\"wrap_tag\";s:0:\"\";s:6:\"format\";s:6:\"base64\";}s:22:\"package-string-1-31406\";a:4:{s:9:\"translate\";i:1;s:4:\"data\";s:128:\"PHA+PHNwYW4+Q2lyY3VsYXRpbmcgYWlyIGNvb2xpbmcgc3lzdGVtIGlzIGF2YWlsYWJsZSBmb3IgbWFpbiBhcmVhIGFuZCBtZWV0aW5nIHJvb21zLjwvc3Bhbj48L3A+\";s:8:\"wrap_tag\";s:0:\"\";s:6:\"format\";s:6:\"base64\";}s:22:\"package-string-1-31407\";a:4:{s:9:\"translate\";i:1;s:4:\"data\";s:1596:\"PGRpdiBjbGFzcz0icmF3X2NvbXBvbmVudHMtLXBhbmVsLS0zSWNYZyBpbnNwZWN0X3BhbmVscy0taW5zcGVjdGlvblBhbmVsLS0zV2JveiIgdGFiaW5kZXg9Ii0xIj4KPGRpdiBjbGFzcz0iaW5zcGVjdF9wYW5lbHMtLWNvcHlhYmxlUm93LS0yX1BpWiBpbnNwZWN0X3BhbmVscy0taGlnaGxpZ2h0Um93LS0yMVA5UyI+CjxkaXYgY2xhc3M9Imluc3BlY3RfcGFuZWxzLS1wcm9wZXJ0eVJvd0NvbnRlbnQtLTdZLW11IGluc3BlY3RfcGFuZWxzLS1jb3B5YWJsZVJvdy0tMl9QaVogaW5zcGVjdF9wYW5lbHMtLWhpZ2hsaWdodFJvdy0tMjFQOVMiPgo8ZGl2IGNsYXNzPSJpbnNwZWN0X3BhbmVscy0tY29udGVudFByb3BlcnR5LS0yWjFRSSB0ZXh0LS1mb250UG9zMTEtLVJTZWkzIHRleHQtLV9mb250QmFzZS0tWVdEbzAgZWxsaXBzaXMtLWVsbGlwc2lzQWZ0ZXI4TGluZXMtLTJybjMyIGVsbGlwc2lzLS1fZWxsaXBzaXNBZnRlck5MaW5lcy0tMjZKa1oiPjxzcGFuPldvcmtwbGFjZSBsaWdodGluZyBpbiBhY2NvcmRhbmNlIHdpdGggQVNSIHdpdGggcGVuZGFudCBsaWdodHMgY2FuIGFsc28gYmUgaW5zdGFsbGVkLjwvc3Bhbj48L2Rpdj4KPC9kaXY+CjwvZGl2Pgo8L2Rpdj4KPGRpdiBjbGFzcz0icmF3X2NvbXBvbmVudHMtLXBhbmVsLS0zSWNYZyBpbnNwZWN0X3BhbmVscy0taW5zcGVjdGlvblBhbmVsLS0zV2JveiIgdGFiaW5kZXg9Ii0xIj4KPGRpdiBjbGFzcz0iaW5zcGVjdF9wYW5lbHMtLXBhbmVsVGl0bGUtLTNnZmMyIHRleHQtLWZvbnRQb3MxMS0tUlNlaTMgdGV4dC0tX2ZvbnRCYXNlLS1ZV0RvMCI+CjxkaXYgY2xhc3M9Imluc3BlY3RfcGFuZWxzLS1wYW5lbENvcHlBY3Rpb25Db250cm9scy0tMnQtc3oiPjwvZGl2Pgo8L2Rpdj4KPGRpdj4KPGRpdiBjbGFzcz0iaW5zcGVjdF9wYW5lbHMtLXR5cG9ncmFwaHlTZWN0aW9uLS0zNkxvSiI+CjxkaXYgY2xhc3M9Imluc3BlY3RfcGFuZWxzLS1jb3B5YWJsZVJvdy0tMl9QaVogaW5zcGVjdF9wYW5lbHMtLWhpZ2hsaWdodFJvdy0tMjFQOVMiPgo8ZGl2IGNsYXNzPSJpbnNwZWN0X3BhbmVscy0tdHlwb2dyYXBoeVByb3BlcnR5Um93LS0yY2NpaCBpbnNwZWN0X3BhbmVscy0tcHJvcGVydHlSb3ctLUt2NExwIGluc3BlY3RfcGFuZWxzLS1iYXNlUHJvcGVydHlSb3ctLTJ3WkJFIj4KPGRpdj48L2Rpdj4KPC9kaXY+CjwvZGl2Pgo8L2Rpdj4KPC9kaXY+CjwvZGl2Pg==\";s:8:\"wrap_tag\";s:0:\"\";s:6:\"format\";s:6:\"base64\";}s:22:\"package-string-1-31065\";a:4:{s:9:\"translate\";i:1;s:4:\"data\";s:44:\"PGgyPkdFVCBPVVI8YnIgLz5DQVRBTE9HVUU8L2gyPg==\";s:8:\"wrap_tag\";s:0:\"\";s:6:\"format\";s:6:\"base64\";}s:19:\"package-string-1-90\";a:4:{s:9:\"translate\";i:1;s:4:\"data\";s:64:\"W2NvbnRhY3QtZm9ybS03IGlkPSIxMTQ4IiB0aXRsZT0ib3VyIGNhdGFsb2d1ZSJd\";s:8:\"wrap_tag\";s:0:\"\";s:6:\"format\";s:6:\"base64\";}s:22:\"package-string-1-31301\";a:4:{s:9:\"translate\";i:1;s:4:\"data\";s:104:\"PHA+MDMwIDQzOTcxNDU5MDxiciAvPjxzcGFuPjAxNzYgNDA3NTU0NjA8YnIgLz4wMTcyIDg1MCAyMyA5OTxiciAvPjwvc3Bhbj48L3A+\";s:8:\"wrap_tag\";s:0:\"\";s:6:\"format\";s:6:\"base64\";}s:20:\"package-string-1-102\";a:4:{s:9:\"translate\";i:1;s:4:\"data\";s:12:\"Y29udGFjdA==\";s:8:\"wrap_tag\";s:0:\"\";s:6:\"format\";s:6:\"base64\";}s:22:\"package-string-1-31300\";a:4:{s:9:\"translate\";i:1;s:4:\"data\";s:116:\"PHA+PGEgaHJlZj0ibWFpbHRvOmxldHRpbmdAdm9sdG1vYWJpdC5jb20iPjxzcGFuPmxldHRpbmdAdm9sdG1vYWJpdC5jb208L3NwYW4+PC9hPjwvcD4=\";s:8:\"wrap_tag\";s:0:\"\";s:6:\"format\";s:6:\"base64\";}s:20:\"package-string-1-103\";a:4:{s:9:\"translate\";i:1;s:4:\"data\";s:20:\"Y29udGFjdC10YWJsZXQ=\";s:8:\"wrap_tag\";s:0:\"\";s:6:\"format\";s:6:\"base64\";}s:19:\"package-string-1-91\";a:4:{s:9:\"translate\";i:1;s:4:\"data\";s:24:\"PGgyPkNvbnRhY3Q8L2gyPg==\";s:8:\"wrap_tag\";s:0:\"\";s:6:\"format\";s:6:\"base64\";}s:22:\"package-string-1-31303\";a:4:{s:9:\"translate\";i:1;s:4:\"data\";s:96:\"PHA+MDMwIDQzOTcxNDU5MDxiciAvPjxzcGFuPjAxNzYgNDA3NTU0NjA8YnIgLz4wMTcyIDg1MCAyMyA5OTwvc3Bhbj48L3A+\";s:8:\"wrap_tag\";s:0:\"\";s:6:\"format\";s:6:\"base64\";}s:19:\"package-string-1-95\";a:4:{s:9:\"translate\";i:1;s:4:\"data\";s:28:\"PHA+T1VSIENIQU5ORUxTPC9wPg==\";s:8:\"wrap_tag\";s:0:\"\";s:6:\"format\";s:6:\"base64\";}s:19:\"package-string-1-96\";a:4:{s:9:\"translate\";i:1;s:4:\"data\";s:8:\"RnJhbWU=\";s:8:\"wrap_tag\";s:0:\"\";s:6:\"format\";s:6:\"base64\";}s:19:\"package-string-1-98\";a:4:{s:9:\"translate\";i:1;s:4:\"data\";s:12:\"R3JvdXAgNw==\";s:8:\"wrap_tag\";s:0:\"\";s:6:\"format\";s:6:\"base64\";}s:19:\"package-string-1-99\";a:4:{s:9:\"translate\";i:1;s:4:\"data\";s:8:\"R3JvdXA=\";s:8:\"wrap_tag\";s:0:\"\";s:6:\"format\";s:6:\"base64\";}s:19:\"package-string-1-97\";a:4:{s:9:\"translate\";i:1;s:4:\"data\";s:4:\"Iw==\";s:8:\"wrap_tag\";s:0:\"\";s:6:\"format\";s:6:\"base64\";}s:20:\"package-string-1-104\";a:4:{s:9:\"translate\";i:1;s:4:\"data\";s:20:\"Y29udGFjdCBtb2JpbGU=\";s:8:\"wrap_tag\";s:0:\"\";s:6:\"format\";s:6:\"base64\";}s:20:\"package-string-1-100\";a:4:{s:9:\"translate\";i:1;s:4:\"data\";s:28:\"PGgzPkdldCBpbiBUb3VjaDwvaDM+\";s:8:\"wrap_tag\";s:0:\"\";s:6:\"format\";s:6:\"base64\";}s:20:\"package-string-1-101\";a:4:{s:9:\"translate\";i:1;s:4:\"data\";s:68:\"W2NvbnRhY3QtZm9ybS03IGlkPSI2NjEiIHRpdGxlPSJjb250YWN0IHZvbHRfY29weSJd\";s:8:\"wrap_tag\";s:0:\"\";s:6:\"format\";s:6:\"base64\";}s:21:\"package-string-1-5117\";a:4:{s:9:\"translate\";i:1;s:4:\"data\";s:20:\"Y29udGFjdC1tb2JpbGU=\";s:8:\"wrap_tag\";s:0:\"\";s:6:\"format\";s:6:\"base64\";}s:22:\"package-string-1-31302\";a:4:{s:9:\"translate\";i:1;s:4:\"data\";s:64:\"PHA+PHNwYW4+QWx0LU1vYWJpdC4gNzMsIDEwNTU1IEJlcmxpbjwvc3Bhbj48L3A+\";s:8:\"wrap_tag\";s:0:\"\";s:6:\"format\";s:6:\"base64\";}s:22:\"package-string-1-31315\";a:4:{s:9:\"translate\";i:1;s:4:\"data\";s:108:\"PGEgaHJlZj0iL2RhdGEtcHJvdGVjdGlvbiI+RGF0YSBQcm90ZWN0aW9uPC9hPiA8YSBocmVmPSIvaW1wcmludCI+IHwgSW1wcmludCA8L2E+\";s:8:\"wrap_tag\";s:0:\"\";s:6:\"format\";s:6:\"base64\";}s:22:\"package-string-1-31074\";a:4:{s:9:\"translate\";i:1;s:4:\"data\";s:32:\"dGVybSBlIGltcHJpbnQgZGVza3RvcA==\";s:8:\"wrap_tag\";s:0:\"\";s:6:\"format\";s:6:\"base64\";}s:20:\"package-string-1-115\";a:4:{s:9:\"translate\";i:1;s:4:\"data\";s:16:\"VGVybSBtb2JpbGU=\";s:8:\"wrap_tag\";s:0:\"\";s:6:\"format\";s:6:\"base64\";}s:20:\"package-string-1-116\";a:4:{s:9:\"translate\";i:1;s:4:\"data\";s:20:\"aW1wcmludCBtb2JpbGU=\";s:8:\"wrap_tag\";s:0:\"\";s:6:\"format\";s:6:\"base64\";}s:22:\"package-string-1-31298\";a:4:{s:9:\"translate\";i:1;s:4:\"data\";s:116:\"PHAgc3R5bGU9JTIydGV4dC1hbGlnbjogY2VudGVyOyUyMj48c3Bhbj7Crjwvc3Bhbj4yMDIxLVNla3RvciB8IEFsbCByaWdodHMgcmVzZXJ2ZWQ8L3A+\";s:8:\"wrap_tag\";s:0:\"\";s:6:\"format\";s:6:\"base64\";}s:22:\"package-string-1-31272\";a:4:{s:9:\"translate\";i:1;s:4:\"data\";s:12:\"bG9nbyB2b2x0\";s:8:\"wrap_tag\";s:0:\"\";s:6:\"format\";s:6:\"base64\";}s:20:\"package-string-1-110\";a:4:{s:9:\"translate\";i:1;s:4:\"data\";s:20:\"PHA+Q29udGFjdDwvcD4=\";s:8:\"wrap_tag\";s:0:\"\";s:6:\"format\";s:6:\"base64\";}s:22:\"package-string-1-31304\";a:4:{s:9:\"translate\";i:1;s:4:\"data\";s:100:\"PHA+PGEgaHJlZj0ibWFpbHRvOmxldHRpbmdAdm9sdG1vYWJpdC5jb20iPmxldHRpbmdAdm9sdG1vYWJpdC5jb208L2E+PC9wPg==\";s:8:\"wrap_tag\";s:0:\"\";s:6:\"format\";s:6:\"base64\";}s:22:\"package-string-1-31317\";a:4:{s:9:\"translate\";i:1;s:4:\"data\";s:116:\"PHA+MDMwIDQzOTcxNDU5MDxiciAvPjxzcGFuPjAxNzYgNDA3NTU0NjA8L3NwYW4+PGJyIC8+PHNwYW4+MDE3MiA4NTAgMjMgOTk8L3NwYW4+PC9wPg==\";s:8:\"wrap_tag\";s:0:\"\";s:6:\"format\";s:6:\"base64\";}s:20:\"package-string-1-111\";a:4:{s:9:\"translate\";i:1;s:4:\"data\";s:48:\"PHA+QW0gVHJlcHRvd2VyIFBhcmsgMzAuIEJlcmxpbjwvcD4=\";s:8:\"wrap_tag\";s:0:\"\";s:6:\"format\";s:6:\"base64\";}s:22:\"package-string-1-31316\";a:4:{s:9:\"translate\";i:1;s:4:\"data\";s:104:\"PGEgaHJlZj0iL2RhdGEtcHJvdGVjdGlvbiI+RGF0YSBQcm90ZWN0aW9uPC9hPiA8YSBocmVmPSIvaW1wcmludCI+IHwgSW1wcmludA==\";s:8:\"wrap_tag\";s:0:\"\";s:6:\"format\";s:6:\"base64\";}s:22:\"package-string-1-31299\";a:4:{s:9:\"translate\";i:1;s:4:\"data\";s:112:\"PHAgc3R5bGU9InRleHQtYWxpZ246IHJpZ2h0OyI+PHNwYW4+wq48L3NwYW4+MjAyMS1TZWt0b3IgfCBBbGwgcmlnaHRzIHJlc2VydmVkPC9wPg==\";s:8:\"wrap_tag\";s:0:\"\";s:6:\"format\";s:6:\"base64\";}}s:4:\"type\";s:4:\"post\";}','2021-03-16 16:42:15',0,'a:8:{s:6:\"status\";s:2:\"10\";s:13:\"translator_id\";s:1:\"1\";s:12:\"needs_update\";s:1:\"1\";s:3:\"md5\";s:32:\"725dfd76865a5d34d48982377c700380\";s:19:\"translation_service\";s:5:\"local\";s:19:\"translation_package\";s:208853:\"a:4:{s:3:\"url\";s:35:\"https://voltmoabit.com?page_id=4741\";s:5:\"title\";s:5:\"home2\";s:8:\"contents\";a:113:{s:11:\"original_id\";a:2:{s:9:\"translate\";i:0;s:4:\"data\";i:4741;}s:5:\"title\";a:3:{s:9:\"translate\";i:1;s:4:\"data\";s:8:\"aG9tZTI=\";s:6:\"format\";s:6:\"base64\";}s:4:\"body\";a:3:{s:9:\"translate\";i:0;s:4:\"data\";s:162276:\"[encoded data, 162276 characters]\";s:6:\"format\";s:6:\"base64\";}s:7:\"excerpt\";a:3:{s:9:\"translate\";i:1;s:4:\"data\";s:0:\"\";s:6:\"format\";s:6:\"base64\";}s:4:\"t_13\";a:3:{s:9:\"translate\";i:1;s:4:\"data\";s:12:\"T3B0aW9uYWw=\";s:6:\"format\";s:6:\"base64\";}s:8:\"tdesc_13\";a:3:{s:9:\"translate\";i:1;s:4:\"data\";s:0:\"\";s:6:\"format\";s:6:\"base64\";}s:22:\"package-string-1-31271\";a:4:{s:9:\"translate\";i:1;s:4:\"data\";s:1040:\"W2V0X3BiX21lbnUgbG9nbz0iaHR0cHM6Ly92b2x0bW9hYml0LmNvbS93cC1jb250ZW50L3VwbG9hZHMvMjAyMS8wMy9sb2dvLXZvbHQuc3ZnIiBkaXNhYmxlZF9vbj0ib258b258b2ZmIiBhZG1pbl9sYWJlbD0iTWVudSBkZXNrdG9wIiBfYnVpbGRlcl92ZXJzaW9uPSI0LjkuMiIgX21vZHVsZV9wcmVzZXQ9ImRlZmF1bHQiIHBvc2l0aW9uaW5nPSJhYnNvbHV0ZSIgcG9zaXRpb25fb3JpZ2luX2E9InRvcF9jZW50ZXIiIHdpZHRoPSIxMDAlIiBjdXN0b21fbWFyZ2luPSJ8fDBweHx8ZmFsc2V8ZmFsc2UiIGN1c3RvbV9wYWRkaW5nPSJ8Mi44JXwwcHh8Mi44JXxmYWxzZXxmYWxzZSIgaG92ZXJfZW5hYmxlZD0iMCIgdGl0bGVfdGV4dD0ibG9nbyB2b2x0IiBzdGlja3lfZW5hYmxlZD0iMCJdWy9ldF9wYl9tZW51XVtldF9wYl9tZW51IG1lbnVfaWQ9IjExIiBsb2dvPSJodHRwczovL3ZvbHRtb2FiaXQuY29tL3dwLWNvbnRlbnQvdXBsb2Fkcy8yMDIxLzAzL2xvZ28tdm9sdC5zdmciIGRpc2FibGVkX29uPSJvbnxvZmZ8b24iIGFkbWluX2xhYmVsPSJtZW51IHRhYmxldCIgbW9kdWxlX2NsYXNzPSJtZW51LXJldmVyc2UiIF9idWlsZGVyX3ZlcnNpb249IjQuOS4yIiBfbW9kdWxlX3ByZXNldD0iZGVmYXVsdCIgY3VzdG9tX21hcmdpbj0ifHwwcHh8fGZhbHNlfGZhbHNlIiBjdXN0b21fcGFkZGluZz0ifDIuOCV8MHB4fDIuOCV8ZmFsc2V8ZmFsc2UiIGhvdmVyX2VuYWJsZWQ9IjAiIHRpdGxlX3RleHQ9ImxvZ28gdm9sdCIgc3RpY2t5X2VuYWJsZWQ9IjAiXVsvZXRfcGJfbWVudV0=\";s:8:\"wrap_tag\";s:0:\"\";s:6:\"format\";s:6:\"base64\";}s:19:\"package-string-1-16\";a:4:{s:9:\"translate\";i:1;s:4:\"data\";s:72:\"VG90YWwgNDIwMCBtPHNwYW4gc3R5bGU9ImZvbnQtc2l6ZTogMjBweDsiPsKyPC9zcGFuPg==\";s:8:\"wrap_tag\";s:0:\"\";s:6:\"format\";s:6:\"base64\";}s:19:\"package-string-1-18\";a:4:{s:9:\"translate\";i:1;s:4:\"data\";s:92:\"PHAgc3R5bGU9InRleHQtYWxpZ246IGNlbnRlcjsiPkEgcXVpZXQgb2ZmaWNlIHdpdGhpbiB1cmJhbiBhY3Rpb248L3A+\";s:8:\"wrap_tag\";s:0:\"\";s:6:\"format\";s:6:\"base64\";}s:19:\"package-string-1-22\";a:4:{s:9:\"translate\";i:1;s:4:\"data\";s:12:\"I2NvbnRhY3Q=\";s:8:\"wrap_tag\";s:0:\"\";s:6:\"format\";s:6:\"base64\";}s:19:\"package-string-1-25\";a:4:{s:9:\"translate\";i:1;s:4:\"data\";s:16:\"cmlnYSBkZXNrdG9w\";s:8:\"wrap_tag\";s:0:\"\";s:6:\"format\";s:6:\"base64\";}s:19:\"package-string-1-26\";a:4:{s:9:\"translate\";i:1;s:4:\"data\";s:112:\"PHAgc3R5bGU9InRleHQtYWxpZ246IGxlZnQ7Ij5BIHF1aWV0IG9mZmljZSBiZXR3ZWVuIHRoZSBTcHJlZSBhbmQgdXJiYW4gYWN0aW9uPC9wPg==\";s:8:\"wrap_tag\";s:0:\"\";s:6:\"format\";s:6:\"base64\";}s:19:\"package-string-1-19\";a:4:{s:9:\"translate\";i:1;s:4:\"data\";s:16:\"cXVpZXQgb2ZmaWNl\";s:8:\"wrap_tag\";s:0:\"\";s:6:\"format\";s:6:\"base64\";}s:19:\"package-string-1-27\";a:4:{s:9:\"translate\";i:1;s:4:\"data\";s:80:\"PHA+VG90YWwgNDIwMCBtPHNwYW4gc3R5bGU9ImZvbnQtc2l6ZTogMjBweDsiPsKyPC9zcGFuPjwvcD4=\";s:8:\"wrap_tag\";s:0:\"\";s:6:\"format\";s:6:\"base64\";}s:19:\"package-string-1-17\";a:4:{s:9:\"translate\";i:1;s:4:\"data\";s:4:\"bTI=\";s:8:\"wrap_tag\";s:0:\"\";s:6:\"format\";s:6:\"base64\";}s:19:\"package-string-1-28\";a:4:{s:9:\"translate\";i:1;s:4:\"data\";s:20:\"I2NvbnRhY3QtdGFibGV0\";s:8:\"wrap_tag\";s:0:\"\";s:6:\"format\";s:6:\"base64\";}s:19:\"package-string-1-29\";a:4:{s:9:\"translate\";i:1;s:4:\"data\";s:16:\"cmlnYSB0YWJsZXQ=\";s:8:\"wrap_tag\";s:0:\"\";s:6:\"format\";s:6:\"base64\";}s:19:\"package-string-1-30\";a:4:{s:9:\"translate\";i:1;s:4:\"data\";s:36:\"MjAyMF8wOV8xOF9BbHRfTW9hYml0XzAwMiAx\";s:8:\"wrap_tag\";s:0:\"\";s:6:\"format\";s:6:\"base64\";}s:19:\"package-string-1-12\";a:4:{s:9:\"translate\";i:1;s:4:\"data\";s:8:\"bWVudQ==\";s:8:\"wrap_tag\";s:0:\"\";s:6:\"format\";s:6:\"base64\";}s:19:\"package-string-1-13\";a:4:{s:9:\"translate\";i:1;s:4:\"data\";s:20:\"PGgxPlZvbHQ8L2gxPg==\";s:8:\"wrap_tag\";s:0:\"\";s:6:\"format\";s:6:\"base64\";}s:19:\"package-string-1-14\";a:4:{s:9:\"translate\";i:1;s:4:\"data\";s:28:\"PHA+TW9hYml0LCBCZXJsaW48L3A+\";s:8:\"wrap_tag\";s:0:\"\";s:6:\"format\";s:6:\"base64\";}s:19:\"package-string-1-31\";a:4:{s:9:\"translate\";i:1;s:4:\"data\";s:72:\"PHA+NDIwMCBtPHNwYW4gc3R5bGU9ImZvbnQtc2l6ZTogMjBweDsiPsKyPC9zcGFuPjwvcD4=\";s:8:\"wrap_tag\";s:0:\"\";s:6:\"format\";s:6:\"base64\";}s:19:\"package-string-1-32\";a:4:{s:9:\"translate\";i:1;s:4:\"data\";s:92:\"PHAgc3R5bGU9InRleHQtYWxpZ246IGxlZnQ7Ij5BIHF1aWV0IG9mZmljZSB3aXRoaW4gdXJiYW4gYWN0aW9uPC9wPg==\";s:8:\"wrap_tag\";s:0:\"\";s:6:\"format\";s:6:\"base64\";}s:19:\"package-string-1-15\";a:4:{s:9:\"translate\";i:1;s:4:\"data\";s:8:\"YmVybGlu\";s:8:\"wrap_tag\";s:0:\"\";s:6:\"format\";s:6:\"base64\";}s:19:\"package-string-1-20\";a:4:{s:9:\"translate\";i:1;s:4:\"data\";s:16:\"QXZhaWxhYmlsaXR5\";s:8:\"wrap_tag\";s:0:\"\";s:6:\"format\";s:6:\"base64\";}s:19:\"package-string-1-21\";a:4:{s:9:\"translate\";i:1;s:4:\"data\";s:28:\"Ym90dG9uZSBhdmFpbGFiaWxpdHk=\";s:8:\"wrap_tag\";s:0:\"\";s:6:\"format\";s:6:\"base64\";}s:21:\"package-string-1-5116\";a:4:{s:9:\"translate\";i:1;s:4:\"data\";s:20:\"I2NvbnRhY3QtbW9iaWxl\";s:8:\"wrap_tag\";s:0:\"\";s:6:\"format\";s:6:\"base64\";}s:19:\"package-string-1-23\";a:4:{s:9:\"translate\";i:1;s:4:\"data\";s:16:\"Q29udGFjdCB1cw==\";s:8:\"wrap_tag\";s:0:\"\";s:6:\"format\";s:6:\"base64\";}s:19:\"package-string-1-24\";a:4:{s:9:\"translate\";i:1;s:4:\"data\";s:24:\"Ym90dG9uZSBjb250YWN0IHVz\";s:8:\"wrap_tag\";s:0:\"\";s:6:\"format\";s:6:\"base64\";}s:19:\"package-string-1-33\";a:4:{s:9:\"translate\";i:1;s:4:\"data\";s:16:\"cmlnYSBtb2JpbGU=\";s:8:\"wrap_tag\";s:0:\"\";s:6:\"format\";s:6:\"base64\";}s:19:\"package-string-1-34\";a:4:{s:9:\"translate\";i:1;s:4:\"data\";s:64:\"PGg1PkF2YWlsYWJsZSAoYXBwcm94Lik8L2g1Pgo8aDY+Mjc1MCBtwrI8L2g2Pg==\";s:8:\"wrap_tag\";s:0:\"\";s:6:\"format\";s:6:\"base64\";}s:19:\"package-string-1-35\";a:4:{s:9:\"translate\";i:1;s:4:\"data\";s:56:\"PGg1PkRpdmlzaWJsZSBmcm9tPC9oNT4KPGg2PjM1MCBtwrI8L2g2Pg==\";s:8:\"wrap_tag\";s:0:\"\";s:6:\"format\";s:6:\"base64\";}s:19:\"package-string-1-36\";a:4:{s:9:\"translate\";i:1;s:4:\"data\";s:64:\"PGg1Pk1vbnRobHkgcmVudCBmcm9tPC9oNT4KPGg2PuKCrDI2IC8gbcKyPC9oNj4=\";s:8:\"wrap_tag\";s:0:\"\";s:6:\"format\";s:6:\"base64\";}s:19:\"package-string-1-37\";a:4:{s:9:\"translate\";i:1;s:4:\"data\";s:56:\"PGg1PkJhc2VtZW50IHVwIHRvPC9oNT4KPGg2PjUwMCBtwrI8L2g2Pg==\";s:8:\"wrap_tag\";s:0:\"\";s:6:\"format\";s:6:\"base64\";}s:19:\"package-string-1-38\";a:4:{s:9:\"translate\";i:1;s:4:\"data\";s:596:\"PHA+VGhlIGF0dHJhY3RpdmUgb2ZmaWNlIGxvZnQsIGJ1aWx0IGluIDE5MTAgaXMgaW5zdWxhdGVkIGluIGEgcXVpZXQgY291cnR5YXJkIGp1c3QgbWV0ZXJzIGF3YXkgZnJvbSB0aGUgdmlicmFudCBkb3dudG93biBvZiBNb2FiaXQuwqBOZXdseSByZXN0b3JlZCwgdGhpcyA1IHN0b3J5IHJlZC1icmljayBidWlsZGluZyBjb21iaW5lcyBoaXN0b3JpYyBjaGFyYWN0ZXIgYW5kIGZ1bmN0aW9uYWxpdHkuIEhpZ2ggY2VpbGluZ3MgYW5kIGxhcmdlIHdpbmRvd3Mgb24gYm90aCBzaWRlcyBhbGxvdyBmb3IgYSBsb3Qgb2YgbGlnaHQgdG8gZmxvdyBpbi7CoEJpa2UtIGFuZCBjYXIgcGFya2luZyBzcGFjZXMgYXJlIGF2YWlsYWJsZSBpbiB0aGUgY291cnR5YXJkLCBvZmZlcmluZyB0aGUgdGVuYW50cyBhIHZhcmlldHkgaW4gYWNjZXNzaWJpbGl0eSBvZiB0aGVpciB3b3JrcGxhY2UuPC9wPg==\";s:8:\"wrap_tag\";s:0:\"\";s:6:\"format\";s:6:\"base64\";}s:21:\"package-string-1-5118\";a:4:{s:9:\"translate\";i:1;s:4:\"data\";s:592:\"PHA+VGhlIGF0dHJhY3RpdmUgb2ZmaWNlIGxvZnQsIGJ1aWx0IGluIDE5MTAgaXMgaW5zdWxhdGVkIGluIGEgcXVpZXQgY291cnR5YXJkIGp1c3QgbWV0ZXJzIGF3YXkgZnJvbSB0aGUgdmlicmFudCBkb3dudG93biBvZiBNb2FiaXQuIE5ld2x5IHJlc3RvcmVkLCB0aGlzIDUgc3RvcnkgcmVkLWJyaWNrIGJ1aWxkaW5nIGNvbWJpbmVzIGhpc3RvcmljIGNoYXJhY3RlciBhbmQgZnVuY3Rpb25hbGl0eS4gSGlnaCBjZWlsaW5ncyBhbmQgbGFyZ2Ugd2luZG93cyBvbiBib3RoIHNpZGVzIGFsbG93IGZvciBhIGxvdCBvZiBsaWdodCB0byBmbG93IGluLiBCaWtlLSBhbmQgY2FyIHBhcmtpbmcgc3BhY2VzIGFyZSBhdmFpbGFibGUgaW4gdGhlIGNvdXJ0eWFyZCwgb2ZmZXJpbmcgdGhlIHRlbmFudHMgYSB2YXJpZXR5IGluIGFjY2Vzc2liaWxpdHkgb2YgdGhlaXIgd29ya3BsYWNlLjwvcD4=\";s:8:\"wrap_tag\";s:0:\"\";s:6:\"format\";s:6:\"base64\";}s:19:\"package-string-1-39\";a:4:{s:9:\"translate\";i:1;s:4:\"data\";s:240:\"PHA+TG9jYXRlZCBpbiBNb2FiaXQgdGhlIHVyYmFuIGNlbnRlciBvZiBCZXJsaW4uIFRoZSByZXN0b3JlZCA1IHN0b3J5IGJ1aWxkaW5nIGlzIGZ1bmN0aW9uYWwgYW5kIGJyaWdodC4gSXQgb2ZmZXJzIGEgZ3JlZW4gY291cnR5YXJkIHRvIHJlbGF4IHdpdGggcGFya2luZyBmb3IgYmlrZXMgYW5kIGNhcnMuPC9wPg==\";s:8:\"wrap_tag\";s:0:\"\";s:6:\"format\";s:6:\"base64\";}s:22:\"package-string-1-31257\";a:4:{s:9:\"translate\";i:1;s:4:\"data\";s:12:\"cHJvdmEgMQ==\";s:8:\"wrap_tag\";s:0:\"\";s:6:\"format\";s:6:\"base64\";}s:19:\"package-string-1-41\";a:4:{s:9:\"translate\";i:1;s:4:\"data\";s:44:\"U2NyZWVuc2hvdCAyMDIwLTEyLTA5IGF0IDA5LjUwLjM5\";s:8:\"wrap_tag\";s:0:\"\";s:6:\"format\";s:6:\"base64\";}s:19:\"package-string-1-42\";a:4:{s:9:\"translate\";i:1;s:4:\"data\";s:20:\"PHA+S2V5IGluZm88L3A+\";s:8:\"wrap_tag\";s:0:\"\";s:6:\"format\";s:6:\"base64\";}s:19:\"package-string-1-43\";a:4:{s:9:\"translate\";i:1;s:4:\"data\";s:240:\"PHRhYmxlIHN0eWxlPSJib3JkZXI6IGhpZGRlbjsiPgo8dGJvZHk+Cjx0cj4KPHRkIHN0eWxlPSJ3aWR0aDogNDUlOyI+CjxoNT5BdmFpbGFibGUgZnJvbTwvaDU+CjwvdGQ+Cjx0ZCBzdHlsZT0id2lkdGg6IDU1JTsiPgo8aDY+RW5kIG9mIFEyIDIwMjE8L2g2Pgo8L3RkPgo8L3RyPgo8L3Rib2R5Pgo8L3RhYmxlPg==\";s:8:\"wrap_tag\";s:0:\"\";s:6:\"format\";s:6:\"base64\";}s:19:\"package-string-1-44\";a:4:{s:9:\"translate\";i:1;s:4:\"data\";s:212:\"PHRhYmxlIHN0eWxlPSJib3JkZXI6IGhpZGRlbiI+Cjx0Ym9keT4KPHRyPgo8dGQgc3R5bGU9IndpZHRoOiA0NSU7Ij4KPGg1PkZsb29yczwvaDU+CjwvdGQ+Cjx0ZCBzdHlsZT0id2lkdGg6IDU1JTsiPgo8aDY+NiA8L2g2Pgo8L3RkPgo8L3RyPgo8L3Rib2R5Pgo8L3RhYmxlPg==\";s:8:\"wrap_tag\";s:0:\"\";s:6:\"format\";s:6:\"base64\";}s:19:\"package-string-1-45\";a:4:{s:9:\"translate\";i:1;s:4:\"data\";s:216:\"PHRhYmxlIHN0eWxlPSJib3JkZXI6IGhpZGRlbiI+Cjx0Ym9keT4KPHRyPgo8dGQgc3R5bGU9IndpZHRoOiA0NSU7Ij4KPGg1PkVsZXZhdG9yIDwvaDU+CjwvdGQ+Cjx0ZCBzdHlsZT0id2lkdGg6IDU1JTsiPgo8aDY+WWVzPC9oNj4KPC90ZD4KPC90cj4KPC90Ym9keT4KPC90YWJsZT4=\";s:8:\"wrap_tag\";s:0:\"\";s:6:\"format\";s:6:\"base64\";}s:19:\"package-string-1-46\";a:4:{s:9:\"translate\";i:1;s:4:\"data\";s:212:\"PHRhYmxlIHN0eWxlPSJib3JkZXI6IGhpZGRlbiI+Cjx0Ym9keT4KPHRyPgo8dGQgc3R5bGU9IndpZHRoOiA0NSU7Ij4KPGg1PktpdGNoZW48L2g1Pgo8L3RkPgo8dGQgc3R5bGU9IndpZHRoOiA1NSU7Ij4KPGg2PlllczwvaDY+CjwvdGQ+CjwvdHI+CjwvdGJvZHk+CjwvdGFibGU+\";s:8:\"wrap_tag\";s:0:\"\";s:6:\"format\";s:6:\"base64\";}s:19:\"package-string-1-47\";a:4:{s:9:\"translate\";i:1;s:4:\"data\";s:224:\"PHRhYmxlIHN0eWxlPSJib3JkZXI6IGhpZGRlbjsiPgo8dGJvZHk+Cjx0cj4KPHRkIHN0eWxlPSJ3aWR0aDogNDUlOyI+CjxoNT5QYXJraW5nIFNwYWNlczwvaDU+CjwvdGQ+Cjx0ZCBzdHlsZT0id2lkdGg6IDU1JTsiPgo8aDY+MjA8L2g2Pgo8L3RkPgo8L3RyPgo8L3Rib2R5Pgo8L3RhYmxlPg==\";s:8:\"wrap_tag\";s:0:\"\";s:6:\"format\";s:6:\"base64\";}s:19:\"package-string-1-48\";a:4:{s:9:\"translate\";i:1;s:4:\"data\";s:248:\"PHRhYmxlIHN0eWxlPSJib3JkZXI6IGhpZGRlbjsiPgo8dGJvZHk+Cjx0cj4KPHRkIHN0eWxlPSJ3aWR0aDogNDUlOyI+CjxoNT5TcGFjZSBEZXNpZ248L2g1Pgo8L3RkPgo8dGQgc3R5bGU9IndpZHRoOiA1NSU7Ij4KPGg2PlRvIGNsaWVudCBzcGVjaWZpY2F0aW9uczwvaDY+CjwvdGQ+CjwvdHI+CjwvdGJvZHk+CjwvdGFibGU+\";s:8:\"wrap_tag\";s:0:\"\";s:6:\"format\";s:6:\"base64\";}s:19:\"package-string-1-49\";a:4:{s:9:\"translate\";i:1;s:4:\"data\";s:268:\"PHRhYmxlIHN0eWxlPSJib3JkZXI6IGhpZGRlbjsiPgo8dGJvZHk+Cjx0cj4KPHRkIHN0eWxlPSJ3aWR0aDogNDUlOyI+CjxoNT5GbG9vcmluZyBPcHRpb25zPC9oNT4KPC90ZD4KPHRkIHN0eWxlPSJ3aWR0aDogNTUlOyI+CjxoNj5FcG94eSwgSGFyZHdvb2QsIENhcnBldCwgTGlub2xldW08L2g2Pgo8L3RkPgo8L3RyPgo8L3Rib2R5Pgo8L3RhYmxlPg==\";s:8:\"wrap_tag\";s:0:\"\";s:6:\"format\";s:6:\"base64\";}s:19:\"package-string-1-50\";a:4:{s:9:\"translate\";i:1;s:4:\"data\";s:224:\"PHRhYmxlIHN0eWxlPSJib3JkZXI6IGhpZGRlbjsiPgo8dGJvZHk+Cjx0cj4KPHRkIHN0eWxlPSJ3aWR0aDogNDUlOyI+CjxoNT5Db29saW5nPC9oNT4KPC90ZD4KPHRkIHN0eWxlPSJ3aWR0aDogNTUlOyI+CjxoNj5PbiByZXF1ZXN0PC9oNj4KPC90ZD4KPC90cj4KPC90Ym9keT4KPC90YWJsZT4=\";s:8:\"wrap_tag\";s:0:\"\";s:6:\"format\";s:6:\"base64\";}s:19:\"package-string-1-55\";a:4:{s:9:\"translate\";i:1;s:4:\"data\";s:72:\"PGg1PlByb3BlcnR5IGNvbmRpdGlvbjwvaDU+CjxoNj5MaXN0ZWQvTW9kZXJuaXNlZDwvaDY+\";s:8:\"wrap_tag\";s:0:\"\";s:6:\"format\";s:6:\"base64\";}s:19:\"package-string-1-58\";a:4:{s:9:\"translate\";i:1;s:4:\"data\";s:28:\"QU03M19GaW5hbF9OVlYtMDcgMiAy\";s:8:\"wrap_tag\";s:0:\"\";s:6:\"format\";s:6:\"base64\";}s:19:\"package-string-1-51\";a:4:{s:9:\"translate\";i:1;s:4:\"data\";s:28:\"QU03M19GaW5hbF9OVlYtMDggMQ==\";s:8:\"wrap_tag\";s:0:\"\";s:6:\"format\";s:6:\"base64\";}s:19:\"package-string-1-52\";a:4:{s:9:\"translate\";i:1;s:4:\"data\";s:48:\"PGg1PlByb3BlcnR5IFR5cGU8L2g1Pgo8aDY+TG9mdDwvaDY+\";s:8:\"wrap_tag\";s:0:\"\";s:6:\"format\";s:6:\"base64\";}s:19:\"package-string-1-53\";a:4:{s:9:\"translate\";i:1;s:4:\"data\";s:48:\"PGg1PkxheW91dDwvaDU+CjxoNj5PcGVuIFBsYW48L2g2Pg==\";s:8:\"wrap_tag\";s:0:\"\";s:6:\"format\";s:6:\"base64\";}s:19:\"package-string-1-54\";a:4:{s:9:\"translate\";i:1;s:4:\"data\";s:56:\"PGg1PkNvbnN0cnVjdGlvbiB5ZWFyPC9oNT4KPGg2PjE5MTA8L2g2Pg==\";s:8:\"wrap_tag\";s:0:\"\";s:6:\"format\";s:6:\"base64\";}s:19:\"package-string-1-59\";a:4:{s:9:\"translate\";i:1;s:4:\"data\";s:64:\"PGg1PlByb3BlcnR5IGNvbmRpdGlvbjwvaDU+CjxoNj5Nb2Rlcm5pc2VkPC9oNj4=\";s:8:\"wrap_tag\";s:0:\"\";s:6:\"format\";s:6:\"base64\";}s:19:\"package-string-1-56\";a:4:{s:9:\"translate\";i:1;s:4:\"data\";s:72:\"PGg1Pkxhc3QgcmVub3ZhdGlvbiAvIHJlZnVyYmlzaG1lbnQ8L2g1Pgo8aDY+MjAyMTwvaDY+\";s:8:\"wrap_tag\";s:0:\"\";s:6:\"format\";s:6:\"base64\";}s:19:\"package-string-1-57\";a:4:{s:9:\"translate\";i:1;s:4:\"data\";s:64:\"PGg1PlF1YWxpdHkgb2YgRmFjaWxpdGllczwvaDU+CjxoNj5VcHNjYWxlPC9oNj4=\";s:8:\"wrap_tag\";s:0:\"\";s:6:\"format\";s:6:\"base64\";}s:22:\"package-string-1-31066\";a:4:{s:9:\"translate\";i:1;s:4:\"data\";s:28:\"PGgyPlRoZSBHYXJkZW5zPC9oMj4=\";s:8:\"wrap_tag\";s:0:\"\";s:6:\"format\";s:6:\"base64\";}s:22:\"package-string-1-13198\";a:4:{s:9:\"translate\";i:1;s:4:\"data\";s:16:\"W2dhcmRlbi1lbl0=\";s:8:\"wrap_tag\";s:0:\"\";s:6:\"format\";s:6:\"base64\";}s:22:\"package-string-1-31081\";a:4:{s:9:\"translate\";i:1;s:4:\"data\";s:24:\"PGgyPkdhbGxlcnk8L2gyPg==\";s:8:\"wrap_tag\";s:0:\"\";s:6:\"format\";s:6:\"base64\";}s:22:\"package-string-1-31078\";a:4:{s:9:\"translate\";i:1;s:4:\"data\";s:32:\"W3NwX3dwY2Fyb3VzZWwgaWQ9IjQyNyJd\";s:8:\"wrap_tag\";s:0:\"\";s:6:\"format\";s:6:\"base64\";}s:19:\"package-string-1-64\";a:4:{s:9:\"translate\";i:1;s:4:\"data\";s:24:\"PGgyPkxvY2F0aW9uPC9oMj4=\";s:8:\"wrap_tag\";s:0:\"\";s:6:\"format\";s:6:\"base64\";}s:22:\"package-string-1-31061\";a:4:{s:9:\"translate\";i:1;s:4:\"data\";s:16:\"W2xvY2F0aW9uXQ==\";s:8:\"wrap_tag\";s:0:\"\";s:6:\"format\";s:6:\"base64\";}s:19:\"package-string-1-66\";a:4:{s:9:\"translate\";i:1;s:4:\"data\";s:12:\"bG9jYXRpb24=\";s:8:\"wrap_tag\";s:0:\"\";s:6:\"format\";s:6:\"base64\";}s:19:\"package-string-1-69\";a:4:{s:9:\"translate\";i:1;s:4:\"data\";s:276:\"PHRhYmxlIHN0eWxlPSJib3JkZXI6IGhpZGRlbjsiPgo8dGJvZHk+Cjx0cj4KPHRkIHN0eWxlPSJ3aWR0aDogMjAlOyBwYWRkaW5nLXJpZ2h0OiAycHggIWltcG9ydGFudDsiPgo8aDQ+MDY8L2g0Pgo8L3RkPgo8dGQgc3R5bGU9IndpZHRoOiA4MCU7Ij4KPGg1Pk1JTjwvaDU+CjxoNj50byBVLUJhaG48L2g2Pgo8L3RkPgo8L3RyPgo8L3Rib2R5Pgo8L3RhYmxlPg==\";s:8:\"wrap_tag\";s:0:\"\";s:6:\"format\";s:6:\"base64\";}s:19:\"package-string-1-70\";a:4:{s:9:\"translate\";i:1;s:4:\"data\";s:324:\"PHRhYmxlIHN0eWxlPSJib3JkZXI6IGhpZGRlbjsgd2lkdGg6IDEwMCU7Ij4KPHRib2R5Pgo8dHI+Cjx0ZCBzdHlsZT0id2lkdGg6IDIwJTsgcGFkZGluZy1yaWdodDogMnB4ICFpbXBvcnRhbnQ7Ij4KPGg0PjE1PC9oND4KPC90ZD4KPHRkIHN0eWxlPSJ3aWR0aDogODAlOyBwYWRkaW5nLWxlZnQ6IDQ2cHgiPgo8aDU+TUlOPC9oNT4KPGg2PlRvIEhhdXB0YmFobmhvZjwvaDY+CjwvdGQ+CjwvdHI+CjwvdGJvZHk+CjwvdGFibGU+\";s:8:\"wrap_tag\";s:0:\"\";s:6:\"format\";s:6:\"base64\";}s:19:\"package-string-1-71\";a:4:{s:9:\"translate\";i:1;s:4:\"data\";s:280:\"PHRhYmxlIHN0eWxlPSJib3JkZXI6IGhpZGRlbjsiPgo8dGJvZHk+Cjx0cj4KPHRkIHN0eWxlPSJ3aWR0aDogMjAlOyBwYWRkaW5nLXJpZ2h0OiAycHggIWltcG9ydGFudDsiPgo8aDQ+NDA8L2g0Pgo8L3RkPgo8dGQgc3R5bGU9IndpZHRoOiA4MCU7Ij4KPGg1Pk1JTjwvaDU+CjxoNj5UbyBCRVIgQWlycG9ydDwvaDY+CjwvdGQ+CjwvdHI+CjwvdGJvZHk+CjwvdGFibGU+\";s:8:\"wrap_tag\";s:0:\"\";s:6:\"format\";s:6:\"base64\";}s:19:\"package-string-1-72\";a:4:{s:9:\"translate\";i:1;s:4:\"data\";s:276:\"PHRhYmxlIHN0eWxlPSJib3JkZXI6IGhpZGRlbjsiPgo8dGJvZHk+Cjx0cj4KPHRkIHN0eWxlPSJ3aWR0aDogMjAlOyBwYWRkaW5nLXJpZ2h0OiAycHggIWltcG9ydGFudDsiPgo8aDQ+MDY8L2g0Pgo8L3RkPgo8dGQgc3R5bGU9IndpZHRoOiA4MCU7Ij4KPGg1Pk1JTjwvaDU+CjxoNj5UbyBBdXRvYmFobjwvaDY+CjwvdGQ+CjwvdHI+CjwvdGJvZHk+CjwvdGFibGU+\";s:8:\"wrap_tag\";s:0:\"\";s:6:\"format\";s:6:\"base64\";}s:19:\"package-string-1-73\";a:4:{s:9:\"translate\";i:1;s:4:\"data\";s:20:\"YWNjZXNzaWJpbGl0eQ==\";s:8:\"wrap_tag\";s:0:\"\";s:6:\"format\";s:6:\"base64\";}s:19:\"package-string-1-67\";a:4:{s:9:\"translate\";i:1;s:4:\"data\";s:32:\"PGgyPkFjY2Vzc2liaWxpdHk8L2gyPg==\";s:8:\"wrap_tag\";s:0:\"\";s:6:\"format\";s:6:\"base64\";}s:19:\"package-string-1-68\";a:4:{s:9:\"translate\";i:1;s:4:\"data\";s:40:\"cGhvdG9ncmFwaC0zMDg4LXNjYWxlZC02MjB4MCAx\";s:8:\"wrap_tag\";s:0:\"\";s:6:\"format\";s:6:\"base64\";}s:19:\"package-string-1-74\";a:4:{s:9:\"translate\";i:1;s:4:\"data\";s:240:\"PHRhYmxlIHN0eWxlPSJib3JkZXI6IGhpZGRlbjsiPgo8dGJvZHk+Cjx0cj4KPHRkIHN0eWxlPSJ3aWR0aDogMzAlOyI+CjxoND4wNjwvaDQ+CjwvdGQ+Cjx0ZCBzdHlsZT0id2lkdGg6IDcwJTsiPgo8aDU+TUlOVVRFUzwvaDU+CjxoNj50byBVLUJhaG48L2g2Pgo8L3RkPgo8L3RyPgo8L3Rib2R5Pgo8L3RhYmxlPg==\";s:8:\"wrap_tag\";s:0:\"\";s:6:\"format\";s:6:\"base64\";}s:19:\"package-string-1-75\";a:4:{s:9:\"translate\";i:1;s:4:\"data\";s:248:\"PHRhYmxlIHN0eWxlPSJib3JkZXI6IGhpZGRlbjsiPgo8dGJvZHk+Cjx0cj4KPHRkIHN0eWxlPSJ3aWR0aDogMzAlOyI+CjxoND7CoDE1PC9oND4KPC90ZD4KPHRkIHN0eWxlPSJ3aWR0aDogNzAlOyI+CjxoNT5NSU5VVEVTPC9oNT4KPGg2PnRvIEhhdXB0YmFobmhvZjwvaDY+CjwvdGQ+CjwvdHI+CjwvdGJvZHk+CjwvdGFibGU+\";s:8:\"wrap_tag\";s:0:\"\";s:6:\"format\";s:6:\"base64\";}s:19:\"package-string-1-76\";a:4:{s:9:\"translate\";i:1;s:4:\"data\";s:292:\"PHRhYmxlIHN0eWxlPSUyMmJvcmRlcjogaGlkZGVuOyUyMj4KPHRib2R5Pgo8dHI+Cjx0ZCBzdHlsZT0lMjJ3aWR0aDogMzAlOyUyMj4KPGg0PiAxNTwvaDQ+CjwvdGQ+Cjx0ZCBzdHlsZT0lMjJ3aWR0aDogNzAlOyBwYWRkaW5nLWxlZnQ6IDQ2cHg7JTIyPgo8aDU+TUlOVVRFUzwvaDU+CjxoNj50byBIYXVwdGJhaG5ob2Y8L2g2Pgo8L3RkPgo8L3RyPgo8L3Rib2R5Pgo8L3RhYmxlPg==\";s:8:\"wrap_tag\";s:0:\"\";s:6:\"format\";s:6:\"base64\";}s:19:\"package-string-1-77\";a:4:{s:9:\"translate\";i:1;s:4:\"data\";s:288:\"PHRhYmxlIHN0eWxlPSUyMmJvcmRlcjogaGlkZGVuOyUyMj4KPHRib2R5Pgo8dHI+Cjx0ZCBzdHlsZT0lMjJ3aWR0aDogMzAlOyUyMj4KPGg0PjE1PC9oND4KPC90ZD4KPHRkIHN0eWxlPSUyMndpZHRoOiA3MCU7IHBhZGRpbmctbGVmdDogNDZweCAlMjI+CjxoNT5NSU5VVEVTPC9oNT4KPGg2PnRvIEhhdXB0YmFobmhvZjwvaDY+CjwvdGQ+CjwvdHI+CjwvdGJvZHk+CjwvdGFibGU+\";s:8:\"wrap_tag\";s:0:\"\";s:6:\"format\";s:6:\"base64\";}s:19:\"package-string-1-78\";a:4:{s:9:\"translate\";i:1;s:4:\"data\";s:244:\"PHRhYmxlIHN0eWxlPSJib3JkZXI6IGhpZGRlbjsiPgo8dGJvZHk+Cjx0cj4KPHRkIHN0eWxlPSJ3aWR0aDogMzAlOyI+CjxoND40MDwvaDQ+CjwvdGQ+Cjx0ZCBzdHlsZT0id2lkdGg6IDcwJTsiPgo8aDU+TUlOVVRFUzwvaDU+CjxoNj50byBCRVIgQWlycG9ydDwvaDY+CjwvdGQ+CjwvdHI+CjwvdGJvZHk+CjwvdGFibGU+\";s:8:\"wrap_tag\";s:0:\"\";s:6:\"format\";s:6:\"base64\";}s:19:\"package-string-1-79\";a:4:{s:9:\"translate\";i:1;s:4:\"data\";s:240:\"PHRhYmxlIHN0eWxlPSJib3JkZXI6IGhpZGRlbjsiPgo8dGJvZHk+Cjx0cj4KPHRkIHN0eWxlPSJ3aWR0aDogMzAlOyI+CjxoND4wNjwvaDQ+CjwvdGQ+Cjx0ZCBzdHlsZT0id2lkdGg6IDcwJTsiPgo8aDU+TUlOVVRFUzwvaDU+CjxoNj50byBBdXRvYmFobjwvaDY+CjwvdGQ+CjwvdHI+CjwvdGJvZHk+CjwvdGFibGU+\";s:8:\"wrap_tag\";s:0:\"\";s:6:\"format\";s:6:\"base64\";}s:19:\"package-string-1-80\";a:4:{s:9:\"translate\";i:1;s:4:\"data\";s:24:\"YWNjZXNzaWJpbGl0eS10YWI=\";s:8:\"wrap_tag\";s:0:\"\";s:6:\"format\";s:6:\"base64\";}s:19:\"package-string-1-81\";a:4:{s:9:\"translate\";i:1;s:4:\"data\";s:32:\"PGgyPldvcmsgJmFtcDsgUGxheTwvaDI+\";s:8:\"wrap_tag\";s:0:\"\";s:6:\"format\";s:6:\"base64\";}s:22:\"package-string-1-31075\";a:4:{s:9:\"translate\";i:1;s:4:\"data\";s:48:\"PGgyPltzbWFydF9wb3N0X3Nob3cgaWQ9IjM5OTkiXTwvaDI+\";s:8:\"wrap_tag\";s:0:\"\";s:6:\"format\";s:6:\"base64\";}s:19:\"package-string-1-83\";a:4:{s:9:\"translate\";i:1;s:4:\"data\";s:44:\"PGgyPldPUktQTEFDRTxiciAvPlNPTFVUSU9OUzwvaDI+\";s:8:\"wrap_tag\";s:0:\"\";s:6:\"format\";s:6:\"base64\";}s:19:\"package-string-1-84\";a:4:{s:9:\"translate\";i:1;s:4:\"data\";s:12:\"TWFzayB0YWI=\";s:8:\"wrap_tag\";s:0:\"\";s:6:\"format\";s:6:\"base64\";}s:19:\"package-string-1-85\";a:4:{s:9:\"translate\";i:1;s:4:\"data\";s:100:\"PHA+QSBuZXcgZ2VuZXJhdGlvbiBvZiBvZmZpY2Ugc3BhY2VzIGluIGhpc3RvcmljIGFuZCByZXN0b3JlZCBidWlsZGluZ3M8L3A+\";s:8:\"wrap_tag\";s:0:\"\";s:6:\"format\";s:6:\"base64\";}s:19:\"package-string-1-86\";a:4:{s:9:\"translate\";i:1;s:4:\"data\";s:100:\"PHA+VGVjaG5vbG9neSBhbmQgc3VzdGFpbmFiaWxpdHksIHNtYXJ0IG9mZmljZSBkZXNpZ24gYW5kIDI0Lzcgc2VydmljZTwvcD4=\";s:8:\"wrap_tag\";s:0:\"\";s:6:\"format\";s:6:\"base64\";}s:19:\"package-string-1-87\";a:4:{s:9:\"translate\";i:1;s:4:\"data\";s:1544:\"PGRpdiBjbGFzcz0icmF3X2NvbXBvbmVudHMtLXBhbmVsLS0zSWNYZyBpbnNwZWN0X3BhbmVscy0taW5zcGVjdGlvblBhbmVsLS0zV2JveiIgdGFiaW5kZXg9Ii0xIj4KPGRpdj4KPGRpdiBjbGFzcz0iaW5zcGVjdF9wYW5lbHMtLWNvcHlhYmxlUm93LS0yX1BpWiBpbnNwZWN0X3BhbmVscy0taGlnaGxpZ2h0Um93LS0yMVA5UyI+CjxkaXYgY2xhc3M9Imluc3BlY3RfcGFuZWxzLS1wcm9wZXJ0eVJvd0NvbnRlbnQtLTdZLW11IGluc3BlY3RfcGFuZWxzLS1jb3B5YWJsZVJvdy0tMl9QaVogaW5zcGVjdF9wYW5lbHMtLWhpZ2hsaWdodFJvdy0tMjFQOVMiPgo8ZGl2IGNsYXNzPSJpbnNwZWN0X3BhbmVscy0tY29udGVudFByb3BlcnR5LS0yWjFRSSB0ZXh0LS1mb250UG9zMTEtLVJTZWkzIHRleHQtLV9mb250QmFzZS0tWVdEbzAgZWxsaXBzaXMtLWVsbGlwc2lzQWZ0ZXI4TGluZXMtLTJybjMyIGVsbGlwc2lzLS1fZWxsaXBzaXNBZnRlck5MaW5lcy0tMjZKa1oiPkFjY2Vzc2libGUgdmlhIHB1YmxpYyB0cmFuc3BvcnQsIGJpa2UgYW5kIGNhcjwvZGl2Pgo8L2Rpdj4KPC9kaXY+CjwvZGl2Pgo8L2Rpdj4KPGRpdiBjbGFzcz0icmF3X2NvbXBvbmVudHMtLXBhbmVsLS0zSWNYZyBpbnNwZWN0X3BhbmVscy0taW5zcGVjdGlvblBhbmVsLS0zV2JveiIgdGFiaW5kZXg9Ii0xIj4KPGRpdiBjbGFzcz0iaW5zcGVjdF9wYW5lbHMtLXBhbmVsVGl0bGUtLTNnZmMyIHRleHQtLWZvbnRQb3MxMS0tUlNlaTMgdGV4dC0tX2ZvbnRCYXNlLS1ZV0RvMCI+CjxkaXYgY2xhc3M9Imluc3BlY3RfcGFuZWxzLS1wYW5lbENvcHlBY3Rpb25Db250cm9scy0tMnQtc3oiPjwvZGl2Pgo8L2Rpdj4KPGRpdj4KPGRpdiBjbGFzcz0iaW5zcGVjdF9wYW5lbHMtLXR5cG9ncmFwaHlTZWN0aW9uLS0zNkxvSiI+CjxkaXYgY2xhc3M9Imluc3BlY3RfcGFuZWxzLS1jb3B5YWJsZVJvdy0tMl9QaVogaW5zcGVjdF9wYW5lbHMtLWhpZ2hsaWdodFJvdy0tMjFQOVMiPgo8ZGl2IGNsYXNzPSJpbnNwZWN0X3BhbmVscy0tdHlwb2dyYXBoeVByb3BlcnR5Um93LS0yY2NpaCBpbnNwZWN0X3BhbmVscy0tcHJvcGVydHlSb3ctLUt2NExwIGluc3BlY3RfcGFuZWxzLS1iYXNlUHJvcGVydHlSb3ctLTJ3WkJFIj4KPGRpdj48L2Rpdj4KPC9kaXY+CjwvZGl2Pgo8L2Rpdj4KPC9kaXY+CjwvZGl2Pg==\";s:8:\"wrap_tag\";s:0:\"\";s:6:\"format\";s:6:\"base64\";}s:19:\"package-string-1-88\";a:4:{s:9:\"translate\";i:1;s:4:\"data\";s:21148:\"[encoded data, 21148 characters]\";s:8:\"wrap_tag\";s:0:\"\";s:6:\"format\";s:6:\"base64\";}s:22:\"package-string-1-31065\";a:4:{s:9:\"translate\";i:1;s:4:\"data\";s:44:\"PGgyPkdFVCBPVVI8YnIgLz5DQVRBTE9HVUU8L2gyPg==\";s:8:\"wrap_tag\";s:0:\"\";s:6:\"format\";s:6:\"base64\";}s:19:\"package-string-1-90\";a:4:{s:9:\"translate\";i:1;s:4:\"data\";s:64:\"W2NvbnRhY3QtZm9ybS03IGlkPSIxMTQ4IiB0aXRsZT0ib3VyIGNhdGFsb2d1ZSJd\";s:8:\"wrap_tag\";s:0:\"\";s:6:\"format\";s:6:\"base64\";}s:20:\"package-string-1-102\";a:4:{s:9:\"translate\";i:1;s:4:\"data\";s:12:\"Y29udGFjdA==\";s:8:\"wrap_tag\";s:0:\"\";s:6:\"format\";s:6:\"base64\";}s:20:\"package-string-1-103\";a:4:{s:9:\"translate\";i:1;s:4:\"data\";s:20:\"Y29udGFjdC10YWJsZXQ=\";s:8:\"wrap_tag\";s:0:\"\";s:6:\"format\";s:6:\"base64\";}s:19:\"package-string-1-91\";a:4:{s:9:\"translate\";i:1;s:4:\"data\";s:24:\"PGgyPkNvbnRhY3Q8L2gyPg==\";s:8:\"wrap_tag\";s:0:\"\";s:6:\"format\";s:6:\"base64\";}s:19:\"package-string-1-94\";a:4:{s:9:\"translate\";i:1;s:4:\"data\";s:56:\"PHA+QW0gVHJlcHJvd2VyIFBhcmsgMzAgMTI0MzUgQmVybGluPC9wPg==\";s:8:\"wrap_tag\";s:0:\"\";s:6:\"format\";s:6:\"base64\";}s:19:\"package-string-1-95\";a:4:{s:9:\"translate\";i:1;s:4:\"data\";s:28:\"PHA+T1VSIENIQU5ORUxTPC9wPg==\";s:8:\"wrap_tag\";s:0:\"\";s:6:\"format\";s:6:\"base64\";}s:19:\"package-string-1-96\";a:4:{s:9:\"translate\";i:1;s:4:\"data\";s:8:\"RnJhbWU=\";s:8:\"wrap_tag\";s:0:\"\";s:6:\"format\";s:6:\"base64\";}s:19:\"package-string-1-98\";a:4:{s:9:\"translate\";i:1;s:4:\"data\";s:12:\"R3JvdXAgNw==\";s:8:\"wrap_tag\";s:0:\"\";s:6:\"format\";s:6:\"base64\";}s:19:\"package-string-1-99\";a:4:{s:9:\"translate\";i:1;s:4:\"data\";s:8:\"R3JvdXA=\";s:8:\"wrap_tag\";s:0:\"\";s:6:\"format\";s:6:\"base64\";}s:19:\"package-string-1-97\";a:4:{s:9:\"translate\";i:1;s:4:\"data\";s:4:\"Iw==\";s:8:\"wrap_tag\";s:0:\"\";s:6:\"format\";s:6:\"base64\";}s:20:\"package-string-1-104\";a:4:{s:9:\"translate\";i:1;s:4:\"data\";s:20:\"Y29udGFjdCBtb2JpbGU=\";s:8:\"wrap_tag\";s:0:\"\";s:6:\"format\";s:6:\"base64\";}s:20:\"package-string-1-100\";a:4:{s:9:\"translate\";i:1;s:4:\"data\";s:28:\"PGgzPkdldCBpbiBUb3VjaDwvaDM+\";s:8:\"wrap_tag\";s:0:\"\";s:6:\"format\";s:6:\"base64\";}s:20:\"package-string-1-101\";a:4:{s:9:\"translate\";i:1;s:4:\"data\";s:68:\"W2NvbnRhY3QtZm9ybS03IGlkPSI2NjEiIHRpdGxlPSJjb250YWN0IHZvbHRfY29weSJd\";s:8:\"wrap_tag\";s:0:\"\";s:6:\"format\";s:6:\"base64\";}s:21:\"package-string-1-5117\";a:4:{s:9:\"translate\";i:1;s:4:\"data\";s:20:\"Y29udGFjdC1tb2JpbGU=\";s:8:\"wrap_tag\";s:0:\"\";s:6:\"format\";s:6:\"base64\";}s:22:\"package-string-1-31258\";a:4:{s:9:\"translate\";i:1;s:4:\"data\";s:108:\"PGEgaHJlZj0iL3ByaXZhY3ktcG9saWN5Ij5Qcml2YWN5IFBvbGljeTwvYT4gPGEgaHJlZj0iL2ltcHJpbnQiPiB8IEltcHJpbnQgPC9hPg==\";s:8:\"wrap_tag\";s:0:\"\";s:6:\"format\";s:6:\"base64\";}s:22:\"package-string-1-31074\";a:4:{s:9:\"translate\";i:1;s:4:\"data\";s:32:\"dGVybSBlIGltcHJpbnQgZGVza3RvcA==\";s:8:\"wrap_tag\";s:0:\"\";s:6:\"format\";s:6:\"base64\";}s:20:\"package-string-1-115\";a:4:{s:9:\"translate\";i:1;s:4:\"data\";s:16:\"VGVybSBtb2JpbGU=\";s:8:\"wrap_tag\";s:0:\"\";s:6:\"format\";s:6:\"base64\";}s:20:\"package-string-1-116\";a:4:{s:9:\"translate\";i:1;s:4:\"data\";s:20:\"aW1wcmludCBtb2JpbGU=\";s:8:\"wrap_tag\";s:0:\"\";s:6:\"format\";s:6:\"base64\";}s:20:\"package-string-1-114\";a:4:{s:9:\"translate\";i:1;s:4:\"data\";s:96:\"PHAgc3R5bGU9JTIydGV4dC1hbGlnbjpjZW50ZXI7JTIyPjIwMjEtU2VrdG9yIHwgQWxsIHJpZ2h0cyByZXNlcnZlZDwvcD4=\";s:8:\"wrap_tag\";s:0:\"\";s:6:\"format\";s:6:\"base64\";}s:22:\"package-string-1-31272\";a:4:{s:9:\"translate\";i:1;s:4:\"data\";s:12:\"bG9nbyB2b2x0\";s:8:\"wrap_tag\";s:0:\"\";s:6:\"format\";s:6:\"base64\";}s:20:\"package-string-1-110\";a:4:{s:9:\"translate\";i:1;s:4:\"data\";s:20:\"PHA+Q29udGFjdDwvcD4=\";s:8:\"wrap_tag\";s:0:\"\";s:6:\"format\";s:6:\"base64\";}s:19:\"package-string-1-92\";a:4:{s:9:\"translate\";i:1;s:4:\"data\";s:88:\"PHA+PGEgaHJlZj0ibWFpbHRvOmluZm9AdGhlc2VrdG9yLmNvbSI+aW5mb0B0aGVzZWt0b3IuY29tPC9hPjwvcD4=\";s:8:\"wrap_tag\";s:0:\"\";s:6:\"format\";s:6:\"base64\";}s:19:\"package-string-1-93\";a:4:{s:9:\"translate\";i:1;s:4:\"data\";s:28:\"PHA+MDMwIDQzOTcxNDU5MDwvcD4=\";s:8:\"wrap_tag\";s:0:\"\";s:6:\"format\";s:6:\"base64\";}s:20:\"package-string-1-111\";a:4:{s:9:\"translate\";i:1;s:4:\"data\";s:48:\"PHA+QW0gVHJlcHRvd2VyIFBhcmsgMzAuIEJlcmxpbjwvcD4=\";s:8:\"wrap_tag\";s:0:\"\";s:6:\"format\";s:6:\"base64\";}s:22:\"package-string-1-31259\";a:4:{s:9:\"translate\";i:1;s:4:\"data\";s:112:\"PGEgaHJlZj0iL3ByaXZhY3ktcG9saWN5Ij5Qcml2YWN5IFBvbGljeTwvYT4gPGEgaHJlZj0iL2luZGV4LnBocC9pbXByaW50Ij4gfCBJbXByaW50\";s:8:\"wrap_tag\";s:0:\"\";s:6:\"format\";s:6:\"base64\";}s:20:\"package-string-1-113\";a:4:{s:9:\"translate\";i:1;s:4:\"data\";s:92:\"PHAgc3R5bGU9InRleHQtYWxpZ246IHJpZ2h0OyI+MjAyMS1TZWt0b3IgfCBBbGwgcmlnaHRzIHJlc2VydmVkPC9wPg==\";s:8:\"wrap_tag\";s:0:\"\";s:6:\"format\";s:6:\"base64\";}}s:4:\"type\";s:4:\"post\";}\";s:9:\"timestamp\";s:19:\"2021-03-12 18:56:18\";s:11:\"links_fixed\";s:1:\"0\";}','37323263-6337-5134-a530-623938633931',NULL,1,NULL),(17,738,10,4,1,'5fd090b1bd5534042b999183f73a3e5d','local',4,'a:4:{s:3:\"url\";s:28:\"https://voltmoabit.com?p=661\";s:5:\"title\";s:12:\"get in touch\";s:8:\"contents\";a:132:{s:13:\"field-_form-0\";a:3:{s:9:\"translate\";i:1;s:4:\"data\";s:1348:\"PGRpdiBjbGFzcz0iZ2V0X3RvdWNoX2xlZnRfbmFtZSI+IAogICAgICAgICAgICA8bGFiZWw+IE5hbWUgCiAgICAgICAgICAgICAgICBbdGV4dCogeW91cm5hbWUgcGxhY2Vob2xkZXIgIllvdXIgbmFtZSBoZXJlIl0gPC9sYWJlbD4gCjwvZGl2PiAgICAKPGRpdiBjbGFzcz0iZ2V0X3RvdWNoX3JpZ2h0X3N1cm5hbWUiPiAgICAgCiAgICAgICAgICAgICAgPGxhYmVsPiBTdXJuYW1lCiAgICAgICAgICAgICAgIFt0ZXh0KiBzdXJuYW1lIHBsYWNlaG9sZGVyICJZb3VyIHN1cm5hbWUgaGVyZSJdIDwvbGFiZWw+IAo8L2Rpdj4KCjxkaXYgY2xhc3M9ImdldF90b3VjaF9yb3dfZW1haWwiPgogICAgICAgICAgICAgICA8bGFiZWw+IGVtYWlsCiAgICAgICAgICAgICAgIFtlbWFpbCogeW91ci1lbWFpbCBwbGFjZWhvbGRlciAieW91cmVtYWlsQGV4YW1wbGUuY29tIl08L2xhYmVsPgo8L2Rpdj4KCjxkaXYgY2xhc3M9ImdldF90b3VjaF9sZWZ0X3Bob25lIj4KICAgICAgICAgICAgICAgPGxhYmVsPiBQaG9uZSAob3B0aW9uYWwpCiAgICAgICAgICAgICAgICBbdGVsKiBQaG9uZSBwbGFjZWhvbGRlciAiKzQ5IDAwMCAwMDAgMDAwIl08L2xhYmVsPiAgCjwvZGl2PgoKPGRpdiBjbGFzcz0iZ2V0X3RvdWNoX3JpZ2h0X3Byb3BlcnR5Ij4KCiAgICAgICAgICAgICAgICAgPGxhYmVsPiBQcm9wZXJ0eQogICAgICAgICAgICAgICAgW3NlbGVjdCogcHJvcGVydHkgIGZpcnN0X2FzX2xhYmVsICJTZWxlY3QgYSBwcm9wZXJ0eSIiVm9sdCJdPC9sYWJlbD4gIAo8L2Rpdj4KPGRpdiBjbGFzcz0iZ2V0X3RvdWNoX3Jvd19tZXNzYWdlIj4KICAgICAgICAgICAgICAgICA8bGFiZWw+IE1lc3NhZ2UKICAgICAgICAgICAgICAgICAgW3RleHRhcmVhKiB5b3VyLW1lc3NhZ2UgcGxhY2Vob2xkZXIgIldyaXRlIHlvdXIgbWVzc2FnZSBoZXJlIl0gPC9sYWJlbD4KPC9kaXY+CjxkaXYgY2xhc3M9ImdldF90b3VjaF9zdWJtaXQiID4KICAgICAgICAgICAgICAgICAgIFtzdWJtaXQgIlN1Ym1pdCJdCjwvZGl2Pg==\";s:6:\"format\";s:6:\"base64\";}s:18:\"field-_form-0-name\";a:2:{s:9:\"translate\";i:0;s:4:\"data\";s:7:\"_form-0\";}s:18:\"field-_form-0-type\";a:2:{s:9:\"translate\";i:0;s:4:\"data\";s:12:\"custom_field\";}s:20:\"field-_mail-0-active\";a:3:{s:9:\"translate\";i:1;s:4:\"data\";s:4:\"MQ==\";s:6:\"format\";s:6:\"base64\";}s:25:\"field-_mail-0-active-name\";a:2:{s:9:\"translate\";i:0;s:4:\"data\";s:14:\"_mail-0-active\";}s:25:\"field-_mail-0-active-type\";a:2:{s:9:\"translate\";i:0;s:4:\"data\";s:12:\"custom_field\";}s:21:\"field-_mail-0-subject\";a:3:{s:9:\"translate\";i:1;s:4:\"data\";s:56:\"W19zaXRlX3RpdGxlXSAiR2V0IGluIHRvdWNoIiB8IFtwcm9wZXJ0eV0=\";s:6:\"format\";s:6:\"base64\";}s:26:\"field-_mail-0-subject-name\";a:2:{s:9:\"translate\";i:0;s:4:\"data\";s:15:\"_mail-0-subject\";}s:26:\"field-_mail-0-subject-type\";a:2:{s:9:\"translate\";i:0;s:4:\"data\";s:12:\"custom_field\";}s:20:\"field-_mail-0-sender\";a:3:{s:9:\"translate\";i:1;s:4:\"data\";s:28:\"aW5mb0B2b2x0bW9hYml0LmNvbQ==\";s:6:\"format\";s:6:\"base64\";}s:25:\"field-_mail-0-sender-name\";a:2:{s:9:\"translate\";i:0;s:4:\"data\";s:14:\"_mail-0-sender\";}s:25:\"field-_mail-0-sender-type\";a:2:{s:9:\"translate\";i:0;s:4:\"data\";s:12:\"custom_field\";}s:23:\"field-_mail-0-recipient\";a:3:{s:9:\"translate\";i:1;s:4:\"data\";s:28:\"W19zaXRlX2FkbWluX2VtYWlsXQ==\";s:6:\"format\";s:6:\"base64\";}s:28:\"field-_mail-0-recipient-name\";a:2:{s:9:\"translate\";i:0;s:4:\"data\";s:17:\"_mail-0-recipient\";}s:28:\"field-_mail-0-recipient-type\";a:2:{s:9:\"translate\";i:0;s:4:\"data\";s:12:\"custom_field\";}s:18:\"field-_mail-0-body\";a:3:{s:9:\"translate\";i:1;s:4:\"data\";s:256:\"RnJvbTogW3lvdXJuYW1lXSBbc3VybmFtZV08W3lvdXItZW1haWxdPgpQaG9uZTogW1Bob25lXQpQcm9wZXJ0eTogW3Byb3BlcnR5XQpPYmplY3Q6ICJHZXQgaW4gdG91Y2giIHwgW3Byb3BlcnR5XQoKTWVzc2FnZToKW3lvdXItbWVzc2FnZV0KClRoaXMgbWFpbCB3YXMgc2VudCBmcm9tIFtfc2l0ZV90aXRsZV0gKFtfc2l0ZV91cmxdKQ==\";s:6:\"format\";s:6:\"base64\";}s:23:\"field-_mail-0-body-name\";a:2:{s:9:\"translate\";i:0;s:4:\"data\";s:12:\"_mail-0-body\";}s:23:\"field-_mail-0-body-type\";a:2:{s:9:\"translate\";i:0;s:4:\"data\";s:12:\"custom_field\";}s:32:\"field-_mail-0-additional_headers\";a:3:{s:9:\"translate\";i:1;s:4:\"data\";s:32:\"UmVwbHktVG86IFt5b3VyLWVtYWlsXQ==\";s:6:\"format\";s:6:\"base64\";}s:37:\"field-_mail-0-additional_headers-name\";a:2:{s:9:\"translate\";i:0;s:4:\"data\";s:26:\"_mail-0-additional_headers\";}s:37:\"field-_mail-0-additional_headers-type\";a:2:{s:9:\"translate\";i:0;s:4:\"data\";s:12:\"custom_field\";}s:25:\"field-_mail-0-attachments\";a:3:{s:9:\"translate\";i:1;s:4:\"data\";s:0:\"\";s:6:\"format\";s:6:\"base64\";}s:30:\"field-_mail-0-attachments-name\";a:2:{s:9:\"translate\";i:0;s:4:\"data\";s:19:\"_mail-0-attachments\";}s:30:\"field-_mail-0-attachments-type\";a:2:{s:9:\"translate\";i:0;s:4:\"data\";s:12:\"custom_field\";}s:22:\"field-_mail-0-use_html\";a:3:{s:9:\"translate\";i:1;s:4:\"data\";s:0:\"\";s:6:\"format\";s:6:\"base64\";}s:27:\"field-_mail-0-use_html-name\";a:2:{s:9:\"translate\";i:0;s:4:\"data\";s:16:\"_mail-0-use_html\";}s:27:\"field-_mail-0-use_html-type\";a:2:{s:9:\"translate\";i:0;s:4:\"data\";s:12:\"custom_field\";}s:27:\"field-_mail-0-exclude_blank\";a:3:{s:9:\"translate\";i:1;s:4:\"data\";s:0:\"\";s:6:\"format\";s:6:\"base64\";}s:32:\"field-_mail-0-exclude_blank-name\";a:2:{s:9:\"translate\";i:0;s:4:\"data\";s:21:\"_mail-0-exclude_blank\";}s:32:\"field-_mail-0-exclude_blank-type\";a:2:{s:9:\"translate\";i:0;s:4:\"data\";s:12:\"custom_field\";}s:22:\"field-_mail_2-0-active\";a:3:{s:9:\"translate\";i:1;s:4:\"data\";s:0:\"\";s:6:\"format\";s:6:\"base64\";}s:27:\"field-_mail_2-0-active-name\";a:2:{s:9:\"translate\";i:0;s:4:\"data\";s:16:\"_mail_2-0-active\";}s:27:\"field-_mail_2-0-active-type\";a:2:{s:9:\"translate\";i:0;s:4:\"data\";s:12:\"custom_field\";}s:23:\"field-_mail_2-0-subject\";a:3:{s:9:\"translate\";i:1;s:4:\"data\";s:40:\"W19zaXRlX3RpdGxlXSAiW3lvdXItc3ViamVjdF0i\";s:6:\"format\";s:6:\"base64\";}s:28:\"field-_mail_2-0-subject-name\";a:2:{s:9:\"translate\";i:0;s:4:\"data\";s:17:\"_mail_2-0-subject\";}s:28:\"field-_mail_2-0-subject-type\";a:2:{s:9:\"translate\";i:0;s:4:\"data\";s:12:\"custom_field\";}s:22:\"field-_mail_2-0-sender\";a:3:{s:9:\"translate\";i:1;s:4:\"data\";s:52:\"W19zaXRlX3RpdGxlXSA8d29yZHByZXNzQDE1OS44OS4zMS43Pg==\";s:6:\"format\";s:6:\"base64\";}s:27:\"field-_mail_2-0-sender-name\";a:2:{s:9:\"translate\";i:0;s:4:\"data\";s:16:\"_mail_2-0-sender\";}s:27:\"field-_mail_2-0-sender-type\";a:2:{s:9:\"translate\";i:0;s:4:\"data\";s:12:\"custom_field\";}s:25:\"field-_mail_2-0-recipient\";a:3:{s:9:\"translate\";i:1;s:4:\"data\";s:16:\"W3lvdXItZW1haWxd\";s:6:\"format\";s:6:\"base64\";}s:30:\"field-_mail_2-0-recipient-name\";a:2:{s:9:\"translate\";i:0;s:4:\"data\";s:19:\"_mail_2-0-recipient\";}s:30:\"field-_mail_2-0-recipient-type\";a:2:{s:9:\"translate\";i:0;s:4:\"data\";s:12:\"custom_field\";}s:20:\"field-_mail_2-0-body\";a:3:{s:9:\"translate\";i:1;s:4:\"data\";s:172:\"Q29ycG8gZGVsIG1lc3NhZ2dpbzoKW3lvdXItbWVzc2FnZV0KCi0tIApRdWVzdGEgZS1tYWlsIMOoIHN0YXRhIGludmlhdGEgZGEgdW4gbW9kdWxvIGRpIGNvbnRhdHRvIHN1IFtfc2l0ZV90aXRsZV0gKFtfc2l0ZV91cmxdKQ==\";s:6:\"format\";s:6:\"base64\";}s:25:\"field-_mail_2-0-body-name\";a:2:{s:9:\"translate\";i:0;s:4:\"data\";s:14:\"_mail_2-0-body\";}s:25:\"field-_mail_2-0-body-type\";a:2:{s:9:\"translate\";i:0;s:4:\"data\";s:12:\"custom_field\";}s:34:\"field-_mail_2-0-additional_headers\";a:3:{s:9:\"translate\";i:1;s:4:\"data\";s:40:\"UmVwbHktVG86IFtfc2l0ZV9hZG1pbl9lbWFpbF0=\";s:6:\"format\";s:6:\"base64\";}s:39:\"field-_mail_2-0-additional_headers-name\";a:2:{s:9:\"translate\";i:0;s:4:\"data\";s:28:\"_mail_2-0-additional_headers\";}s:39:\"field-_mail_2-0-additional_headers-type\";a:2:{s:9:\"translate\";i:0;s:4:\"data\";s:12:\"custom_field\";}s:27:\"field-_mail_2-0-attachments\";a:3:{s:9:\"translate\";i:1;s:4:\"data\";s:0:\"\";s:6:\"format\";s:6:\"base64\";}s:32:\"field-_mail_2-0-attachments-name\";a:2:{s:9:\"translate\";i:0;s:4:\"data\";s:21:\"_mail_2-0-attachments\";}s:32:\"field-_mail_2-0-attachments-type\";a:2:{s:9:\"translate\";i:0;s:4:\"data\";s:12:\"custom_field\";}s:24:\"field-_mail_2-0-use_html\";a:3:{s:9:\"translate\";i:1;s:4:\"data\";s:0:\"\";s:6:\"format\";s:6:\"base64\";}s:29:\"field-_mail_2-0-use_html-name\";a:2:{s:9:\"translate\";i:0;s:4:\"data\";s:18:\"_mail_2-0-use_html\";}s:29:\"field-_mail_2-0-use_html-type\";a:2:{s:9:\"translate\";i:0;s:4:\"data\";s:12:\"custom_field\";}s:29:\"field-_mail_2-0-exclude_blank\";a:3:{s:9:\"translate\";i:1;s:4:\"data\";s:0:\"\";s:6:\"format\";s:6:\"base64\";}s:34:\"field-_mail_2-0-exclude_blank-name\";a:2:{s:9:\"translate\";i:0;s:4:\"data\";s:23:\"_mail_2-0-exclude_blank\";}s:34:\"field-_mail_2-0-exclude_blank-type\";a:2:{s:9:\"translate\";i:0;s:4:\"data\";s:12:\"custom_field\";}s:30:\"field-_messages-0-mail_sent_ok\";a:3:{s:9:\"translate\";i:1;s:4:\"data\";s:60:\"VGhhbmsgeW91IGZvciB5b3VyIG1lc3NhZ2UuIEl0IGhhcyBiZWVuIHNlbnQu\";s:6:\"format\";s:6:\"base64\";}s:35:\"field-_messages-0-mail_sent_ok-name\";a:2:{s:9:\"translate\";i:0;s:4:\"data\";s:24:\"_messages-0-mail_sent_ok\";}s:35:\"field-_messages-0-mail_sent_ok-type\";a:2:{s:9:\"translate\";i:0;s:4:\"data\";s:12:\"custom_field\";}s:30:\"field-_messages-0-mail_sent_ng\";a:3:{s:9:\"translate\";i:1;s:4:\"data\";s:60:\"VGhhbmsgeW91IGZvciB5b3VyIG1lc3NhZ2UuIEl0IGhhcyBiZWVuIHNlbnQu\";s:6:\"format\";s:6:\"base64\";}s:35:\"field-_messages-0-mail_sent_ng-name\";a:2:{s:9:\"translate\";i:0;s:4:\"data\";s:24:\"_messages-0-mail_sent_ng\";}s:35:\"field-_messages-0-mail_sent_ng-type\";a:2:{s:9:\"translate\";i:0;s:4:\"data\";s:12:\"custom_field\";}s:34:\"field-_messages-0-validation_error\";a:3:{s:9:\"translate\";i:1;s:4:\"data\";s:72:\"T25lIG9yIG1vcmUgZmllbGRzIGhhdmUgZXJyb3JzLiBDaGVjayBhbmQgdHJ5IGFnYWluLg==\";s:6:\"format\";s:6:\"base64\";}s:39:\"field-_messages-0-validation_error-name\";a:2:{s:9:\"translate\";i:0;s:4:\"data\";s:28:\"_messages-0-validation_error\";}s:39:\"field-_messages-0-validation_error-type\";a:2:{s:9:\"translate\";i:0;s:4:\"data\";s:12:\"custom_field\";}s:22:\"field-_messages-0-spam\";a:3:{s:9:\"translate\";i:1;s:4:\"data\";s:88:\"VGhlcmUgd2FzIGFuIGVycm9yIHNlbmRpbmcgeW91ciBtZXNzYWdlLiBQbGVhc2UgdHJ5IGFnYWluIGxhdGVyLg==\";s:6:\"format\";s:6:\"base64\";}s:27:\"field-_messages-0-spam-name\";a:2:{s:9:\"translate\";i:0;s:4:\"data\";s:16:\"_messages-0-spam\";}s:27:\"field-_messages-0-spam-type\";a:2:{s:9:\"translate\";i:0;s:4:\"data\";s:12:\"custom_field\";}s:30:\"field-_messages-0-accept_terms\";a:3:{s:9:\"translate\";i:1;s:4:\"data\";s:96:\"WW91IG11c3QgYWdyZWUgdG8gdGhlIHRlcm1zIGFuZCBjb25kaXRpb25zIGJlZm9yZSBzZW5kaW5nIHlvdXIgbWVzc2FnZS4=\";s:6:\"format\";s:6:\"base64\";}s:35:\"field-_messages-0-accept_terms-name\";a:2:{s:9:\"translate\";i:0;s:4:\"data\";s:24:\"_messages-0-accept_terms\";}s:35:\"field-_messages-0-accept_terms-type\";a:2:{s:9:\"translate\";i:0;s:4:\"data\";s:12:\"custom_field\";}s:34:\"field-_messages-0-invalid_required\";a:3:{s:9:\"translate\";i:1;s:4:\"data\";s:32:\"VGhlIGZpZWxkIGlzIHJlcXVpcmVkLg==\";s:6:\"format\";s:6:\"base64\";}s:39:\"field-_messages-0-invalid_required-name\";a:2:{s:9:\"translate\";i:0;s:4:\"data\";s:28:\"_messages-0-invalid_required\";}s:39:\"field-_messages-0-invalid_required-type\";a:2:{s:9:\"translate\";i:0;s:4:\"data\";s:12:\"custom_field\";}s:34:\"field-_messages-0-invalid_too_long\";a:3:{s:9:\"translate\";i:1;s:4:\"data\";s:32:\"VGhlIGZpZWxkIGlzIHRvbyBsb25nLg==\";s:6:\"format\";s:6:\"base64\";}s:39:\"field-_messages-0-invalid_too_long-name\";a:2:{s:9:\"translate\";i:0;s:4:\"data\";s:28:\"_messages-0-invalid_too_long\";}s:39:\"field-_messages-0-invalid_too_long-type\";a:2:{s:9:\"translate\";i:0;s:4:\"data\";s:12:\"custom_field\";}s:35:\"field-_messages-0-invalid_too_short\";a:3:{s:9:\"translate\";i:1;s:4:\"data\";s:32:\"VGhlIGZpZWxkIGlzIHRvbyBzaG9ydC4=\";s:6:\"format\";s:6:\"base64\";}s:40:\"field-_messages-0-invalid_too_short-name\";a:2:{s:9:\"translate\";i:0;s:4:\"data\";s:29:\"_messages-0-invalid_too_short\";}s:40:\"field-_messages-0-invalid_too_short-type\";a:2:{s:9:\"translate\";i:0;s:4:\"data\";s:12:\"custom_field\";}s:31:\"field-_messages-0-upload_failed\";a:3:{s:9:\"translate\";i:1;s:4:\"data\";s:68:\"QW4gdW5rbm93biBlcnJvciBvY2N1cnJlZCB3aGlsZSBsb2FkaW5nIHRoZSBmaWxlLg==\";s:6:\"format\";s:6:\"base64\";}s:36:\"field-_messages-0-upload_failed-name\";a:2:{s:9:\"translate\";i:0;s:4:\"data\";s:25:\"_messages-0-upload_failed\";}s:36:\"field-_messages-0-upload_failed-type\";a:2:{s:9:\"translate\";i:0;s:4:\"data\";s:12:\"custom_field\";}s:42:\"field-_messages-0-upload_file_type_invalid\";a:3:{s:9:\"translate\";i:1;s:4:\"data\";s:68:\"WW91IGFyZSBub3QgZW5hYmxlZCB0byB1cGxvYWQgZmlsZXMgb2YgdGhpcyB0eXBlLg==\";s:6:\"format\";s:6:\"base64\";}s:47:\"field-_messages-0-upload_file_type_invalid-name\";a:2:{s:9:\"translate\";i:0;s:4:\"data\";s:36:\"_messages-0-upload_file_type_invalid\";}s:47:\"field-_messages-0-upload_file_type_invalid-type\";a:2:{s:9:\"translate\";i:0;s:4:\"data\";s:12:\"custom_field\";}s:39:\"field-_messages-0-upload_file_too_large\";a:3:{s:9:\"translate\";i:1;s:4:\"data\";s:28:\"VGhlIGZpbGXigJlzIHRvbyBiaWcu\";s:6:\"format\";s:6:\"base64\";}s:44:\"field-_messages-0-upload_file_too_large-name\";a:2:{s:9:\"translate\";i:0;s:4:\"data\";s:33:\"_messages-0-upload_file_too_large\";}s:44:\"field-_messages-0-upload_file_too_large-type\";a:2:{s:9:\"translate\";i:0;s:4:\"data\";s:12:\"custom_field\";}s:41:\"field-_messages-0-upload_failed_php_error\";a:3:{s:9:\"translate\";i:1;s:4:\"data\";s:56:\"QW4gZXJyb3Igb2NjdXJyZWQgd2hpbGUgbG9hZGluZyB0aGUgZmlsZS4=\";s:6:\"format\";s:6:\"base64\";}s:46:\"field-_messages-0-upload_failed_php_error-name\";a:2:{s:9:\"translate\";i:0;s:4:\"data\";s:35:\"_messages-0-upload_failed_php_error\";}s:46:\"field-_messages-0-upload_failed_php_error-type\";a:2:{s:9:\"translate\";i:0;s:4:\"data\";s:12:\"custom_field\";}s:30:\"field-_messages-0-invalid_date\";a:3:{s:9:\"translate\";i:1;s:4:\"data\";s:40:\"VGhlIGRhdGUgZm9ybWF0IGlzIGluY29ycmVjdC4=\";s:6:\"format\";s:6:\"base64\";}s:35:\"field-_messages-0-invalid_date-name\";a:2:{s:9:\"translate\";i:0;s:4:\"data\";s:24:\"_messages-0-invalid_date\";}s:35:\"field-_messages-0-invalid_date-type\";a:2:{s:9:\"translate\";i:0;s:4:\"data\";s:12:\"custom_field\";}s:32:\"field-_messages-0-date_too_early\";a:3:{s:9:\"translate\";i:1;s:4:\"data\";s:64:\"VGhlIGRhdGUgaXMgZWFybGllciB0aGFuIHRoZSBmaXJzdCBkYXRlIGFsbG93ZWQu\";s:6:\"format\";s:6:\"base64\";}s:37:\"field-_messages-0-date_too_early-name\";a:2:{s:9:\"translate\";i:0;s:4:\"data\";s:26:\"_messages-0-date_too_early\";}s:37:\"field-_messages-0-date_too_early-type\";a:2:{s:9:\"translate\";i:0;s:4:\"data\";s:12:\"custom_field\";}s:31:\"field-_messages-0-date_too_late\";a:3:{s:9:\"translate\";i:1;s:4:\"data\";s:60:\"VGhlIGRhdGUgaXMgbGF0ZXIgdGhhbiB0aGUgbGFzdCBkYXRlIGFsbG93ZWQu\";s:6:\"format\";s:6:\"base64\";}s:36:\"field-_messages-0-date_too_late-name\";a:2:{s:9:\"translate\";i:0;s:4:\"data\";s:25:\"_messages-0-date_too_late\";}s:36:\"field-_messages-0-date_too_late-type\";a:2:{s:9:\"translate\";i:0;s:4:\"data\";s:12:\"custom_field\";}s:32:\"field-_messages-0-invalid_number\";a:3:{s:9:\"translate\";i:1;s:4:\"data\";s:44:\"VGhlIG51bWVyaWNhbCBmb3JtYXQgaXMgaW52YWxpZC4=\";s:6:\"format\";s:6:\"base64\";}s:37:\"field-_messages-0-invalid_number-name\";a:2:{s:9:\"translate\";i:0;s:4:\"data\";s:26:\"_messages-0-invalid_number\";}s:37:\"field-_messages-0-invalid_number-type\";a:2:{s:9:\"translate\";i:0;s:4:\"data\";s:12:\"custom_field\";}s:34:\"field-_messages-0-number_too_small\";a:3:{s:9:\"translate\";i:1;s:4:\"data\";s:60:\"VGhlIG51bWJlciBpcyBsZXNzIHRoYW4gdGhlIG1pbmltdW0gYWxsb3dlZC4=\";s:6:\"format\";s:6:\"base64\";}s:39:\"field-_messages-0-number_too_small-name\";a:2:{s:9:\"translate\";i:0;s:4:\"data\";s:28:\"_messages-0-number_too_small\";}s:39:\"field-_messages-0-number_too_small-type\";a:2:{s:9:\"translate\";i:0;s:4:\"data\";s:12:\"custom_field\";}s:34:\"field-_messages-0-number_too_large\";a:3:{s:9:\"translate\";i:1;s:4:\"data\";s:64:\"VGhlIG51bWJlciBpcyBoaWdoZXIgdGhhbiB0aGUgbWF4aW11bSBhbGxvd2VkLg==\";s:6:\"format\";s:6:\"base64\";}s:39:\"field-_messages-0-number_too_large-name\";a:2:{s:9:\"translate\";i:0;s:4:\"data\";s:28:\"_messages-0-number_too_large\";}s:39:\"field-_messages-0-number_too_large-type\";a:2:{s:9:\"translate\";i:0;s:4:\"data\";s:12:\"custom_field\";}s:41:\"field-_messages-0-quiz_answer_not_correct\";a:3:{s:9:\"translate\";i:1;s:4:\"data\";s:48:\"VGhlIGFuc3dlciB0byB0aGUgcXVpeiBpcyBpbmNvcnJlY3Qu\";s:6:\"format\";s:6:\"base64\";}s:46:\"field-_messages-0-quiz_answer_not_correct-name\";a:2:{s:9:\"translate\";i:0;s:4:\"data\";s:35:\"_messages-0-quiz_answer_not_correct\";}s:46:\"field-_messages-0-quiz_answer_not_correct-type\";a:2:{s:9:\"translate\";i:0;s:4:\"data\";s:12:\"custom_field\";}s:31:\"field-_messages-0-invalid_email\";a:3:{s:9:\"translate\";i:1;s:4:\"data\";s:56:\"VGhlIGVtYWlsIGFkZHJlc3MgeW91IGVudGVyZWQgaXMgaW52YWxpZC4=\";s:6:\"format\";s:6:\"base64\";}s:36:\"field-_messages-0-invalid_email-name\";a:2:{s:9:\"translate\";i:0;s:4:\"data\";s:25:\"_messages-0-invalid_email\";}s:36:\"field-_messages-0-invalid_email-type\";a:2:{s:9:\"translate\";i:0;s:4:\"data\";s:12:\"custom_field\";}s:29:\"field-_messages-0-invalid_url\";a:3:{s:9:\"translate\";i:1;s:4:\"data\";s:28:\"VGhlIFVSTCBpcyBpbnZhbGlkLg==\";s:6:\"format\";s:6:\"base64\";}s:34:\"field-_messages-0-invalid_url-name\";a:2:{s:9:\"translate\";i:0;s:4:\"data\";s:23:\"_messages-0-invalid_url\";}s:34:\"field-_messages-0-invalid_url-type\";a:2:{s:9:\"translate\";i:0;s:4:\"data\";s:12:\"custom_field\";}s:29:\"field-_messages-0-invalid_tel\";a:3:{s:9:\"translate\";i:1;s:4:\"data\";s:40:\"VGhlIHBob25lIG51bWJlciBpcyBpbnZhbGlkLg==\";s:6:\"format\";s:6:\"base64\";}s:34:\"field-_messages-0-invalid_tel-name\";a:2:{s:9:\"translate\";i:0;s:4:\"data\";s:23:\"_messages-0-invalid_tel\";}s:34:\"field-_messages-0-invalid_tel-type\";a:2:{s:9:\"translate\";i:0;s:4:\"data\";s:12:\"custom_field\";}s:15:\"field-_locale-0\";a:3:{s:9:\"translate\";i:1;s:4:\"data\";s:8:\"aXRfSVQ=\";s:6:\"format\";s:6:\"base64\";}s:20:\"field-_locale-0-name\";a:2:{s:9:\"translate\";i:0;s:4:\"data\";s:9:\"_locale-0\";}s:20:\"field-_locale-0-type\";a:2:{s:9:\"translate\";i:0;s:4:\"data\";s:12:\"custom_field\";}s:11:\"original_id\";a:2:{s:9:\"translate\";i:0;s:4:\"data\";i:661;}s:5:\"title\";a:3:{s:9:\"translate\";i:1;s:4:\"data\";s:16:\"Z2V0IGluIHRvdWNo\";s:6:\"format\";s:6:\"base64\";}s:4:\"body\";a:3:{s:9:\"translate\";i:1;s:4:\"data\";s:3320:\"PGRpdiBjbGFzcz0iZ2V0X3RvdWNoX2xlZnRfbmFtZSI+IA0KICAgICAgICAgICAgPGxhYmVsPiBOYW1lIA0KICAgICAgICAgICAgICAgIFt0ZXh0KiB5b3VybmFtZSBwbGFjZWhvbGRlciAiWW91ciBuYW1lIGhlcmUiXSA8L2xhYmVsPiANCjwvZGl2PiAgICANCjxkaXYgY2xhc3M9ImdldF90b3VjaF9yaWdodF9zdXJuYW1lIj4gICAgIA0KICAgICAgICAgICAgICA8bGFiZWw+IFN1cm5hbWUNCiAgICAgICAgICAgICAgIFt0ZXh0KiBzdXJuYW1lIHBsYWNlaG9sZGVyICJZb3VyIHN1cm5hbWUgaGVyZSJdIDwvbGFiZWw+IA0KPC9kaXY+DQoNCjxkaXYgY2xhc3M9ImdldF90b3VjaF9yb3dfZW1haWwiPg0KICAgICAgICAgICAgICAgPGxhYmVsPiBlbWFpbA0KICAgICAgICAgICAgICAgW2VtYWlsKiB5b3VyLWVtYWlsIHBsYWNlaG9sZGVyICJ5b3VyZW1haWxAZXhhbXBsZS5jb20iXTwvbGFiZWw+DQo8L2Rpdj4NCg0KPGRpdiBjbGFzcz0iZ2V0X3RvdWNoX2xlZnRfcGhvbmUiPg0KICAgICAgICAgICAgICAgPGxhYmVsPiBQaG9uZSAob3B0aW9uYWwpDQogICAgICAgICAgICAgICAgW3RlbCBQaG9uZSBwbGFjZWhvbGRlciAiKzQ5IDAwMCAwMDAgMDAwIl08L2xhYmVsPiAgDQo8L2Rpdj4NCg0KPGRpdiBjbGFzcz0iZ2V0X3RvdWNoX3JpZ2h0X3Byb3BlcnR5Ij4NCg0KICAgICAgICAgICAgICAgICA8bGFiZWw+IFByb3BlcnR5DQogICAgICAgICAgICAgICAgW3NlbGVjdCogcHJvcGVydHkgIGZpcnN0X2FzX2xhYmVsICJTZWxlY3QgYSBwcm9wZXJ0eSIiVm9sdCJdPC9sYWJlbD4gIA0KPC9kaXY+DQo8ZGl2IGNsYXNzPSJnZXRfdG91Y2hfcm93X21lc3NhZ2UiPg0KICAgICAgICAgICAgICAgICA8bGFiZWw+IE1lc3NhZ2UNCiAgICAgICAgICAgICAgICAgIFt0ZXh0YXJlYSogeW91ci1tZXNzYWdlIHBsYWNlaG9sZGVyICJXcml0ZSB5b3VyIG1lc3NhZ2UgaGVyZSJdIDwvbGFiZWw+DQo8L2Rpdj4NCjxkaXYgY2xhc3M9ImdldF90b3VjaF9zdWJtaXQiID4NCiAgICAgICAgICAgICAgICAgICBbc3VibWl0ICJTdWJtaXQiXQ0KPC9kaXY+CjEKW19zaXRlX3RpdGxlXSAiR2V0IGluIHRvdWNoIiB8IFtwcm9wZXJ0eV0KaW5mb0B2b2x0bW9hYml0LmNvbQpbX3NpdGVfYWRtaW5fZW1haWxdCkZyb206IFt5b3VybmFtZV0gW3N1cm5hbWVdPFt5b3VyLWVtYWlsXT4NClBob25lOiBbUGhvbmVdDQpQcm9wZXJ0eTogW3Byb3BlcnR5XQ0KT2JqZWN0OiAiR2V0IGluIHRvdWNoIiB8IFtwcm9wZXJ0eV0NCg0KTWVzc2FnZToNClt5b3VyLW1lc3NhZ2VdDQoNClRoaXMgbWFpbCB3YXMgc2VudCBmcm9tIFtfc2l0ZV90aXRsZV0gKFtfc2l0ZV91cmxdKQpSZXBseS1UbzogW3lvdXItZW1haWxdCgoKCgpbX3NpdGVfdGl0bGVdICJbeW91ci1zdWJqZWN0XSIKW19zaXRlX3RpdGxlXSA8d29yZHByZXNzQDE1OS44OS4zMS43PgpbeW91ci1lbWFpbF0KQ29ycG8gZGVsIG1lc3NhZ2dpbzoNClt5b3VyLW1lc3NhZ2VdDQoNCi0tIA0KUXVlc3RhIGUtbWFpbCDDqCBzdGF0YSBpbnZpYXRhIGRhIHVuIG1vZHVsbyBkaSBjb250YXR0byBzdSBbX3NpdGVfdGl0bGVdIChbX3NpdGVfdXJsXSkKUmVwbHktVG86IFtfc2l0ZV9hZG1pbl9lbWFpbF0KCgoKVGhhbmsgeW91IGZvciB5b3VyIG1lc3NhZ2UuIEl0IGhhcyBiZWVuIHNlbnQuClRoYW5rIHlvdSBmb3IgeW91ciBtZXNzYWdlLiBJdCBoYXMgYmVlbiBzZW50LgpPbmUgb3IgbW9yZSBmaWVsZHMgaGF2ZSBlcnJvcnMuIENoZWNrIGFuZCB0cnkgYWdhaW4uClRoZXJlIHdhcyBhbiBlcnJvciBzZW5kaW5nIHlvdXIgbWVzc2FnZS4gUGxlYXNlIHRyeSBhZ2FpbiBsYXRlci4KWW91IG11c3QgYWdyZWUgdG8gdGhlIHRlcm1zIGFuZCBjb25kaXRpb25zIGJlZm9yZSBzZW5kaW5nIHlvdXIgbWVzc2FnZS4KVGhlIGZpZWxkIGlzIHJlcXVpcmVkLgpUaGUgZmllbGQgaXMgdG9vIGxvbmcuClRoZSBmaWVsZCBpcyB0b28gc2hvcnQuCkFuIHVua25vd24gZXJyb3Igb2NjdXJyZWQgd2hpbGUgbG9hZGluZyB0aGUgZmlsZS4KWW91IGFyZSBub3QgZW5hYmxlZCB0byB1cGxvYWQgZmlsZXMgb2YgdGhpcyB0eXBlLgpUaGUgZmlsZeKAmXMgdG9vIGJpZy4KQW4gZXJyb3Igb2NjdXJyZWQgd2hpbGUgbG9hZGluZyB0aGUgZmlsZS4KVGhlIGRhdGUgZm9ybWF0IGlzIGluY29ycmVjdC4KVGhlIGRhdGUgaXMgZWFybGllciB0aGFuIHRoZSBmaXJzdCBkYXRlIGFsbG93ZWQuClRoZSBkYXRlIGlzIGxhdGVyIHRoYW4gdGhlIGxhc3QgZGF0ZSBhbGxvd2VkLgpUaGUgbnVtZXJpY2FsIGZvcm1hdCBpcyBpbnZhbGlkLgpUaGUgbnVtYmVyIGlzIGxlc3MgdGhhbiB0aGUgbWluaW11bSBhbGxvd2VkLgpUaGUgbnVtYmVyIGlzIGhpZ2hlciB0aGFuIHRoZSBtYXhpbXVtIGFsbG93ZWQuClRoZSBhbnN3ZXIgdG8gdGhlIHF1aXogaXMgaW5jb3JyZWN0LgpUaGUgZW1haWwgYWRkcmVzcyB5b3UgZW50ZXJlZCBpcyBpbnZhbGlkLgpUaGUgVVJMIGlzIGludmFsaWQuClRoZSBwaG9uZSBudW1iZXIgaXMgaW52YWxpZC4=\";s:6:\"format\";s:6:\"base64\";}s:7:\"excerpt\";a:3:{s:9:\"translate\";i:1;s:4:\"data\";s:0:\"\";s:6:\"format\";s:6:\"base64\";}s:4:\"t_13\";a:3:{s:9:\"translate\";i:1;s:4:\"data\";s:12:\"T3B0aW9uYWw=\";s:6:\"format\";s:6:\"base64\";}s:8:\"tdesc_13\";a:3:{s:9:\"translate\";i:1;s:4:\"data\";s:0:\"\";s:6:\"format\";s:6:\"base64\";}}s:4:\"type\";s:4:\"post\";}','2021-03-12 10:33:13',1,'a:8:{s:6:\"status\";s:1:\"2\";s:13:\"translator_id\";s:1:\"1\";s:12:\"needs_update\";s:1:\"1\";s:3:\"md5\";s:32:\"85232041acd13009e7020198c4575175\";s:19:\"translation_service\";s:5:\"local\";s:19:\"translation_package\";s:20452:\"a:4:{s:3:\"url\";s:28:\"https://voltmoabit.com?p=661\";s:5:\"title\";s:12:\"get in touch\";s:8:\"contents\";a:132:{s:13:\"field-_form-0\";a:3:{s:9:\"translate\";i:1;s:4:\"data\";s:1368:\"PGRpdiBjbGFzcz0iZ2V0X3RvdWNoX2xlZnRfbmFtZSI+IAogICAgICAgICAgICA8bGFiZWw+IE5hbWUgCiAgICAgICAgICAgICAgICBbdGV4dCogeW91cm5hbWUgcGxhY2Vob2xkZXIgIllvdXIgbmFtZSBoZXJlIl0gPC9sYWJlbD4gCjwvZGl2PiAgICAKPGRpdiBjbGFzcz0iZ2V0X3RvdWNoX3JpZ2h0X3N1cm5hbWUiPiAgICAgCiAgICAgICAgICAgICAgPGxhYmVsPiBTdXJuYW1lCiAgICAgICAgICAgICAgIFt0ZXh0KiBzdXJuYW1lIHBsYWNlaG9sZGVyICJZb3VyIHN1cm5hbWUgaGVyZSJdIDwvbGFiZWw+IAo8L2Rpdj4KCjxkaXYgY2xhc3M9ImdldF90b3VjaF9yb3dfZW1haWwiPgogICAgICAgICAgICAgICA8bGFiZWw+IGVtYWlsCiAgICAgICAgICAgICAgIFtlbWFpbCogeW91ci1lbWFpbCBwbGFjZWhvbGRlciAieW91cmVtYWlsQGV4YW1wbGUuY29tIl08L2xhYmVsPgo8L2Rpdj4KCjxkaXYgY2xhc3M9ImdldF90b3VjaF9sZWZ0X3Bob25lIj4KICAgICAgICAgICAgICAgPGxhYmVsPiBQaG9uZSAob3B0aW9uYWwpCiAgICAgICAgICAgICAgICBbdGVsKiBQaG9uZSBwbGFjZWhvbGRlciAiKzQ5IDAwMCAwMDAgMDAwIl08L2xhYmVsPiAgCjwvZGl2PgoKPGRpdiBjbGFzcz0iZ2V0X3RvdWNoX3JpZ2h0X3Byb3BlcnR5Ij4KCiAgICAgICAgICAgICAgICAgPGxhYmVsPiBQcm9wZXJ0eQogICAgICAgICAgICAgICAgW3NlbGVjdCogcHJvcGVydHkgIGZpcnN0X2FzX2xhYmVsICJTZWxlY3QgYSBwcm9wZXJ0eSIiVm9sdCIgIldpcmUiICJQdWxzZSJdPC9sYWJlbD4gIAo8L2Rpdj4KPGRpdiBjbGFzcz0iZ2V0X3RvdWNoX3Jvd19tZXNzYWdlIj4KICAgICAgICAgICAgICAgICA8bGFiZWw+IE1lc3NhZ2UKICAgICAgICAgICAgICAgICAgW3RleHRhcmVhKiB5b3VyLW1lc3NhZ2UgcGxhY2Vob2xkZXIgIldyaXRlIHlvdXIgbWVzc2FnZSBoZXJlIl0gPC9sYWJlbD4KPC9kaXY+CjxkaXYgY2xhc3M9ImdldF90b3VjaF9zdWJtaXQiID4KICAgICAgICAgICAgICAgICAgIFtzdWJtaXQgIlN1Ym1pdCJdCjwvZGl2Pg==\";s:6:\"format\";s:6:\"base64\";}s:18:\"field-_form-0-name\";a:2:{s:9:\"translate\";i:0;s:4:\"data\";s:7:\"_form-0\";}s:18:\"field-_form-0-type\";a:2:{s:9:\"translate\";i:0;s:4:\"data\";s:12:\"custom_field\";}s:20:\"field-_mail-0-active\";a:3:{s:9:\"translate\";i:1;s:4:\"data\";s:4:\"MQ==\";s:6:\"format\";s:6:\"base64\";}s:25:\"field-_mail-0-active-name\";a:2:{s:9:\"translate\";i:0;s:4:\"data\";s:14:\"_mail-0-active\";}s:25:\"field-_mail-0-active-type\";a:2:{s:9:\"translate\";i:0;s:4:\"data\";s:12:\"custom_field\";}s:21:\"field-_mail-0-subject\";a:3:{s:9:\"translate\";i:1;s:4:\"data\";s:56:\"W19zaXRlX3RpdGxlXSAiR2V0IGluIHRvdWNoIiB8IFtwcm9wZXJ0eV0=\";s:6:\"format\";s:6:\"base64\";}s:26:\"field-_mail-0-subject-name\";a:2:{s:9:\"translate\";i:0;s:4:\"data\";s:15:\"_mail-0-subject\";}s:26:\"field-_mail-0-subject-type\";a:2:{s:9:\"translate\";i:0;s:4:\"data\";s:12:\"custom_field\";}s:20:\"field-_mail-0-sender\";a:3:{s:9:\"translate\";i:1;s:4:\"data\";s:28:\"aW5mb0B2b2x0bW9hYml0LmNvbQ==\";s:6:\"format\";s:6:\"base64\";}s:25:\"field-_mail-0-sender-name\";a:2:{s:9:\"translate\";i:0;s:4:\"data\";s:14:\"_mail-0-sender\";}s:25:\"field-_mail-0-sender-type\";a:2:{s:9:\"translate\";i:0;s:4:\"data\";s:12:\"custom_field\";}s:23:\"field-_mail-0-recipient\";a:3:{s:9:\"translate\";i:1;s:4:\"data\";s:28:\"W19zaXRlX2FkbWluX2VtYWlsXQ==\";s:6:\"format\";s:6:\"base64\";}s:28:\"field-_mail-0-recipient-name\";a:2:{s:9:\"translate\";i:0;s:4:\"data\";s:17:\"_mail-0-recipient\";}s:28:\"field-_mail-0-recipient-type\";a:2:{s:9:\"translate\";i:0;s:4:\"data\";s:12:\"custom_field\";}s:18:\"field-_mail-0-body\";a:3:{s:9:\"translate\";i:1;s:4:\"data\";s:252:\"RnJvbTogW3lvdXJuYW1lXSBbc3VybmFtZV08W3lvdXItZW1haWxdPgpQaG9uZTogW1Bob25lXQpQcm9wZXJ0eTogW3Byb3BlcnR5XQpPYmplY3Q6ICJHZXQgaW4gdG91Y2giIHwgW3Byb3BlcnR5XQoKQm9keToKW3lvdXItbWVzc2FnZV0KClRoaXMgbWFpbCB3YXMgc2VudCBmcm9tIFtfc2l0ZV90aXRsZV0gKFtfc2l0ZV91cmxdKQ==\";s:6:\"format\";s:6:\"base64\";}s:23:\"field-_mail-0-body-name\";a:2:{s:9:\"translate\";i:0;s:4:\"data\";s:12:\"_mail-0-body\";}s:23:\"field-_mail-0-body-type\";a:2:{s:9:\"translate\";i:0;s:4:\"data\";s:12:\"custom_field\";}s:32:\"field-_mail-0-additional_headers\";a:3:{s:9:\"translate\";i:1;s:4:\"data\";s:32:\"UmVwbHktVG86IFt5b3VyLWVtYWlsXQ==\";s:6:\"format\";s:6:\"base64\";}s:37:\"field-_mail-0-additional_headers-name\";a:2:{s:9:\"translate\";i:0;s:4:\"data\";s:26:\"_mail-0-additional_headers\";}s:37:\"field-_mail-0-additional_headers-type\";a:2:{s:9:\"translate\";i:0;s:4:\"data\";s:12:\"custom_field\";}s:25:\"field-_mail-0-attachments\";a:3:{s:9:\"translate\";i:1;s:4:\"data\";s:0:\"\";s:6:\"format\";s:6:\"base64\";}s:30:\"field-_mail-0-attachments-name\";a:2:{s:9:\"translate\";i:0;s:4:\"data\";s:19:\"_mail-0-attachments\";}s:30:\"field-_mail-0-attachments-type\";a:2:{s:9:\"translate\";i:0;s:4:\"data\";s:12:\"custom_field\";}s:22:\"field-_mail-0-use_html\";a:3:{s:9:\"translate\";i:1;s:4:\"data\";s:0:\"\";s:6:\"format\";s:6:\"base64\";}s:27:\"field-_mail-0-use_html-name\";a:2:{s:9:\"translate\";i:0;s:4:\"data\";s:16:\"_mail-0-use_html\";}s:27:\"field-_mail-0-use_html-type\";a:2:{s:9:\"translate\";i:0;s:4:\"data\";s:12:\"custom_field\";}s:27:\"field-_mail-0-exclude_blank\";a:3:{s:9:\"translate\";i:1;s:4:\"data\";s:0:\"\";s:6:\"format\";s:6:\"base64\";}s:32:\"field-_mail-0-exclude_blank-name\";a:2:{s:9:\"translate\";i:0;s:4:\"data\";s:21:\"_mail-0-exclude_blank\";}s:32:\"field-_mail-0-exclude_blank-type\";a:2:{s:9:\"translate\";i:0;s:4:\"data\";s:12:\"custom_field\";}s:22:\"field-_mail_2-0-active\";a:3:{s:9:\"translate\";i:1;s:4:\"data\";s:0:\"\";s:6:\"format\";s:6:\"base64\";}s:27:\"field-_mail_2-0-active-name\";a:2:{s:9:\"translate\";i:0;s:4:\"data\";s:16:\"_mail_2-0-active\";}s:27:\"field-_mail_2-0-active-type\";a:2:{s:9:\"translate\";i:0;s:4:\"data\";s:12:\"custom_field\";}s:23:\"field-_mail_2-0-subject\";a:3:{s:9:\"translate\";i:1;s:4:\"data\";s:40:\"W19zaXRlX3RpdGxlXSAiW3lvdXItc3ViamVjdF0i\";s:6:\"format\";s:6:\"base64\";}s:28:\"field-_mail_2-0-subject-name\";a:2:{s:9:\"translate\";i:0;s:4:\"data\";s:17:\"_mail_2-0-subject\";}s:28:\"field-_mail_2-0-subject-type\";a:2:{s:9:\"translate\";i:0;s:4:\"data\";s:12:\"custom_field\";}s:22:\"field-_mail_2-0-sender\";a:3:{s:9:\"translate\";i:1;s:4:\"data\";s:52:\"W19zaXRlX3RpdGxlXSA8d29yZHByZXNzQDE1OS44OS4zMS43Pg==\";s:6:\"format\";s:6:\"base64\";}s:27:\"field-_mail_2-0-sender-name\";a:2:{s:9:\"translate\";i:0;s:4:\"data\";s:16:\"_mail_2-0-sender\";}s:27:\"field-_mail_2-0-sender-type\";a:2:{s:9:\"translate\";i:0;s:4:\"data\";s:12:\"custom_field\";}s:25:\"field-_mail_2-0-recipient\";a:3:{s:9:\"translate\";i:1;s:4:\"data\";s:16:\"W3lvdXItZW1haWxd\";s:6:\"format\";s:6:\"base64\";}s:30:\"field-_mail_2-0-recipient-name\";a:2:{s:9:\"translate\";i:0;s:4:\"data\";s:19:\"_mail_2-0-recipient\";}s:30:\"field-_mail_2-0-recipient-type\";a:2:{s:9:\"translate\";i:0;s:4:\"data\";s:12:\"custom_field\";}s:20:\"field-_mail_2-0-body\";a:3:{s:9:\"translate\";i:1;s:4:\"data\";s:172:\"Q29ycG8gZGVsIG1lc3NhZ2dpbzoKW3lvdXItbWVzc2FnZV0KCi0tIApRdWVzdGEgZS1tYWlsIMOoIHN0YXRhIGludmlhdGEgZGEgdW4gbW9kdWxvIGRpIGNvbnRhdHRvIHN1IFtfc2l0ZV90aXRsZV0gKFtfc2l0ZV91cmxdKQ==\";s:6:\"format\";s:6:\"base64\";}s:25:\"field-_mail_2-0-body-name\";a:2:{s:9:\"translate\";i:0;s:4:\"data\";s:14:\"_mail_2-0-body\";}s:25:\"field-_mail_2-0-body-type\";a:2:{s:9:\"translate\";i:0;s:4:\"data\";s:12:\"custom_field\";}s:34:\"field-_mail_2-0-additional_headers\";a:3:{s:9:\"translate\";i:1;s:4:\"data\";s:40:\"UmVwbHktVG86IFtfc2l0ZV9hZG1pbl9lbWFpbF0=\";s:6:\"format\";s:6:\"base64\";}s:39:\"field-_mail_2-0-additional_headers-name\";a:2:{s:9:\"translate\";i:0;s:4:\"data\";s:28:\"_mail_2-0-additional_headers\";}s:39:\"field-_mail_2-0-additional_headers-type\";a:2:{s:9:\"translate\";i:0;s:4:\"data\";s:12:\"custom_field\";}s:27:\"field-_mail_2-0-attachments\";a:3:{s:9:\"translate\";i:1;s:4:\"data\";s:0:\"\";s:6:\"format\";s:6:\"base64\";}s:32:\"field-_mail_2-0-attachments-name\";a:2:{s:9:\"translate\";i:0;s:4:\"data\";s:21:\"_mail_2-0-attachments\";}s:32:\"field-_mail_2-0-attachments-type\";a:2:{s:9:\"translate\";i:0;s:4:\"data\";s:12:\"custom_field\";}s:24:\"field-_mail_2-0-use_html\";a:3:{s:9:\"translate\";i:1;s:4:\"data\";s:0:\"\";s:6:\"format\";s:6:\"base64\";}s:29:\"field-_mail_2-0-use_html-name\";a:2:{s:9:\"translate\";i:0;s:4:\"data\";s:18:\"_mail_2-0-use_html\";}s:29:\"field-_mail_2-0-use_html-type\";a:2:{s:9:\"translate\";i:0;s:4:\"data\";s:12:\"custom_field\";}s:29:\"field-_mail_2-0-exclude_blank\";a:3:{s:9:\"translate\";i:1;s:4:\"data\";s:0:\"\";s:6:\"format\";s:6:\"base64\";}s:34:\"field-_mail_2-0-exclude_blank-name\";a:2:{s:9:\"translate\";i:0;s:4:\"data\";s:23:\"_mail_2-0-exclude_blank\";}s:34:\"field-_mail_2-0-exclude_blank-type\";a:2:{s:9:\"translate\";i:0;s:4:\"data\";s:12:\"custom_field\";}s:30:\"field-_messages-0-mail_sent_ok\";a:3:{s:9:\"translate\";i:1;s:4:\"data\";s:60:\"VGhhbmsgeW91IGZvciB5b3VyIG1lc3NhZ2UuIEl0IGhhcyBiZWVuIHNlbnQu\";s:6:\"format\";s:6:\"base64\";}s:35:\"field-_messages-0-mail_sent_ok-name\";a:2:{s:9:\"translate\";i:0;s:4:\"data\";s:24:\"_messages-0-mail_sent_ok\";}s:35:\"field-_messages-0-mail_sent_ok-type\";a:2:{s:9:\"translate\";i:0;s:4:\"data\";s:12:\"custom_field\";}s:30:\"field-_messages-0-mail_sent_ng\";a:3:{s:9:\"translate\";i:1;s:4:\"data\";s:60:\"VGhhbmsgeW91IGZvciB5b3VyIG1lc3NhZ2UuIEl0IGhhcyBiZWVuIHNlbnQu\";s:6:\"format\";s:6:\"base64\";}s:35:\"field-_messages-0-mail_sent_ng-name\";a:2:{s:9:\"translate\";i:0;s:4:\"data\";s:24:\"_messages-0-mail_sent_ng\";}s:35:\"field-_messages-0-mail_sent_ng-type\";a:2:{s:9:\"translate\";i:0;s:4:\"data\";s:12:\"custom_field\";}s:34:\"field-_messages-0-validation_error\";a:3:{s:9:\"translate\";i:1;s:4:\"data\";s:72:\"T25lIG9yIG1vcmUgZmllbGRzIGhhdmUgZXJyb3JzLiBDaGVjayBhbmQgdHJ5IGFnYWluLg==\";s:6:\"format\";s:6:\"base64\";}s:39:\"field-_messages-0-validation_error-name\";a:2:{s:9:\"translate\";i:0;s:4:\"data\";s:28:\"_messages-0-validation_error\";}s:39:\"field-_messages-0-validation_error-type\";a:2:{s:9:\"translate\";i:0;s:4:\"data\";s:12:\"custom_field\";}s:22:\"field-_messages-0-spam\";a:3:{s:9:\"translate\";i:1;s:4:\"data\";s:88:\"VGhlcmUgd2FzIGFuIGVycm9yIHNlbmRpbmcgeW91ciBtZXNzYWdlLiBQbGVhc2UgdHJ5IGFnYWluIGxhdGVyLg==\";s:6:\"format\";s:6:\"base64\";}s:27:\"field-_messages-0-spam-name\";a:2:{s:9:\"translate\";i:0;s:4:\"data\";s:16:\"_messages-0-spam\";}s:27:\"field-_messages-0-spam-type\";a:2:{s:9:\"translate\";i:0;s:4:\"data\";s:12:\"custom_field\";}s:30:\"field-_messages-0-accept_terms\";a:3:{s:9:\"translate\";i:1;s:4:\"data\";s:96:\"WW91IG11c3QgYWdyZWUgdG8gdGhlIHRlcm1zIGFuZCBjb25kaXRpb25zIGJlZm9yZSBzZW5kaW5nIHlvdXIgbWVzc2FnZS4=\";s:6:\"format\";s:6:\"base64\";}s:35:\"field-_messages-0-accept_terms-name\";a:2:{s:9:\"translate\";i:0;s:4:\"data\";s:24:\"_messages-0-accept_terms\";}s:35:\"field-_messages-0-accept_terms-type\";a:2:{s:9:\"translate\";i:0;s:4:\"data\";s:12:\"custom_field\";}s:34:\"field-_messages-0-invalid_required\";a:3:{s:9:\"translate\";i:1;s:4:\"data\";s:32:\"VGhlIGZpZWxkIGlzIHJlcXVpcmVkLg==\";s:6:\"format\";s:6:\"base64\";}s:39:\"field-_messages-0-invalid_required-name\";a:2:{s:9:\"translate\";i:0;s:4:\"data\";s:28:\"_messages-0-invalid_required\";}s:39:\"field-_messages-0-invalid_required-type\";a:2:{s:9:\"translate\";i:0;s:4:\"data\";s:12:\"custom_field\";}s:34:\"field-_messages-0-invalid_too_long\";a:3:{s:9:\"translate\";i:1;s:4:\"data\";s:32:\"VGhlIGZpZWxkIGlzIHRvbyBsb25nLg==\";s:6:\"format\";s:6:\"base64\";}s:39:\"field-_messages-0-invalid_too_long-name\";a:2:{s:9:\"translate\";i:0;s:4:\"data\";s:28:\"_messages-0-invalid_too_long\";}s:39:\"field-_messages-0-invalid_too_long-type\";a:2:{s:9:\"translate\";i:0;s:4:\"data\";s:12:\"custom_field\";}s:35:\"field-_messages-0-invalid_too_short\";a:3:{s:9:\"translate\";i:1;s:4:\"data\";s:32:\"VGhlIGZpZWxkIGlzIHRvbyBzaG9ydC4=\";s:6:\"format\";s:6:\"base64\";}s:40:\"field-_messages-0-invalid_too_short-name\";a:2:{s:9:\"translate\";i:0;s:4:\"data\";s:29:\"_messages-0-invalid_too_short\";}s:40:\"field-_messages-0-invalid_too_short-type\";a:2:{s:9:\"translate\";i:0;s:4:\"data\";s:12:\"custom_field\";}s:31:\"field-_messages-0-upload_failed\";a:3:{s:9:\"translate\";i:1;s:4:\"data\";s:68:\"QW4gdW5rbm93biBlcnJvciBvY2N1cnJlZCB3aGlsZSBsb2FkaW5nIHRoZSBmaWxlLg==\";s:6:\"format\";s:6:\"base64\";}s:36:\"field-_messages-0-upload_failed-name\";a:2:{s:9:\"translate\";i:0;s:4:\"data\";s:25:\"_messages-0-upload_failed\";}s:36:\"field-_messages-0-upload_failed-type\";a:2:{s:9:\"translate\";i:0;s:4:\"data\";s:12:\"custom_field\";}s:42:\"field-_messages-0-upload_file_type_invalid\";a:3:{s:9:\"translate\";i:1;s:4:\"data\";s:68:\"WW91IGFyZSBub3QgZW5hYmxlZCB0byB1cGxvYWQgZmlsZXMgb2YgdGhpcyB0eXBlLg==\";s:6:\"format\";s:6:\"base64\";}s:47:\"field-_messages-0-upload_file_type_invalid-name\";a:2:{s:9:\"translate\";i:0;s:4:\"data\";s:36:\"_messages-0-upload_file_type_invalid\";}s:47:\"field-_messages-0-upload_file_type_invalid-type\";a:2:{s:9:\"translate\";i:0;s:4:\"data\";s:12:\"custom_field\";}s:39:\"field-_messages-0-upload_file_too_large\";a:3:{s:9:\"translate\";i:1;s:4:\"data\";s:28:\"VGhlIGZpbGXigJlzIHRvbyBiaWcu\";s:6:\"format\";s:6:\"base64\";}s:44:\"field-_messages-0-upload_file_too_large-name\";a:2:{s:9:\"translate\";i:0;s:4:\"data\";s:33:\"_messages-0-upload_file_too_large\";}s:44:\"field-_messages-0-upload_file_too_large-type\";a:2:{s:9:\"translate\";i:0;s:4:\"data\";s:12:\"custom_field\";}s:41:\"field-_messages-0-upload_failed_php_error\";a:3:{s:9:\"translate\";i:1;s:4:\"data\";s:56:\"QW4gZXJyb3Igb2NjdXJyZWQgd2hpbGUgbG9hZGluZyB0aGUgZmlsZS4=\";s:6:\"format\";s:6:\"base64\";}s:46:\"field-_messages-0-upload_failed_php_error-name\";a:2:{s:9:\"translate\";i:0;s:4:\"data\";s:35:\"_messages-0-upload_failed_php_error\";}s:46:\"field-_messages-0-upload_failed_php_error-type\";a:2:{s:9:\"translate\";i:0;s:4:\"data\";s:12:\"custom_field\";}s:30:\"field-_messages-0-invalid_date\";a:3:{s:9:\"translate\";i:1;s:4:\"data\";s:40:\"VGhlIGRhdGUgZm9ybWF0IGlzIGluY29ycmVjdC4=\";s:6:\"format\";s:6:\"base64\";}s:35:\"field-_messages-0-invalid_date-name\";a:2:{s:9:\"translate\";i:0;s:4:\"data\";s:24:\"_messages-0-invalid_date\";}s:35:\"field-_messages-0-invalid_date-type\";a:2:{s:9:\"translate\";i:0;s:4:\"data\";s:12:\"custom_field\";}s:32:\"field-_messages-0-date_too_early\";a:3:{s:9:\"translate\";i:1;s:4:\"data\";s:64:\"VGhlIGRhdGUgaXMgZWFybGllciB0aGFuIHRoZSBmaXJzdCBkYXRlIGFsbG93ZWQu\";s:6:\"format\";s:6:\"base64\";}s:37:\"field-_messages-0-date_too_early-name\";a:2:{s:9:\"translate\";i:0;s:4:\"data\";s:26:\"_messages-0-date_too_early\";}s:37:\"field-_messages-0-date_too_early-type\";a:2:{s:9:\"translate\";i:0;s:4:\"data\";s:12:\"custom_field\";}s:31:\"field-_messages-0-date_too_late\";a:3:{s:9:\"translate\";i:1;s:4:\"data\";s:60:\"VGhlIGRhdGUgaXMgbGF0ZXIgdGhhbiB0aGUgbGFzdCBkYXRlIGFsbG93ZWQu\";s:6:\"format\";s:6:\"base64\";}s:36:\"field-_messages-0-date_too_late-name\";a:2:{s:9:\"translate\";i:0;s:4:\"data\";s:25:\"_messages-0-date_too_late\";}s:36:\"field-_messages-0-date_too_late-type\";a:2:{s:9:\"translate\";i:0;s:4:\"data\";s:12:\"custom_field\";}s:32:\"field-_messages-0-invalid_number\";a:3:{s:9:\"translate\";i:1;s:4:\"data\";s:44:\"VGhlIG51bWVyaWNhbCBmb3JtYXQgaXMgaW52YWxpZC4=\";s:6:\"format\";s:6:\"base64\";}s:37:\"field-_messages-0-invalid_number-name\";a:2:{s:9:\"translate\";i:0;s:4:\"data\";s:26:\"_messages-0-invalid_number\";}s:37:\"field-_messages-0-invalid_number-type\";a:2:{s:9:\"translate\";i:0;s:4:\"data\";s:12:\"custom_field\";}s:34:\"field-_messages-0-number_too_small\";a:3:{s:9:\"translate\";i:1;s:4:\"data\";s:60:\"VGhlIG51bWJlciBpcyBsZXNzIHRoYW4gdGhlIG1pbmltdW0gYWxsb3dlZC4=\";s:6:\"format\";s:6:\"base64\";}s:39:\"field-_messages-0-number_too_small-name\";a:2:{s:9:\"translate\";i:0;s:4:\"data\";s:28:\"_messages-0-number_too_small\";}s:39:\"field-_messages-0-number_too_small-type\";a:2:{s:9:\"translate\";i:0;s:4:\"data\";s:12:\"custom_field\";}s:34:\"field-_messages-0-number_too_large\";a:3:{s:9:\"translate\";i:1;s:4:\"data\";s:64:\"VGhlIG51bWJlciBpcyBoaWdoZXIgdGhhbiB0aGUgbWF4aW11bSBhbGxvd2VkLg==\";s:6:\"format\";s:6:\"base64\";}s:39:\"field-_messages-0-number_too_large-name\";a:2:{s:9:\"translate\";i:0;s:4:\"data\";s:28:\"_messages-0-number_too_large\";}s:39:\"field-_messages-0-number_too_large-type\";a:2:{s:9:\"translate\";i:0;s:4:\"data\";s:12:\"custom_field\";}s:41:\"field-_messages-0-quiz_answer_not_correct\";a:3:{s:9:\"translate\";i:1;s:4:\"data\";s:48:\"VGhlIGFuc3dlciB0byB0aGUgcXVpeiBpcyBpbmNvcnJlY3Qu\";s:6:\"format\";s:6:\"base64\";}s:46:\"field-_messages-0-quiz_answer_not_correct-name\";a:2:{s:9:\"translate\";i:0;s:4:\"data\";s:35:\"_messages-0-quiz_answer_not_correct\";}s:46:\"field-_messages-0-quiz_answer_not_correct-type\";a:2:{s:9:\"translate\";i:0;s:4:\"data\";s:12:\"custom_field\";}s:31:\"field-_messages-0-invalid_email\";a:3:{s:9:\"translate\";i:1;s:4:\"data\";s:56:\"VGhlIGVtYWlsIGFkZHJlc3MgeW91IGVudGVyZWQgaXMgaW52YWxpZC4=\";s:6:\"format\";s:6:\"base64\";}s:36:\"field-_messages-0-invalid_email-name\";a:2:{s:9:\"translate\";i:0;s:4:\"data\";s:25:\"_messages-0-invalid_email\";}s:36:\"field-_messages-0-invalid_email-type\";a:2:{s:9:\"translate\";i:0;s:4:\"data\";s:12:\"custom_field\";}s:29:\"field-_messages-0-invalid_url\";a:3:{s:9:\"translate\";i:1;s:4:\"data\";s:28:\"VGhlIFVSTCBpcyBpbnZhbGlkLg==\";s:6:\"format\";s:6:\"base64\";}s:34:\"field-_messages-0-invalid_url-name\";a:2:{s:9:\"translate\";i:0;s:4:\"data\";s:23:\"_messages-0-invalid_url\";}s:34:\"field-_messages-0-invalid_url-type\";a:2:{s:9:\"translate\";i:0;s:4:\"data\";s:12:\"custom_field\";}s:29:\"field-_messages-0-invalid_tel\";a:3:{s:9:\"translate\";i:1;s:4:\"data\";s:40:\"VGhlIHBob25lIG51bWJlciBpcyBpbnZhbGlkLg==\";s:6:\"format\";s:6:\"base64\";}s:34:\"field-_messages-0-invalid_tel-name\";a:2:{s:9:\"translate\";i:0;s:4:\"data\";s:23:\"_messages-0-invalid_tel\";}s:34:\"field-_messages-0-invalid_tel-type\";a:2:{s:9:\"translate\";i:0;s:4:\"data\";s:12:\"custom_field\";}s:15:\"field-_locale-0\";a:3:{s:9:\"translate\";i:1;s:4:\"data\";s:8:\"aXRfSVQ=\";s:6:\"format\";s:6:\"base64\";}s:20:\"field-_locale-0-name\";a:2:{s:9:\"translate\";i:0;s:4:\"data\";s:9:\"_locale-0\";}s:20:\"field-_locale-0-type\";a:2:{s:9:\"translate\";i:0;s:4:\"data\";s:12:\"custom_field\";}s:11:\"original_id\";a:2:{s:9:\"translate\";i:0;s:4:\"data\";i:661;}s:5:\"title\";a:3:{s:9:\"translate\";i:1;s:4:\"data\";s:16:\"Z2V0IGluIHRvdWNo\";s:6:\"format\";s:6:\"base64\";}s:4:\"body\";a:3:{s:9:\"translate\";i:1;s:4:\"data\";s:3340:\"PGRpdiBjbGFzcz0iZ2V0X3RvdWNoX2xlZnRfbmFtZSI+IA0KICAgICAgICAgICAgPGxhYmVsPiBOYW1lIA0KICAgICAgICAgICAgICAgIFt0ZXh0KiB5b3VybmFtZSBwbGFjZWhvbGRlciAiWW91ciBuYW1lIGhlcmUiXSA8L2xhYmVsPiANCjwvZGl2PiAgICANCjxkaXYgY2xhc3M9ImdldF90b3VjaF9yaWdodF9zdXJuYW1lIj4gICAgIA0KICAgICAgICAgICAgICA8bGFiZWw+IFN1cm5hbWUNCiAgICAgICAgICAgICAgIFt0ZXh0KiBzdXJuYW1lIHBsYWNlaG9sZGVyICJZb3VyIHN1cm5hbWUgaGVyZSJdIDwvbGFiZWw+IA0KPC9kaXY+DQoNCjxkaXYgY2xhc3M9ImdldF90b3VjaF9yb3dfZW1haWwiPg0KICAgICAgICAgICAgICAgPGxhYmVsPiBlbWFpbA0KICAgICAgICAgICAgICAgW2VtYWlsKiB5b3VyLWVtYWlsIHBsYWNlaG9sZGVyICJ5b3VyZW1haWxAZXhhbXBsZS5jb20iXTwvbGFiZWw+DQo8L2Rpdj4NCg0KPGRpdiBjbGFzcz0iZ2V0X3RvdWNoX2xlZnRfcGhvbmUiPg0KICAgICAgICAgICAgICAgPGxhYmVsPiBQaG9uZSAob3B0aW9uYWwpDQogICAgICAgICAgICAgICAgW3RlbCogUGhvbmUgcGxhY2Vob2xkZXIgIis0OSAwMDAgMDAwIDAwMCJdPC9sYWJlbD4gIA0KPC9kaXY+DQoNCjxkaXYgY2xhc3M9ImdldF90b3VjaF9yaWdodF9wcm9wZXJ0eSI+DQoNCiAgICAgICAgICAgICAgICAgPGxhYmVsPiBQcm9wZXJ0eQ0KICAgICAgICAgICAgICAgIFtzZWxlY3QqIHByb3BlcnR5ICBmaXJzdF9hc19sYWJlbCAiU2VsZWN0IGEgcHJvcGVydHkiIlZvbHQiICJXaXJlIiAiUHVsc2UiXTwvbGFiZWw+ICANCjwvZGl2Pg0KPGRpdiBjbGFzcz0iZ2V0X3RvdWNoX3Jvd19tZXNzYWdlIj4NCiAgICAgICAgICAgICAgICAgPGxhYmVsPiBNZXNzYWdlDQogICAgICAgICAgICAgICAgICBbdGV4dGFyZWEqIHlvdXItbWVzc2FnZSBwbGFjZWhvbGRlciAiV3JpdGUgeW91ciBtZXNzYWdlIGhlcmUiXSA8L2xhYmVsPg0KPC9kaXY+DQo8ZGl2IGNsYXNzPSJnZXRfdG91Y2hfc3VibWl0IiA+DQogICAgICAgICAgICAgICAgICAgW3N1Ym1pdCAiU3VibWl0Il0NCjwvZGl2PgoxCltfc2l0ZV90aXRsZV0gIkdldCBpbiB0b3VjaCIgfCBbcHJvcGVydHldCmluZm9Adm9sdG1vYWJpdC5jb20KW19zaXRlX2FkbWluX2VtYWlsXQpGcm9tOiBbeW91cm5hbWVdIFtzdXJuYW1lXTxbeW91ci1lbWFpbF0+DQpQaG9uZTogW1Bob25lXQ0KUHJvcGVydHk6IFtwcm9wZXJ0eV0NCk9iamVjdDogIkdldCBpbiB0b3VjaCIgfCBbcHJvcGVydHldDQoNCk1lc3NhZ2U6DQpbeW91ci1tZXNzYWdlXQ0KDQpUaGlzIG1haWwgd2FzIHNlbnQgZnJvbSBbX3NpdGVfdGl0bGVdIChbX3NpdGVfdXJsXSkKUmVwbHktVG86IFt5b3VyLWVtYWlsXQoKCgoKW19zaXRlX3RpdGxlXSAiW3lvdXItc3ViamVjdF0iCltfc2l0ZV90aXRsZV0gPHdvcmRwcmVzc0AxNTkuODkuMzEuNz4KW3lvdXItZW1haWxdCkNvcnBvIGRlbCBtZXNzYWdnaW86DQpbeW91ci1tZXNzYWdlXQ0KDQotLSANClF1ZXN0YSBlLW1haWwgw6ggc3RhdGEgaW52aWF0YSBkYSB1biBtb2R1bG8gZGkgY29udGF0dG8gc3UgW19zaXRlX3RpdGxlXSAoW19zaXRlX3VybF0pClJlcGx5LVRvOiBbX3NpdGVfYWRtaW5fZW1haWxdCgoKClRoYW5rIHlvdSBmb3IgeW91ciBtZXNzYWdlLiBJdCBoYXMgYmVlbiBzZW50LgpUaGFuayB5b3UgZm9yIHlvdXIgbWVzc2FnZS4gSXQgaGFzIGJlZW4gc2VudC4KT25lIG9yIG1vcmUgZmllbGRzIGhhdmUgZXJyb3JzLiBDaGVjayBhbmQgdHJ5IGFnYWluLgpUaGVyZSB3YXMgYW4gZXJyb3Igc2VuZGluZyB5b3VyIG1lc3NhZ2UuIFBsZWFzZSB0cnkgYWdhaW4gbGF0ZXIuCllvdSBtdXN0IGFncmVlIHRvIHRoZSB0ZXJtcyBhbmQgY29uZGl0aW9ucyBiZWZvcmUgc2VuZGluZyB5b3VyIG1lc3NhZ2UuClRoZSBmaWVsZCBpcyByZXF1aXJlZC4KVGhlIGZpZWxkIGlzIHRvbyBsb25nLgpUaGUgZmllbGQgaXMgdG9vIHNob3J0LgpBbiB1bmtub3duIGVycm9yIG9jY3VycmVkIHdoaWxlIGxvYWRpbmcgdGhlIGZpbGUuCllvdSBhcmUgbm90IGVuYWJsZWQgdG8gdXBsb2FkIGZpbGVzIG9mIHRoaXMgdHlwZS4KVGhlIGZpbGXigJlzIHRvbyBiaWcuCkFuIGVycm9yIG9jY3VycmVkIHdoaWxlIGxvYWRpbmcgdGhlIGZpbGUuClRoZSBkYXRlIGZvcm1hdCBpcyBpbmNvcnJlY3QuClRoZSBkYXRlIGlzIGVhcmxpZXIgdGhhbiB0aGUgZmlyc3QgZGF0ZSBhbGxvd2VkLgpUaGUgZGF0ZSBpcyBsYXRlciB0aGFuIHRoZSBsYXN0IGRhdGUgYWxsb3dlZC4KVGhlIG51bWVyaWNhbCBmb3JtYXQgaXMgaW52YWxpZC4KVGhlIG51bWJlciBpcyBsZXNzIHRoYW4gdGhlIG1pbmltdW0gYWxsb3dlZC4KVGhlIG51bWJlciBpcyBoaWdoZXIgdGhhbiB0aGUgbWF4aW11bSBhbGxvd2VkLgpUaGUgYW5zd2VyIHRvIHRoZSBxdWl6IGlzIGluY29ycmVjdC4KVGhlIGVtYWlsIGFkZHJlc3MgeW91IGVudGVyZWQgaXMgaW52YWxpZC4KVGhlIFVSTCBpcyBpbnZhbGlkLgpUaGUgcGhvbmUgbnVtYmVyIGlzIGludmFsaWQu\";s:6:\"format\";s:6:\"base64\";}s:7:\"excerpt\";a:3:{s:9:\"translate\";i:1;s:4:\"data\";s:0:\"\";s:6:\"format\";s:6:\"base64\";}s:4:\"t_13\";a:3:{s:9:\"translate\";i:1;s:4:\"data\";s:12:\"T3B0aW9uYWw=\";s:6:\"format\";s:6:\"base64\";}s:8:\"tdesc_13\";a:3:{s:9:\"translate\";i:1;s:4:\"data\";s:0:\"\";s:6:\"format\";s:6:\"base64\";}}s:4:\"type\";s:4:\"post\";}\";s:9:\"timestamp\";s:19:\"2021-03-12 10:13:17\";s:11:\"links_fixed\";s:1:\"0\";}','34666133-6563-5664-b331-343239323839',NULL,1,NULL),(18,739,10,3,0,'14701a06cc368ad785392723a2f304ec','local',4,'a:4:{s:3:\"url\";s:29:\"https://voltmoabit.com?p=1148\";s:5:\"title\";s:13:\"our catalogue\";s:8:\"contents\";a:132:{s:13:\"field-_form-0\";a:3:{s:9:\"translate\";i:1;s:4:\"data\";s:312:\"PGRpdiBjbGFzcz0iZ2V0X3RvdWNoX3Jvd19lbWFpbF9jYXQiPgogICAgICAgICAgICAgICA8bGFiZWw+IGVtYWlsCiAgICAgICAgICAgICAgIFtlbWFpbCogeW91ci1lbWFpbCBwbGFjZWhvbGRlciAieW91cmVtYWlsQGV4YW1wbGUuY29tIl08L2xhYmVsPgo8L2Rpdj4KCjxkaXYgY2xhc3M9ImdldF90b3VjaF9zdWJtaXRfY2F0IiA+CiAgICAgICAgICAgICAgICAgICBbc3VibWl0ICJTdWJtaXQiXQo8L2Rpdj4=\";s:6:\"format\";s:6:\"base64\";}s:18:\"field-_form-0-name\";a:2:{s:9:\"translate\";i:0;s:4:\"data\";s:7:\"_form-0\";}s:18:\"field-_form-0-type\";a:2:{s:9:\"translate\";i:0;s:4:\"data\";s:12:\"custom_field\";}s:20:\"field-_mail-0-active\";a:3:{s:9:\"translate\";i:1;s:4:\"data\";s:4:\"MQ==\";s:6:\"format\";s:6:\"base64\";}s:25:\"field-_mail-0-active-name\";a:2:{s:9:\"translate\";i:0;s:4:\"data\";s:14:\"_mail-0-active\";}s:25:\"field-_mail-0-active-type\";a:2:{s:9:\"translate\";i:0;s:4:\"data\";s:12:\"custom_field\";}s:21:\"field-_mail-0-subject\";a:3:{s:9:\"translate\";i:1;s:4:\"data\";s:64:\"W19zaXRlX3RpdGxlXSAiR2V0IG91ciBjYXRvbG9ndWUiIHwgW3Byb3BlcnR5XQ==\";s:6:\"format\";s:6:\"base64\";}s:26:\"field-_mail-0-subject-name\";a:2:{s:9:\"translate\";i:0;s:4:\"data\";s:15:\"_mail-0-subject\";}s:26:\"field-_mail-0-subject-type\";a:2:{s:9:\"translate\";i:0;s:4:\"data\";s:12:\"custom_field\";}s:20:\"field-_mail-0-sender\";a:3:{s:9:\"translate\";i:1;s:4:\"data\";s:28:\"aW5mb0B2b2x0bW9hYml0LmNvbQ==\";s:6:\"format\";s:6:\"base64\";}s:25:\"field-_mail-0-sender-name\";a:2:{s:9:\"translate\";i:0;s:4:\"data\";s:14:\"_mail-0-sender\";}s:25:\"field-_mail-0-sender-type\";a:2:{s:9:\"translate\";i:0;s:4:\"data\";s:12:\"custom_field\";}s:23:\"field-_mail-0-recipient\";a:3:{s:9:\"translate\";i:1;s:4:\"data\";s:28:\"W19zaXRlX2FkbWluX2VtYWlsXQ==\";s:6:\"format\";s:6:\"base64\";}s:28:\"field-_mail-0-recipient-name\";a:2:{s:9:\"translate\";i:0;s:4:\"data\";s:17:\"_mail-0-recipient\";}s:28:\"field-_mail-0-recipient-type\";a:2:{s:9:\"translate\";i:0;s:4:\"data\";s:12:\"custom_field\";}s:18:\"field-_mail-0-body\";a:3:{s:9:\"translate\";i:1;s:4:\"data\";s:160:\"RnJvbTogW3lvdXJuYW1lXSBbc3VybmFtZV08W3lvdXItZW1haWxdPgpPYmplY3Q6ICJvdXIgY2F0YWxvZ3VlIiAKCgpUaGlzIG1haWwgd2FzIHNlbnQgZnJvbSBbX3NpdGVfdGl0bGVdIChbX3NpdGVfdXJsXSk=\";s:6:\"format\";s:6:\"base64\";}s:23:\"field-_mail-0-body-name\";a:2:{s:9:\"translate\";i:0;s:4:\"data\";s:12:\"_mail-0-body\";}s:23:\"field-_mail-0-body-type\";a:2:{s:9:\"translate\";i:0;s:4:\"data\";s:12:\"custom_field\";}s:32:\"field-_mail-0-additional_headers\";a:3:{s:9:\"translate\";i:1;s:4:\"data\";s:32:\"UmVwbHktVG86IFt5b3VyLWVtYWlsXQ==\";s:6:\"format\";s:6:\"base64\";}s:37:\"field-_mail-0-additional_headers-name\";a:2:{s:9:\"translate\";i:0;s:4:\"data\";s:26:\"_mail-0-additional_headers\";}s:37:\"field-_mail-0-additional_headers-type\";a:2:{s:9:\"translate\";i:0;s:4:\"data\";s:12:\"custom_field\";}s:25:\"field-_mail-0-attachments\";a:3:{s:9:\"translate\";i:1;s:4:\"data\";s:0:\"\";s:6:\"format\";s:6:\"base64\";}s:30:\"field-_mail-0-attachments-name\";a:2:{s:9:\"translate\";i:0;s:4:\"data\";s:19:\"_mail-0-attachments\";}s:30:\"field-_mail-0-attachments-type\";a:2:{s:9:\"translate\";i:0;s:4:\"data\";s:12:\"custom_field\";}s:22:\"field-_mail-0-use_html\";a:3:{s:9:\"translate\";i:1;s:4:\"data\";s:0:\"\";s:6:\"format\";s:6:\"base64\";}s:27:\"field-_mail-0-use_html-name\";a:2:{s:9:\"translate\";i:0;s:4:\"data\";s:16:\"_mail-0-use_html\";}s:27:\"field-_mail-0-use_html-type\";a:2:{s:9:\"translate\";i:0;s:4:\"data\";s:12:\"custom_field\";}s:27:\"field-_mail-0-exclude_blank\";a:3:{s:9:\"translate\";i:1;s:4:\"data\";s:0:\"\";s:6:\"format\";s:6:\"base64\";}s:32:\"field-_mail-0-exclude_blank-name\";a:2:{s:9:\"translate\";i:0;s:4:\"data\";s:21:\"_mail-0-exclude_blank\";}s:32:\"field-_mail-0-exclude_blank-type\";a:2:{s:9:\"translate\";i:0;s:4:\"data\";s:12:\"custom_field\";}s:22:\"field-_mail_2-0-active\";a:3:{s:9:\"translate\";i:1;s:4:\"data\";s:0:\"\";s:6:\"format\";s:6:\"base64\";}s:27:\"field-_mail_2-0-active-name\";a:2:{s:9:\"translate\";i:0;s:4:\"data\";s:16:\"_mail_2-0-active\";}s:27:\"field-_mail_2-0-active-type\";a:2:{s:9:\"translate\";i:0;s:4:\"data\";s:12:\"custom_field\";}s:23:\"field-_mail_2-0-subject\";a:3:{s:9:\"translate\";i:1;s:4:\"data\";s:40:\"W19zaXRlX3RpdGxlXSAiW3lvdXItc3ViamVjdF0i\";s:6:\"format\";s:6:\"base64\";}s:28:\"field-_mail_2-0-subject-name\";a:2:{s:9:\"translate\";i:0;s:4:\"data\";s:17:\"_mail_2-0-subject\";}s:28:\"field-_mail_2-0-subject-type\";a:2:{s:9:\"translate\";i:0;s:4:\"data\";s:12:\"custom_field\";}s:22:\"field-_mail_2-0-sender\";a:3:{s:9:\"translate\";i:1;s:4:\"data\";s:52:\"W19zaXRlX3RpdGxlXSA8d29yZHByZXNzQDE1OS44OS4zMS43Pg==\";s:6:\"format\";s:6:\"base64\";}s:27:\"field-_mail_2-0-sender-name\";a:2:{s:9:\"translate\";i:0;s:4:\"data\";s:16:\"_mail_2-0-sender\";}s:27:\"field-_mail_2-0-sender-type\";a:2:{s:9:\"translate\";i:0;s:4:\"data\";s:12:\"custom_field\";}s:25:\"field-_mail_2-0-recipient\";a:3:{s:9:\"translate\";i:1;s:4:\"data\";s:16:\"W3lvdXItZW1haWxd\";s:6:\"format\";s:6:\"base64\";}s:30:\"field-_mail_2-0-recipient-name\";a:2:{s:9:\"translate\";i:0;s:4:\"data\";s:19:\"_mail_2-0-recipient\";}s:30:\"field-_mail_2-0-recipient-type\";a:2:{s:9:\"translate\";i:0;s:4:\"data\";s:12:\"custom_field\";}s:20:\"field-_mail_2-0-body\";a:3:{s:9:\"translate\";i:1;s:4:\"data\";s:172:\"Q29ycG8gZGVsIG1lc3NhZ2dpbzoKW3lvdXItbWVzc2FnZV0KCi0tIApRdWVzdGEgZS1tYWlsIMOoIHN0YXRhIGludmlhdGEgZGEgdW4gbW9kdWxvIGRpIGNvbnRhdHRvIHN1IFtfc2l0ZV90aXRsZV0gKFtfc2l0ZV91cmxdKQ==\";s:6:\"format\";s:6:\"base64\";}s:25:\"field-_mail_2-0-body-name\";a:2:{s:9:\"translate\";i:0;s:4:\"data\";s:14:\"_mail_2-0-body\";}s:25:\"field-_mail_2-0-body-type\";a:2:{s:9:\"translate\";i:0;s:4:\"data\";s:12:\"custom_field\";}s:34:\"field-_mail_2-0-additional_headers\";a:3:{s:9:\"translate\";i:1;s:4:\"data\";s:40:\"UmVwbHktVG86IFtfc2l0ZV9hZG1pbl9lbWFpbF0=\";s:6:\"format\";s:6:\"base64\";}s:39:\"field-_mail_2-0-additional_headers-name\";a:2:{s:9:\"translate\";i:0;s:4:\"data\";s:28:\"_mail_2-0-additional_headers\";}s:39:\"field-_mail_2-0-additional_headers-type\";a:2:{s:9:\"translate\";i:0;s:4:\"data\";s:12:\"custom_field\";}s:27:\"field-_mail_2-0-attachments\";a:3:{s:9:\"translate\";i:1;s:4:\"data\";s:0:\"\";s:6:\"format\";s:6:\"base64\";}s:32:\"field-_mail_2-0-attachments-name\";a:2:{s:9:\"translate\";i:0;s:4:\"data\";s:21:\"_mail_2-0-attachments\";}s:32:\"field-_mail_2-0-attachments-type\";a:2:{s:9:\"translate\";i:0;s:4:\"data\";s:12:\"custom_field\";}s:24:\"field-_mail_2-0-use_html\";a:3:{s:9:\"translate\";i:1;s:4:\"data\";s:0:\"\";s:6:\"format\";s:6:\"base64\";}s:29:\"field-_mail_2-0-use_html-name\";a:2:{s:9:\"translate\";i:0;s:4:\"data\";s:18:\"_mail_2-0-use_html\";}s:29:\"field-_mail_2-0-use_html-type\";a:2:{s:9:\"translate\";i:0;s:4:\"data\";s:12:\"custom_field\";}s:29:\"field-_mail_2-0-exclude_blank\";a:3:{s:9:\"translate\";i:1;s:4:\"data\";s:0:\"\";s:6:\"format\";s:6:\"base64\";}s:34:\"field-_mail_2-0-exclude_blank-name\";a:2:{s:9:\"translate\";i:0;s:4:\"data\";s:23:\"_mail_2-0-exclude_blank\";}s:34:\"field-_mail_2-0-exclude_blank-type\";a:2:{s:9:\"translate\";i:0;s:4:\"data\";s:12:\"custom_field\";}s:30:\"field-_messages-0-mail_sent_ok\";a:3:{s:9:\"translate\";i:1;s:4:\"data\";s:60:\"VGhhbmsgeW91IGZvciB5b3VyIG1lc3NhZ2UuIEl0IGhhcyBiZWVuIHNlbnQu\";s:6:\"format\";s:6:\"base64\";}s:35:\"field-_messages-0-mail_sent_ok-name\";a:2:{s:9:\"translate\";i:0;s:4:\"data\";s:24:\"_messages-0-mail_sent_ok\";}s:35:\"field-_messages-0-mail_sent_ok-type\";a:2:{s:9:\"translate\";i:0;s:4:\"data\";s:12:\"custom_field\";}s:30:\"field-_messages-0-mail_sent_ng\";a:3:{s:9:\"translate\";i:1;s:4:\"data\";s:60:\"VGhhbmsgeW91IGZvciB5b3VyIG1lc3NhZ2UuIEl0IGhhcyBiZWVuIHNlbnQu\";s:6:\"format\";s:6:\"base64\";}s:35:\"field-_messages-0-mail_sent_ng-name\";a:2:{s:9:\"translate\";i:0;s:4:\"data\";s:24:\"_messages-0-mail_sent_ng\";}s:35:\"field-_messages-0-mail_sent_ng-type\";a:2:{s:9:\"translate\";i:0;s:4:\"data\";s:12:\"custom_field\";}s:34:\"field-_messages-0-validation_error\";a:3:{s:9:\"translate\";i:1;s:4:\"data\";s:72:\"T25lIG9yIG1vcmUgZmllbGRzIGhhdmUgZXJyb3JzLiBDaGVjayBhbmQgdHJ5IGFnYWluLg==\";s:6:\"format\";s:6:\"base64\";}s:39:\"field-_messages-0-validation_error-name\";a:2:{s:9:\"translate\";i:0;s:4:\"data\";s:28:\"_messages-0-validation_error\";}s:39:\"field-_messages-0-validation_error-type\";a:2:{s:9:\"translate\";i:0;s:4:\"data\";s:12:\"custom_field\";}s:22:\"field-_messages-0-spam\";a:3:{s:9:\"translate\";i:1;s:4:\"data\";s:88:\"VGhlcmUgd2FzIGFuIGVycm9yIHNlbmRpbmcgeW91ciBtZXNzYWdlLiBQbGVhc2UgdHJ5IGFnYWluIGxhdGVyLg==\";s:6:\"format\";s:6:\"base64\";}s:27:\"field-_messages-0-spam-name\";a:2:{s:9:\"translate\";i:0;s:4:\"data\";s:16:\"_messages-0-spam\";}s:27:\"field-_messages-0-spam-type\";a:2:{s:9:\"translate\";i:0;s:4:\"data\";s:12:\"custom_field\";}s:30:\"field-_messages-0-accept_terms\";a:3:{s:9:\"translate\";i:1;s:4:\"data\";s:96:\"WW91IG11c3QgYWdyZWUgdG8gdGhlIHRlcm1zIGFuZCBjb25kaXRpb25zIGJlZm9yZSBzZW5kaW5nIHlvdXIgbWVzc2FnZS4=\";s:6:\"format\";s:6:\"base64\";}s:35:\"field-_messages-0-accept_terms-name\";a:2:{s:9:\"translate\";i:0;s:4:\"data\";s:24:\"_messages-0-accept_terms\";}s:35:\"field-_messages-0-accept_terms-type\";a:2:{s:9:\"translate\";i:0;s:4:\"data\";s:12:\"custom_field\";}s:34:\"field-_messages-0-invalid_required\";a:3:{s:9:\"translate\";i:1;s:4:\"data\";s:32:\"VGhlIGZpZWxkIGlzIHJlcXVpcmVkLg==\";s:6:\"format\";s:6:\"base64\";}s:39:\"field-_messages-0-invalid_required-name\";a:2:{s:9:\"translate\";i:0;s:4:\"data\";s:28:\"_messages-0-invalid_required\";}s:39:\"field-_messages-0-invalid_required-type\";a:2:{s:9:\"translate\";i:0;s:4:\"data\";s:12:\"custom_field\";}s:34:\"field-_messages-0-invalid_too_long\";a:3:{s:9:\"translate\";i:1;s:4:\"data\";s:32:\"VGhlIGZpZWxkIGlzIHRvbyBsb25nLg==\";s:6:\"format\";s:6:\"base64\";}s:39:\"field-_messages-0-invalid_too_long-name\";a:2:{s:9:\"translate\";i:0;s:4:\"data\";s:28:\"_messages-0-invalid_too_long\";}s:39:\"field-_messages-0-invalid_too_long-type\";a:2:{s:9:\"translate\";i:0;s:4:\"data\";s:12:\"custom_field\";}s:35:\"field-_messages-0-invalid_too_short\";a:3:{s:9:\"translate\";i:1;s:4:\"data\";s:32:\"VGhlIGZpZWxkIGlzIHRvbyBzaG9ydC4=\";s:6:\"format\";s:6:\"base64\";}s:40:\"field-_messages-0-invalid_too_short-name\";a:2:{s:9:\"translate\";i:0;s:4:\"data\";s:29:\"_messages-0-invalid_too_short\";}s:40:\"field-_messages-0-invalid_too_short-type\";a:2:{s:9:\"translate\";i:0;s:4:\"data\";s:12:\"custom_field\";}s:31:\"field-_messages-0-upload_failed\";a:3:{s:9:\"translate\";i:1;s:4:\"data\";s:68:\"QW4gdW5rbm93biBlcnJvciBvY2N1cnJlZCB3aGlsZSBsb2FkaW5nIHRoZSBmaWxlLg==\";s:6:\"format\";s:6:\"base64\";}s:36:\"field-_messages-0-upload_failed-name\";a:2:{s:9:\"translate\";i:0;s:4:\"data\";s:25:\"_messages-0-upload_failed\";}s:36:\"field-_messages-0-upload_failed-type\";a:2:{s:9:\"translate\";i:0;s:4:\"data\";s:12:\"custom_field\";}s:42:\"field-_messages-0-upload_file_type_invalid\";a:3:{s:9:\"translate\";i:1;s:4:\"data\";s:68:\"WW91IGFyZSBub3QgZW5hYmxlZCB0byB1cGxvYWQgZmlsZXMgb2YgdGhpcyB0eXBlLg==\";s:6:\"format\";s:6:\"base64\";}s:47:\"field-_messages-0-upload_file_type_invalid-name\";a:2:{s:9:\"translate\";i:0;s:4:\"data\";s:36:\"_messages-0-upload_file_type_invalid\";}s:47:\"field-_messages-0-upload_file_type_invalid-type\";a:2:{s:9:\"translate\";i:0;s:4:\"data\";s:12:\"custom_field\";}s:39:\"field-_messages-0-upload_file_too_large\";a:3:{s:9:\"translate\";i:1;s:4:\"data\";s:28:\"VGhlIGZpbGXigJlzIHRvbyBiaWcu\";s:6:\"format\";s:6:\"base64\";}s:44:\"field-_messages-0-upload_file_too_large-name\";a:2:{s:9:\"translate\";i:0;s:4:\"data\";s:33:\"_messages-0-upload_file_too_large\";}s:44:\"field-_messages-0-upload_file_too_large-type\";a:2:{s:9:\"translate\";i:0;s:4:\"data\";s:12:\"custom_field\";}s:41:\"field-_messages-0-upload_failed_php_error\";a:3:{s:9:\"translate\";i:1;s:4:\"data\";s:56:\"QW4gZXJyb3Igb2NjdXJyZWQgd2hpbGUgbG9hZGluZyB0aGUgZmlsZS4=\";s:6:\"format\";s:6:\"base64\";}s:46:\"field-_messages-0-upload_failed_php_error-name\";a:2:{s:9:\"translate\";i:0;s:4:\"data\";s:35:\"_messages-0-upload_failed_php_error\";}s:46:\"field-_messages-0-upload_failed_php_error-type\";a:2:{s:9:\"translate\";i:0;s:4:\"data\";s:12:\"custom_field\";}s:30:\"field-_messages-0-invalid_date\";a:3:{s:9:\"translate\";i:1;s:4:\"data\";s:40:\"VGhlIGRhdGUgZm9ybWF0IGlzIGluY29ycmVjdC4=\";s:6:\"format\";s:6:\"base64\";}s:35:\"field-_messages-0-invalid_date-name\";a:2:{s:9:\"translate\";i:0;s:4:\"data\";s:24:\"_messages-0-invalid_date\";}s:35:\"field-_messages-0-invalid_date-type\";a:2:{s:9:\"translate\";i:0;s:4:\"data\";s:12:\"custom_field\";}s:32:\"field-_messages-0-date_too_early\";a:3:{s:9:\"translate\";i:1;s:4:\"data\";s:64:\"VGhlIGRhdGUgaXMgZWFybGllciB0aGFuIHRoZSBmaXJzdCBkYXRlIGFsbG93ZWQu\";s:6:\"format\";s:6:\"base64\";}s:37:\"field-_messages-0-date_too_early-name\";a:2:{s:9:\"translate\";i:0;s:4:\"data\";s:26:\"_messages-0-date_too_early\";}s:37:\"field-_messages-0-date_too_early-type\";a:2:{s:9:\"translate\";i:0;s:4:\"data\";s:12:\"custom_field\";}s:31:\"field-_messages-0-date_too_late\";a:3:{s:9:\"translate\";i:1;s:4:\"data\";s:60:\"VGhlIGRhdGUgaXMgbGF0ZXIgdGhhbiB0aGUgbGFzdCBkYXRlIGFsbG93ZWQu\";s:6:\"format\";s:6:\"base64\";}s:36:\"field-_messages-0-date_too_late-name\";a:2:{s:9:\"translate\";i:0;s:4:\"data\";s:25:\"_messages-0-date_too_late\";}s:36:\"field-_messages-0-date_too_late-type\";a:2:{s:9:\"translate\";i:0;s:4:\"data\";s:12:\"custom_field\";}s:32:\"field-_messages-0-invalid_number\";a:3:{s:9:\"translate\";i:1;s:4:\"data\";s:44:\"VGhlIG51bWVyaWNhbCBmb3JtYXQgaXMgaW52YWxpZC4=\";s:6:\"format\";s:6:\"base64\";}s:37:\"field-_messages-0-invalid_number-name\";a:2:{s:9:\"translate\";i:0;s:4:\"data\";s:26:\"_messages-0-invalid_number\";}s:37:\"field-_messages-0-invalid_number-type\";a:2:{s:9:\"translate\";i:0;s:4:\"data\";s:12:\"custom_field\";}s:34:\"field-_messages-0-number_too_small\";a:3:{s:9:\"translate\";i:1;s:4:\"data\";s:60:\"VGhlIG51bWJlciBpcyBsZXNzIHRoYW4gdGhlIG1pbmltdW0gYWxsb3dlZC4=\";s:6:\"format\";s:6:\"base64\";}s:39:\"field-_messages-0-number_too_small-name\";a:2:{s:9:\"translate\";i:0;s:4:\"data\";s:28:\"_messages-0-number_too_small\";}s:39:\"field-_messages-0-number_too_small-type\";a:2:{s:9:\"translate\";i:0;s:4:\"data\";s:12:\"custom_field\";}s:34:\"field-_messages-0-number_too_large\";a:3:{s:9:\"translate\";i:1;s:4:\"data\";s:64:\"VGhlIG51bWJlciBpcyBoaWdoZXIgdGhhbiB0aGUgbWF4aW11bSBhbGxvd2VkLg==\";s:6:\"format\";s:6:\"base64\";}s:39:\"field-_messages-0-number_too_large-name\";a:2:{s:9:\"translate\";i:0;s:4:\"data\";s:28:\"_messages-0-number_too_large\";}s:39:\"field-_messages-0-number_too_large-type\";a:2:{s:9:\"translate\";i:0;s:4:\"data\";s:12:\"custom_field\";}s:41:\"field-_messages-0-quiz_answer_not_correct\";a:3:{s:9:\"translate\";i:1;s:4:\"data\";s:48:\"VGhlIGFuc3dlciB0byB0aGUgcXVpeiBpcyBpbmNvcnJlY3Qu\";s:6:\"format\";s:6:\"base64\";}s:46:\"field-_messages-0-quiz_answer_not_correct-name\";a:2:{s:9:\"translate\";i:0;s:4:\"data\";s:35:\"_messages-0-quiz_answer_not_correct\";}s:46:\"field-_messages-0-quiz_answer_not_correct-type\";a:2:{s:9:\"translate\";i:0;s:4:\"data\";s:12:\"custom_field\";}s:31:\"field-_messages-0-invalid_email\";a:3:{s:9:\"translate\";i:1;s:4:\"data\";s:56:\"VGhlIGVtYWlsIGFkZHJlc3MgeW91IGVudGVyZWQgaXMgaW52YWxpZC4=\";s:6:\"format\";s:6:\"base64\";}s:36:\"field-_messages-0-invalid_email-name\";a:2:{s:9:\"translate\";i:0;s:4:\"data\";s:25:\"_messages-0-invalid_email\";}s:36:\"field-_messages-0-invalid_email-type\";a:2:{s:9:\"translate\";i:0;s:4:\"data\";s:12:\"custom_field\";}s:29:\"field-_messages-0-invalid_url\";a:3:{s:9:\"translate\";i:1;s:4:\"data\";s:28:\"VGhlIFVSTCBpcyBpbnZhbGlkLg==\";s:6:\"format\";s:6:\"base64\";}s:34:\"field-_messages-0-invalid_url-name\";a:2:{s:9:\"translate\";i:0;s:4:\"data\";s:23:\"_messages-0-invalid_url\";}s:34:\"field-_messages-0-invalid_url-type\";a:2:{s:9:\"translate\";i:0;s:4:\"data\";s:12:\"custom_field\";}s:29:\"field-_messages-0-invalid_tel\";a:3:{s:9:\"translate\";i:1;s:4:\"data\";s:40:\"VGhlIHBob25lIG51bWJlciBpcyBpbnZhbGlkLg==\";s:6:\"format\";s:6:\"base64\";}s:34:\"field-_messages-0-invalid_tel-name\";a:2:{s:9:\"translate\";i:0;s:4:\"data\";s:23:\"_messages-0-invalid_tel\";}s:34:\"field-_messages-0-invalid_tel-type\";a:2:{s:9:\"translate\";i:0;s:4:\"data\";s:12:\"custom_field\";}s:15:\"field-_locale-0\";a:3:{s:9:\"translate\";i:1;s:4:\"data\";s:8:\"aXRfSVQ=\";s:6:\"format\";s:6:\"base64\";}s:20:\"field-_locale-0-name\";a:2:{s:9:\"translate\";i:0;s:4:\"data\";s:9:\"_locale-0\";}s:20:\"field-_locale-0-type\";a:2:{s:9:\"translate\";i:0;s:4:\"data\";s:12:\"custom_field\";}s:11:\"original_id\";a:2:{s:9:\"translate\";i:0;s:4:\"data\";i:1148;}s:5:\"title\";a:3:{s:9:\"translate\";i:1;s:4:\"data\";s:20:\"b3VyIGNhdGFsb2d1ZQ==\";s:6:\"format\";s:6:\"base64\";}s:4:\"body\";a:3:{s:9:\"translate\";i:1;s:4:\"data\";s:2164:\"PGRpdiBjbGFzcz0iZ2V0X3RvdWNoX3Jvd19lbWFpbF9jYXQiPg0KICAgICAgICAgICAgICAgPGxhYmVsPiBlbWFpbA0KICAgICAgICAgICAgICAgW2VtYWlsKiB5b3VyLWVtYWlsIHBsYWNlaG9sZGVyICJ5b3VyZW1haWxAZXhhbXBsZS5jb20iXTwvbGFiZWw+DQo8L2Rpdj4NCg0KPGRpdiBjbGFzcz0iZ2V0X3RvdWNoX3N1Ym1pdF9jYXQiID4NCiAgICAgICAgICAgICAgICAgICBbc3VibWl0ICJTdWJtaXQiXQ0KPC9kaXY+CjEKW19zaXRlX3RpdGxlXSAiR2V0IG91ciBjYXRvbG9ndWUiIHwgW3Byb3BlcnR5XQppbmZvQHZvbHRtb2FiaXQuY29tCltfc2l0ZV9hZG1pbl9lbWFpbF0KRnJvbTogW3lvdXJuYW1lXSBbc3VybmFtZV08W3lvdXItZW1haWxdPg0KT2JqZWN0OiAib3VyIGNhdGFsb2d1ZSIgDQoNCg0KVGhpcyBtYWlsIHdhcyBzZW50IGZyb20gW19zaXRlX3RpdGxlXSAoW19zaXRlX3VybF0pClJlcGx5LVRvOiBbeW91ci1lbWFpbF0KCgoKCltfc2l0ZV90aXRsZV0gIlt5b3VyLXN1YmplY3RdIgpbX3NpdGVfdGl0bGVdIDx3b3JkcHJlc3NAMTU5Ljg5LjMxLjc+Clt5b3VyLWVtYWlsXQpDb3JwbyBkZWwgbWVzc2FnZ2lvOg0KW3lvdXItbWVzc2FnZV0NCg0KLS0gDQpRdWVzdGEgZS1tYWlsIMOoIHN0YXRhIGludmlhdGEgZGEgdW4gbW9kdWxvIGRpIGNvbnRhdHRvIHN1IFtfc2l0ZV90aXRsZV0gKFtfc2l0ZV91cmxdKQpSZXBseS1UbzogW19zaXRlX2FkbWluX2VtYWlsXQoKCgpUaGFuayB5b3UgZm9yIHlvdXIgbWVzc2FnZS4gSXQgaGFzIGJlZW4gc2VudC4KVGhhbmsgeW91IGZvciB5b3VyIG1lc3NhZ2UuIEl0IGhhcyBiZWVuIHNlbnQuCk9uZSBvciBtb3JlIGZpZWxkcyBoYXZlIGVycm9ycy4gQ2hlY2sgYW5kIHRyeSBhZ2Fpbi4KVGhlcmUgd2FzIGFuIGVycm9yIHNlbmRpbmcgeW91ciBtZXNzYWdlLiBQbGVhc2UgdHJ5IGFnYWluIGxhdGVyLgpZb3UgbXVzdCBhZ3JlZSB0byB0aGUgdGVybXMgYW5kIGNvbmRpdGlvbnMgYmVmb3JlIHNlbmRpbmcgeW91ciBtZXNzYWdlLgpUaGUgZmllbGQgaXMgcmVxdWlyZWQuClRoZSBmaWVsZCBpcyB0b28gbG9uZy4KVGhlIGZpZWxkIGlzIHRvbyBzaG9ydC4KQW4gdW5rbm93biBlcnJvciBvY2N1cnJlZCB3aGlsZSBsb2FkaW5nIHRoZSBmaWxlLgpZb3UgYXJlIG5vdCBlbmFibGVkIHRvIHVwbG9hZCBmaWxlcyBvZiB0aGlzIHR5cGUuClRoZSBmaWxl4oCZcyB0b28gYmlnLgpBbiBlcnJvciBvY2N1cnJlZCB3aGlsZSBsb2FkaW5nIHRoZSBmaWxlLgpUaGUgZGF0ZSBmb3JtYXQgaXMgaW5jb3JyZWN0LgpUaGUgZGF0ZSBpcyBlYXJsaWVyIHRoYW4gdGhlIGZpcnN0IGRhdGUgYWxsb3dlZC4KVGhlIGRhdGUgaXMgbGF0ZXIgdGhhbiB0aGUgbGFzdCBkYXRlIGFsbG93ZWQuClRoZSBudW1lcmljYWwgZm9ybWF0IGlzIGludmFsaWQuClRoZSBudW1iZXIgaXMgbGVzcyB0aGFuIHRoZSBtaW5pbXVtIGFsbG93ZWQuClRoZSBudW1iZXIgaXMgaGlnaGVyIHRoYW4gdGhlIG1heGltdW0gYWxsb3dlZC4KVGhlIGFuc3dlciB0byB0aGUgcXVpeiBpcyBpbmNvcnJlY3QuClRoZSBlbWFpbCBhZGRyZXNzIHlvdSBlbnRlcmVkIGlzIGludmFsaWQuClRoZSBVUkwgaXMgaW52YWxpZC4KVGhlIHBob25lIG51bWJlciBpcyBpbnZhbGlkLg==\";s:6:\"format\";s:6:\"base64\";}s:7:\"excerpt\";a:3:{s:9:\"translate\";i:1;s:4:\"data\";s:0:\"\";s:6:\"format\";s:6:\"base64\";}s:4:\"t_14\";a:3:{s:9:\"translate\";i:1;s:4:\"data\";s:12:\"T3B0aW9uYWw=\";s:6:\"format\";s:6:\"base64\";}s:8:\"tdesc_14\";a:3:{s:9:\"translate\";i:1;s:4:\"data\";s:0:\"\";s:6:\"format\";s:6:\"base64\";}}s:4:\"type\";s:4:\"post\";}','2021-03-12 10:38:04',1,NULL,'61333465-3839-5039-a533-613461323837',NULL,1,NULL),